-- Table structure for table `pricing_plans`
--

CREATE TABLE IF NOT EXISTS `pricing_plans` (
  `id` int NOT NULL AUTO_INCREMENT,
  `admin_id` int NOT NULL,
  `price` int NOT NULL,
  `price_string` varchar(255) NOT NULL,
  `duration` int NOT NULL,
  `description` longtext NOT NULL,
  `features` longtext NOT NULL,
  `status` enum('0','1') NOT NULL DEFAULT '1',
  `picture` varchar(255) DEFAULT NULL,
  `created_at` datetime NOT NULL DEFAULT CURRENT_TIMESTAMP,
  `updated_at` datetime NOT NULL DEFAULT CURRENT_TIMESTAMP,
  PRIMARY KEY (`id`)
) ENGINE=InnoDB AUTO_INCREMENT=7 DEFAULT CHARSET=utf8mb4 COLLATE=utf8mb4_0900_ai_ci;

--
-- Dumping data for table `pricing_plans`
--

INSERT INTO `pricing_plans` (`id`, `admin_id`, `price`, `price_string`, `duration`, `description`, `features`, `status`, `picture`, `created_at`, `updated_at`) VALUES
(1, 1, 60, 'Annually $60', 12, 'Lorem ipsum dolor sit amet, consectetuer adipiscing elit. Aenean commodo ligula eget dolor. Aenean massa.', '{\"Unlimited\":{\"status\":true,\"screenshots\":-1,\"videos\":-1,\"message\":\"Unlimited video/screenshots\"},\"Watermark\":{\"status\":true,\"message\":\"Watermark Available\"},\"UnlimitedLength\":{\"status\":true,\"length\":-1,\"message\":\"Unlimited Video length\"},\"Gradient\":{\"status\":true,\"message\":\"Gradient Available\"},\"Resolution\":{\"status\":true,\"resolutions\":{\"360p\":true,\"480p\":true,\"720p\":true,\"1080p\":true,\"4K\":true},\"message\":\"Highest Resolutions 4K\"},\"Recovery\":{\"status\":true,\"message\":\"Recovered till 30 days \"},\"UserManagement\":{\"status\":true,\"message\":\"UserManagement Available\"},\"Integrations\":{\"status\":true,\"message\":\"Integrations Available\"},\"Download\":{\"status\":true,\"formats\":{\"videos\":{\"webm\":true,\"mp4\":true},\"screenshots\":{\"png\":true,\"jpg\":true,\"pdf\":true}},\"message\":\"Available Download Type : GIF,MP4\"}}', '1', NULL, '2023-12-18 09:57:44', '2023-12-18 09:57:44'),
(2, 1, 5, 'Monthly $5', 1, 'Lorem ipsum dolor sit amet, consectetuer adipiscing elit. Aenean commodo ligula eget dolor. Aenean massa.', '{\n    \"Unlimited\": {\n        \"status\": true,\n        \"screenshots\": -1,\n        \"videos\": -1,\n        \"message\": \"Unlimited video/screenshots\"\n    },\n    \"Watermark\": {\n        \"status\": true,\n        \"message\": \"Watermark Available\"\n    },\n    \"UnlimitedLength\": {\n        \"status\": true,\n        \"length\": -1,\n        \"message\": \"Unlimited Video length\"\n    },\n    \"Gradient\": {\n        \"status\": true,\n        \"message\": \"Gradient Available\"\n    },\n    \"Resolution\": {\n        \"status\": true,\n        \"resolutions\": {\n            \"360p\": true,\n            \"480p\": true,\n            \"720p\": true,\n            \"1080p\": true,\n            \"4K\": true\n        },\n        \"message\": \"Highest Resolutions 4K\"\n    },\n    \"Recovery\": {\n        \"status\": true,\n        \"message\": \"Recovered till 30 days \"\n    },\n    \"UserManagement\": {\n        \"status\": true,\n        \"message\": \"UserManagement Available\"\n    },\n    \"Integrations\": {\n        \"status\": true,\n        \"message\": \"Integrations Available\"\n    },\n    \"Download\": {\n        \"status\": true,\n        \"formats\": {\n            \"videos\": {\n                \"webm\": true,\n                \"mp4\": true\n            },\n            \"screenshots\": {\n                \"png\": true,\n                \"jpg\": true,\n                \"pdf\": true\n            }\n        },\n        \"message\": \"Available Download Type : GIF,MP4\"\n    }\n}', '1', NULL, '2023-12-18 09:57:44', '2023-12-18 09:57:44'),
(3, 1, 0, 'Free', 1, 'Lorem ipsum dolor sit amet, consectetuer adipiscing elit. Aenean commodo ligula eget dolor. Aenean massa.', '{\n    \"Unlimited\": {\n        \"status\": true,\n        \"screenshots\": 40,\n        \"videos\": 20,\n        \"message\": \"40 screenshots and 20 videos\"\n    },\n    \"Watermark\": {\n        \"status\": true,\n        \"message\": \"Watermark Unavailable\"\n    },\n    \"UnlimitedLength\": {\n        \"status\": false,\n        \"length\": 299,\n        \"message\": \"Up to 5 min \"\n    },\n    \"Gradient\": {\n        \"status\": false,\n        \"message\": \"Gradient Unavailable\"\n    },\n    \"Resolution\": {\n        \"status\": true,\n        \"resolutions\": {\n            \"360p\": true,\n            \"480p\": true,\n            \"720p\": true,\n            \"1080p\": true,\n            \"4K\": true\n        },\n        \"message\": \"Highest Resolutions 720p\"\n    },\n    \"Recovery\": {\n        \"status\": true,\n        \"message\": \"Cannot be recovered\"\n    },\n    \"UserManagement\": {\n        \"status\": true,\n        \"message\": \"UserManagement Unavailable\"\n    },\n    \"Integrations\": {\n        \"status\": true,\n        \"message\": \"Integrations Unavailable\"\n    },\n    \"Download\": {\n        \"status\": true,\n        \"formats\": {\n            \"videos\": {\n                \"webm\": true,\n                \"mp4\": true\n            },\n            \"screenshots\": {\n                \"png\": true,\n                \"jpg\": true,\n                \"pdf\": true\n            }\n        },\n        \"message\": \"Available Download Type : WebM\"\n    }\n}', '1', NULL, '2023-12-18 09:59:20', '2023-12-18 09:59:20');

-- --------------------------------------------------------

--
-- Table structure for table `screenshots`
--

CREATE TABLE IF NOT EXISTS `screenshots` (
  `id` int NOT NULL AUTO_INCREMENT,
  `user_id` int NOT NULL,
  `name` varchar(255) NOT NULL,
  `title` varchar(255) DEFAULT NULL,
  `summary` longtext,
  `tags` varchar(255) DEFAULT NULL,
  `path` varchar(255) NOT NULL,
  `thumbnail` varchar(255) NOT NULL,
  `file_size` varchar(255) NOT NULL,
  `is_starred` tinyint(1) NOT NULL DEFAULT '0',
  `is_trashed` tinyint(1) NOT NULL DEFAULT '0',
  `created_at` timestamp NOT NULL DEFAULT CURRENT_TIMESTAMP,
  `updated_at` timestamp NOT NULL DEFAULT CURRENT_TIMESTAMP,
  PRIMARY KEY (`id`)
) ENGINE=InnoDB AUTO_INCREMENT=319 DEFAULT CHARSET=utf8mb4 COLLATE=utf8mb4_0900_ai_ci;

--
-- Dumping data for table `screenshots`
--

INSERT INTO `screenshots` (`id`, `user_id`, `name`, `title`, `summary`, `tags`, `path`, `thumbnail`, `file_size`, `is_starred`, `is_trashed`, `created_at`, `updated_at`) VALUES
(3, 1, 'IMG_884.jpg', 'Test SS', 'gklfdg dflkg', '3,4', '/upload/screenshots/IMG_884.jpg', '/upload/screenshots/thumbnails/IMG_884.png', '67263', 0, 0, '2024-06-26 04:04:47', '2024-06-26 04:04:47'),
(4, 2, 'IMG_236_57.png', 'This is testing...', 'this is testing for summery.\r\n', '1', '/upload/screenshots/IMG_236_57.png', '/upload/screenshots/thumbnails/IMG_236_57.png', '1082828', 1, 0, '2024-06-27 10:53:43', '2024-06-27 10:53:43'),
(6, 1, 'IMG_3978.jpg', 'Screenshot', 'sdfs', '3,7', '/upload/screenshots/IMG_3978.jpg', '/upload/screenshots/thumbnails/IMG_3978.png', '450830.94128379505', 0, 0, '2024-07-02 04:30:22', '2024-07-02 04:30:22'),
(9, 6, 'IMG_7938.jpg', 'Test', 'Test', '', '/upload/screenshots/IMG_7938.jpg', '/upload/screenshots/thumbnails/IMG_7938.png', '432426.2804776912', 0, 0, '2024-07-02 10:20:26', '2024-07-02 10:20:26'),
(12, 5, '_47.jpg', 'tessssssssttttttttttttt', '', '', '/upload/screenshots/_47.jpg', '/upload/screenshots/thumbnails/_47.png', '384929.6558301543', 0, 0, '2024-07-04 05:43:16', '2024-07-04 05:43:16'),
(13, 5, '_.jpg', 'vvvvvvvvvvvvvvvvvvvv', '', '', '/upload/screenshots/_0.jpg', '/upload/screenshots/thumbnails/_0.png', '388061.5981091392', 0, 0, '2024-07-04 05:47:27', '2024-07-04 05:47:27'),
(16, 2, 'IMG_7015.png', '', '', '', '/upload/screenshots/IMG_7015.png', '/upload/screenshots/thumbnails/IMG_7015.png', '722814', 1, 0, '2024-07-05 09:44:34', '2024-07-05 09:44:34'),
(17, 6, 'IMG_3022.jpg', 'Test', 'testhgopsdm', '', '/upload/screenshots/IMG_3022.jpg', '/upload/screenshots/thumbnails/IMG_3022.png', '440132.38845579705', 0, 0, '2024-07-05 11:51:53', '2024-07-05 11:51:53'),
(18, 6, 'IMG_9903.jpg', 'File name', 'this is summary', '', '/upload/screenshots/IMG_9903.jpg', '/upload/screenshots/thumbnails/IMG_9903.png', '388536.3393597612', 0, 0, '2024-07-08 05:13:07', '2024-07-08 05:13:07'),
(19, 5, 'IMG_3871.jpg', 'test', '', '', '/upload/screenshots/IMG_3871.jpg', '/upload/screenshots/thumbnails/IMG_3871.png', '202392.76994526456', 0, 0, '2024-07-08 05:33:25', '2024-07-08 05:33:25'),
(21, 5, 'IMG_5524.jpg', 'testing', 'data', '', '/upload/screenshots/IMG_5524.jpg', '/upload/screenshots/thumbnails/IMG_5524.png', '178621.95803615858', 0, 0, '2024-07-08 06:21:18', '2024-07-08 06:21:18'),
(24, 1, 'IMG_4814.jpg', 'Video recording', 'czxcz', '10,6', '/upload/screenshots/IMG_4814.jpg', '/upload/screenshots/thumbnails/IMG_4814.png', '602766.1411511031', 0, 0, '2024-07-08 07:14:47', '2024-07-08 07:14:47'),
(27, 1, 'IMG_1335_79.png', 'fsdf', 'fsf', '', '/upload/screenshots/IMG_1335_79.png', '/upload/screenshots/thumbnails/IMG_1335_79.png', '642778', 0, 0, '2024-07-08 09:09:16', '2024-07-08 09:09:16'),
(28, 1, 'IMG_1335.jpg', 'Video recording', 'werwer', '', '/upload/screenshots/IMG_1335.jpg', '/upload/screenshots/thumbnails/IMG_1335.png', '137798.71039973464', 0, 0, '2024-07-08 09:13:16', '2024-07-08 09:13:16'),
(29, 1, 'IMG_263.jpg', 'Video recording', 'rwer', '', '/upload/screenshots/IMG_263.jpg', '/upload/screenshots/thumbnails/IMG_263.png', '643411.6420633604', 0, 0, '2024-07-08 10:58:41', '2024-07-08 10:58:41'),
(31, 6, 'IMG_7985.jpg', 'Test', 'iuroslk', '', '/upload/screenshots/IMG_7985.jpg', '/upload/screenshots/thumbnails/IMG_7985.png', '406122.01525957877', 0, 0, '2024-07-08 11:17:46', '2024-07-08 11:17:46'),
(35, 8, 'IMG_3022_75.jpg', 'test', '', '', '/upload/screenshots/IMG_3022_75.jpg', '/upload/screenshots/thumbnails/IMG_3022_75.png', '49944.579532260745', 0, 0, '2024-07-08 12:08:49', '2024-07-08 12:08:49'),
(38, 9, 'Frame 1171282795.png', '', '', '3,4', '/upload/screenshots/Frame 1171282795.png', '/upload/screenshots/thumbnails/Frame 1171282795.png', '71297', 0, 0, '2024-07-09 01:31:38', '2024-07-09 01:31:38'),
(39, 1, 'IMG_3692.jpg', 'sfsdf', '', '', '/upload/screenshots/IMG_3692.jpg', '/upload/screenshots/thumbnails/IMG_3692.png', '408977.21263891197', 0, 0, '2024-07-09 01:39:14', '2024-07-09 01:39:14'),
(40, 1, 'IMG_539.jpg', 'dsfsd', 'fsdfsd', '3', '/upload/screenshots/IMG_539.jpg', '/upload/screenshots/thumbnails/IMG_539.png', '372019.3937634766', 0, 0, '2024-07-09 03:56:19', '2024-07-09 03:56:19'),
(42, 8, 'IMG_4607.jpg', 'test', '', '11', '/upload/screenshots/IMG_4607.jpg', '/upload/screenshots/thumbnails/IMG_4607.png', '408083.9791010118', 0, 0, '2024-07-09 06:03:35', '2024-07-09 06:03:35'),
(43, 8, 'IMG_8805.jpg', 'test', 'data', '12', '/upload/screenshots/IMG_8805.jpg', '/upload/screenshots/thumbnails/IMG_8805.png', '408083.9791010118', 0, 0, '2024-07-09 06:04:30', '2024-07-09 06:04:30'),
(45, 6, 'IMG_6765.jpg', 'gefs', 'hvisdh', '', '/upload/screenshots/IMG_6765.jpg', '/upload/screenshots/thumbnails/IMG_6765.png', '512776.7996350971', 0, 0, '2024-07-09 06:05:38', '2024-07-09 06:05:38'),
(46, 8, 'IMG_9056.jpg', 'sample', 'test', '11', '/upload/screenshots/IMG_9056.jpg', '/upload/screenshots/thumbnails/IMG_9056.png', '427116.37833803287', 0, 0, '2024-07-09 06:06:11', '2024-07-09 06:06:11'),
(47, 10, 'background.png', 'Natural', 'Natural', '13', '/upload/screenshots/background.png', '/upload/screenshots/thumbnails/background.png', '187789', 0, 0, '2024-07-09 06:06:27', '2024-07-09 06:06:27'),
(48, 8, 'IMG_7540.jpg', 'test sample', '1', '11', '/upload/screenshots/IMG_7540.jpg', '/upload/screenshots/thumbnails/IMG_7540.png', '317075.40636921546', 0, 0, '2024-07-09 06:06:59', '2024-07-09 06:06:59'),
(54, 8, 'B2B.jpg', 'Recoder', '12', '12', '/upload/screenshots/B2B.jpg', '/upload/screenshots/thumbnails/B2B.png', '406610.25626140326', 0, 0, '2024-07-09 06:38:37', '2024-07-09 06:38:37'),
(60, 1, 'IMG_857.jpg', 'Video recording', 'sdf', '3', '/upload/screenshots/IMG_857.jpg', '/upload/screenshots/thumbnails/IMG_857.png', '575856.6370874109', 0, 0, '2024-07-10 04:02:09', '2024-07-10 04:02:09'),
(64, 1, 'IMG_1258.jpg', 'dsf', 'sdfsd', '4,7', '/upload/screenshots/IMG_1258.jpg', '/upload/screenshots/thumbnails/IMG_1258.png', '239625.0837618179', 0, 0, '2024-07-10 13:02:36', '2024-07-10 13:02:36'),
(65, 1, 'IMG_126.jpg', 'Video recording', 'dasda', '19', '/upload/screenshots/IMG_126.jpg', '/upload/screenshots/thumbnails/IMG_126.png', '278956.60889036325', 0, 0, '2024-07-10 13:08:41', '2024-07-10 13:08:41'),
(71, 5, 'Fullpageimage.jpg', 'test', '', '', '/upload/screenshots/Fullpageimage.jpg', '/upload/screenshots/thumbnails/Fullpageimage.png', '10361191.795488473', 0, 0, '2024-07-11 07:06:13', '2024-07-11 07:06:13'),
(75, 5, '.png', '', '', '', '/upload/screenshots/B2B_76.png', '/upload/screenshots/thumbnails/B2B_76.png', '495005', 0, 0, '2024-07-11 09:10:47', '2024-07-11 09:10:47'),
(81, 5, 'IMG_8388.jpg', 'Recoder', '', '', '/upload/screenshots/IMG_8388.jpg', '/upload/screenshots/thumbnails/IMG_8388.png', '178621.95803615858', 0, 0, '2024-07-11 10:34:44', '2024-07-11 10:34:44'),
(82, 5, '.jpg', 'test', 'c', '', '/upload/screenshots/IMG_7013.jpg', '/upload/screenshots/thumbnails/IMG_7013.png', '465925.9130867474', 1, 0, '2024-07-11 10:42:39', '2024-07-11 10:42:39'),
(83, 5, '1.jpg', 'fg', '', '', '/upload/screenshots/IMG_6035.jpg', '/upload/screenshots/thumbnails/IMG_6035.png', '139504.17896831981', 0, 0, '2024-07-11 10:56:09', '2024-07-11 10:56:09'),
(84, 1, 'IMG_4289.jpg', 'wer', 'werw', '', '/upload/screenshots/IMG_4289.jpg', '/upload/screenshots/thumbnails/IMG_4289.png', '456818.0809421132', 0, 0, '2024-07-11 11:00:39', '2024-07-11 11:00:39'),
(85, 11, 'IMG_2261.jpg', 'iuy', 'okuygfdkj', '', '/upload/screenshots/IMG_2261.jpg', '/upload/screenshots/thumbnails/IMG_2261.png', '940120.4237850391', 0, 0, '2024-07-11 11:04:18', '2024-07-11 11:04:18'),
(86, 7, 'IMG_3772.jpg', '111111111111111111', '2222222222222', '', '/upload/screenshots/IMG_3772.jpg', '/upload/screenshots/thumbnails/IMG_3772.png', '378179.78022889374', 1, 0, '2024-07-11 11:44:06', '2024-07-11 11:44:06'),
(87, 1, 'IMG_9763.jpg', 'gdfsg', 'dfg', '', '/upload/screenshots/IMG_9763.jpg', '/upload/screenshots/thumbnails/IMG_9763.png', '932938.5561452978', 0, 0, '2024-07-11 12:03:03', '2024-07-11 12:03:03'),
(95, 7, 'screenshot.jpg', 'testfiles123', '', '', '/upload/screenshots/IMG_8326.jpg', '/upload/screenshots/thumbnails/IMG_8326.png', '327141.72084922873', 0, 0, '2024-07-12 04:59:46', '2024-07-12 04:59:46'),
(100, 1, 'IMG_7294.jpg', 'null', 'null', 'null', '/upload/screenshots/IMG_7294.jpg', '/upload/screenshots/thumbnails/IMG_7294.png', '535586.8792502903', 0, 0, '2024-07-12 05:57:44', '2024-07-12 05:57:44'),
(101, 1, 'IMG_7294_12.jpg', 'null', 'null', 'null', '/upload/screenshots/IMG_7294_12.jpg', '/upload/screenshots/thumbnails/IMG_7294_12.png', '535586.8792502903', 0, 0, '2024-07-12 05:57:49', '2024-07-12 05:57:49'),
(102, 1, 'IMG_7294_22.jpg', 'null', 'null', 'null', '/upload/screenshots/IMG_7294_22.jpg', '/upload/screenshots/thumbnails/IMG_7294_22.png', '535586.8792502903', 0, 0, '2024-07-12 05:58:32', '2024-07-12 05:58:32'),
(111, 1, 'IMG_2978.jpg', 'null', 'null', 'null', '/upload/screenshots/IMG_2978.jpg', '/upload/screenshots/thumbnails/IMG_2978.png', '535604.8789185603', 0, 0, '2024-07-12 06:20:08', '2024-07-12 06:20:08'),
(112, 1, 'IMG_5559.jpg', 'fg', 'fgdgf', '3', '/upload/screenshots/IMG_5559.jpg', '/upload/screenshots/thumbnails/IMG_5559.png', '535604.8789185603', 0, 0, '2024-07-12 06:20:47', '2024-07-12 06:20:47'),
(115, 8, 'IMG_8480.jpg', 'null', 'null', 'null', '/upload/screenshots/IMG_8480.jpg', '/upload/screenshots/thumbnails/IMG_8480.png', '4190300.273677227', 0, 0, '2024-07-12 09:00:29', '2024-07-12 09:00:29'),
(116, 6, 'IMG_8368.jpg', 'test', 'null', 'null', '/upload/screenshots/IMG_8368.jpg', '/upload/screenshots/thumbnails/IMG_8368.png', '486033.7925029027', 0, 0, '2024-07-12 09:07:35', '2024-07-12 09:07:35'),
(117, 8, 'Test1207.jpg', 'MMMMMMMMMMMMMMMMMMM', 'MMMMMMMMMMMMMMMMMMM', 'null', '/upload/screenshots/Test1207.jpg', '/upload/screenshots/thumbnails/Test1207.png', '238338.1074805109', 0, 0, '2024-07-12 09:27:24', '2024-07-12 09:27:24'),
(118, 5, '1.jpg', 'null', 'null', 'null', '/upload/screenshots/IMG_9245.jpg', '/upload/screenshots/thumbnails/IMG_9245.png', '103041.35097031017', 0, 0, '2024-07-12 09:58:02', '2024-07-12 09:58:02'),
(119, 5, ' .jpg', 'null', 'null', 'null', '/upload/screenshots/IMG_9245_3.jpg', '/upload/screenshots/thumbnails/IMG_9245_3.png', '103041.35097031017', 0, 0, '2024-07-12 10:15:58', '2024-07-12 10:15:58'),
(120, 8, 'IMG_3161.jpg', 'null', 'null', 'null', '/upload/screenshots/IMG_3161.jpg', '/upload/screenshots/thumbnails/IMG_3161.png', '226240.0804445182', 0, 0, '2024-07-12 10:33:21', '2024-07-12 10:33:21'),
(121, 3, 'IMG_8717_35.jpg', 'null', 'null', 'null', '/upload/screenshots/IMG_8717_35.jpg', '/upload/screenshots/thumbnails/IMG_8717_35.png', '120746.27467241666', 0, 0, '2024-07-12 11:05:37', '2024-07-12 11:05:37'),
(122, 11, 'iuyguytg.jpg', 'hjkm', '', '', '/upload/screenshots/iuyguytg.jpg', '/upload/screenshots/thumbnails/iuyguytg.png', '536972.8537070825', 0, 0, '2024-07-15 06:10:32', '2024-07-15 06:10:32'),
(123, 3, 'IMG_2964.jpg', 'null', 'null', 'null', '/upload/screenshots/IMG_2964.jpg', '/upload/screenshots/thumbnails/IMG_2964.png', '276162.1603914414', 0, 0, '2024-07-16 06:30:07', '2024-07-16 06:30:07'),
(124, 3, 'IMG_6487.jpg', 'null', 'null', 'null', '/upload/screenshots/IMG_6487.jpg', '/upload/screenshots/thumbnails/IMG_6487.png', '298504.2486316139', 0, 0, '2024-07-17 08:42:50', '2024-07-17 08:42:50'),
(125, 3, '_28.jpg', 'null', 'null', 'null', '/upload/screenshots/_28.jpg', '/upload/screenshots/thumbnails/_28.png', '254049.56792171174', 0, 0, '2024-07-17 11:41:40', '2024-07-17 11:41:40'),
(126, 3, 'untitled-10443.jpg', 'null', 'null', 'null', '/upload/screenshots/untitled-10443.jpg', '/upload/screenshots/thumbnails/untitled-10443.png', '254148.56609719692', 0, 0, '2024-07-17 11:45:57', '2024-07-17 11:45:57'),
(127, 3, 'fgfdgdf.jpg', 'null', 'null', 'null', '/upload/screenshots/fgfdgdf.jpg', '/upload/screenshots/thumbnails/fgfdgdf.png', '285776.2332061702', 0, 0, '2024-07-17 11:47:34', '2024-07-17 11:47:34'),
(131, 3, 'IMG_633.jpg', 'null', 'null', 'null', '/upload/screenshots/IMG_633.jpg', '/upload/screenshots/thumbnails/IMG_633.png', '283294.52894344006', 0, 0, '2024-07-18 10:28:48', '2024-07-18 10:28:48'),
(132, 3, 'IMG_3471.jpg', 'null', 'null', 'null', '/upload/screenshots/IMG_3471.jpg', '/upload/screenshots/thumbnails/IMG_3471.png', '426517.88936805446', 0, 0, '2024-07-19 09:37:37', '2024-07-19 09:37:37'),
(133, 3, 'IMG_4258.jpg', 'null', 'null', 'null', '/upload/screenshots/IMG_4258.jpg', '/upload/screenshots/thumbnails/IMG_4258.png', '282957.03516337706', 0, 0, '2024-07-19 10:26:22', '2024-07-19 10:26:22'),
(138, 4, 'IMG_7318_45.jpg', '1st', 'First', '14', '/upload/screenshots/IMG_7318_45.jpg', '/upload/screenshots/thumbnails/IMG_7318_45.png', '308554.81340189086', 0, 0, '2024-07-22 07:11:22', '2024-07-22 07:11:22'),
(139, 4, 'IMG_5851.jpg', '2nd image', 'Image 2', '8', '/upload/screenshots/IMG_5851.jpg', '/upload/screenshots/thumbnails/IMG_5851.png', '4009815.3499751207', 0, 0, '2024-07-22 08:47:09', '2024-07-22 08:47:09'),
(140, 4, 'IMG_2698.jpg', 'null', 'null', 'null', '/upload/screenshots/IMG_2698.jpg', '/upload/screenshots/thumbnails/IMG_2698.png', '3671363.087576713', 0, 0, '2024-07-22 09:03:38', '2024-07-22 09:03:38'),
(141, 4, 'aaaaaaaaaaaaa.jpg', '3rd', '3rd part', 'null', '/upload/screenshots/IMG_2698_94.jpg', '/upload/screenshots/thumbnails/IMG_2698_94.png', '1392078.5942942447', 1, 0, '2024-07-22 09:05:58', '2024-07-22 09:05:58'),
(142, 4, 'IMG_7215.jpg', 'Image', 'img', '21', '/upload/screenshots/IMG_7215.jpg', '/upload/screenshots/thumbnails/IMG_7215.png', '62533.09752861172', 0, 0, '2024-07-23 10:58:48', '2024-07-23 10:58:48'),
(143, 11, 'IMG_5715.jpg', 'null', 'null', 'null', '/upload/screenshots/IMG_5715.jpg', '/upload/screenshots/thumbnails/IMG_5715.png', '1153792.2358600101', 0, 0, '2024-07-23 11:06:18', '2024-07-23 11:06:18'),
(144, 8, 'IMG_1949.jpg', 'test', 'ffff', 'null', '/upload/screenshots/IMG_1949.jpg', '/upload/screenshots/thumbnails/IMG_1949.png', '357214.6666113784', 0, 0, '2024-07-23 12:22:31', '2024-07-23 12:22:31'),
(145, 8, 'IMG_4619.jpg', 'null', 'null', 'null', '/upload/screenshots/IMG_4619.jpg', '/upload/screenshots/thumbnails/IMG_4619.png', '357214.6666113784', 0, 0, '2024-07-23 12:29:20', '2024-07-23 12:29:20'),
(146, 8, 'IMG_526.jpg', 'tygh', 'yhgvb', 'null', '/upload/screenshots/IMG_526.jpg', '/upload/screenshots/thumbnails/IMG_526.png', '231995.4743738597', 0, 0, '2024-07-23 12:30:26', '2024-07-23 12:30:26'),
(147, 8, 'IMG_4520.jpg', 'null', 'null', 'null', '/upload/screenshots/IMG_4520.jpg', '/upload/screenshots/thumbnails/IMG_4520.png', '3263702.1006800467', 0, 0, '2024-07-23 12:35:40', '2024-07-23 12:35:40'),
(148, 4, 'IMG_7553.jpg', 'Image', 'img', '14', '/upload/screenshots/IMG_7553.jpg', '/upload/screenshots/thumbnails/IMG_7553.png', '3146614.258583513', 0, 0, '2024-07-24 04:32:57', '2024-07-24 04:32:57'),
(149, 8, 'IMG_4520_34.jpg', 'null', 'null', 'null', '/upload/screenshots/IMG_4520_34.jpg', '/upload/screenshots/thumbnails/IMG_4520_34.png', '3384245.8790844255', 0, 0, '2024-07-24 09:20:05', '2024-07-24 09:20:05'),
(150, 4, 'cap-001.png', 'issue', 'bug', '3', '/upload/screenshots/cap-001.png', '/upload/screenshots/thumbnails/cap-001.png', '57157', 0, 0, '2024-07-25 09:44:18', '2024-07-25 09:44:18'),
(151, 3, 'IMG_1043.jpg', 'null', 'null', 'null', '/upload/screenshots/IMG_1043.jpg', '/upload/screenshots/thumbnails/IMG_1043.png', '291655.37485486816', 0, 0, '2024-07-29 10:23:40', '2024-07-29 10:23:40'),
(152, 3, 'IMG_2986.jpg', 'null', 'null', 'null', '/upload/screenshots/IMG_2986.jpg', '/upload/screenshots/thumbnails/IMG_2986.png', '293153.84723834804', 0, 0, '2024-07-29 11:05:19', '2024-07-29 11:05:19'),
(153, 3, 'IMG_1406.jpg', 'null', 'null', 'null', '/upload/screenshots/IMG_1406.jpg', '/upload/screenshots/thumbnails/IMG_1406.png', '291655.37485486816', 0, 0, '2024-07-29 11:12:18', '2024-07-29 11:12:18'),
(154, 3, 'IMG_9752.jpg', 'null', 'null', 'null', '/upload/screenshots/IMG_9752.jpg', '/upload/screenshots/thumbnails/IMG_9752.png', '291655.37485486816', 0, 0, '2024-07-29 11:14:49', '2024-07-29 11:14:49'),
(155, 3, 'IMG_7207.jpg', 'null', 'null', 'null', '/upload/screenshots/IMG_7207.jpg', '/upload/screenshots/thumbnails/IMG_7207.png', '289625.91225742246', 0, 0, '2024-07-29 11:17:13', '2024-07-29 11:17:13'),
(156, 3, 'IMG_6096.jpg', 'null', 'null', 'null', '/upload/screenshots/IMG_6096.jpg', '/upload/screenshots/thumbnails/IMG_6096.png', '289625.91225742246', 0, 0, '2024-07-29 11:24:00', '2024-07-29 11:24:00'),
(157, 3, 'IMG_3939.jpg', 'null', 'null', 'null', '/upload/screenshots/IMG_3939.jpg', '/upload/screenshots/thumbnails/IMG_3939.png', '290438.1472881075', 0, 0, '2024-07-29 12:43:37', '2024-07-29 12:43:37'),
(160, 3, 'IMG_7122_11.jpg', 'null', 'null', 'null', '/upload/screenshots/IMG_7122_11.jpg', '/upload/screenshots/thumbnails/IMG_7122_11.png', '294238.3272516172', 0, 0, '2024-07-30 04:10:36', '2024-07-30 04:10:36'),
(161, 3, 'IMG_7122_65.jpg', 'null', 'null', 'null', '/upload/screenshots/IMG_7122_65.jpg', '/upload/screenshots/thumbnails/IMG_7122_65.png', '309200.5515010781', 0, 0, '2024-07-30 04:10:46', '2024-07-30 04:10:46'),
(162, 4, 'cap-002.png', '', '', '', '/upload/screenshots/cap-002.png', '/upload/screenshots/thumbnails/cap-002.png', '364501', 0, 0, '2024-07-30 04:34:29', '2024-07-30 04:34:29'),
(164, 3, 'IMG_5267_65.jpg', 'null', 'null', 'null', '/upload/screenshots/IMG_5267_65.jpg', '/upload/screenshots/thumbnails/IMG_5267_65.png', '291713.87377674575', 0, 0, '2024-07-30 04:39:35', '2024-07-30 04:39:35'),
(165, 4, 'IMG_539_56.jpg', 'Custom', 'null', 'null', '/upload/screenshots/IMG_539_56.jpg', '/upload/screenshots/thumbnails/IMG_539_56.png', '654708.6838613369', 0, 0, '2024-07-30 04:39:46', '2024-07-30 04:39:46'),
(166, 4, 'IMG_539_45.jpg', 'testing', 'null', 'null', '/upload/screenshots/IMG_539_45.jpg', '/upload/screenshots/thumbnails/IMG_539_45.png', '654708.6838613369', 0, 0, '2024-07-30 04:42:11', '2024-07-30 04:42:11'),
(167, 4, 'IMG_9895.jpg', 'Custom', 'custom', 'null', '/upload/screenshots/IMG_9895.jpg', '/upload/screenshots/thumbnails/IMG_9895.png', '600644.4302537735', 0, 0, '2024-07-30 04:46:06', '2024-07-30 04:46:06'),
(168, 4, 'IMG_9895_33.jpg', 'img', 'Custom custome', 'null', '/upload/screenshots/IMG_9895_33.jpg', '/upload/screenshots/thumbnails/IMG_9895_33.png', '600644.4302537735', 0, 0, '2024-07-30 04:46:28', '2024-07-30 04:46:28'),
(169, 4, 'IMG_1809.jpg', 'video', 'custom', 'null', '/upload/screenshots/IMG_1809.jpg', '/upload/screenshots/thumbnails/IMG_1809.png', '285629.98590147623', 0, 0, '2024-07-30 04:48:05', '2024-07-30 04:48:05'),
(170, 3, 'IMG_6807.jpg', 'null', 'null', 'null', '/upload/screenshots/IMG_6807.jpg', '/upload/screenshots/thumbnails/IMG_6807.png', '292600.35743904463', 0, 0, '2024-07-30 04:52:11', '2024-07-30 04:52:11'),
(172, 3, 'IMG_9071_1.jpg', 'null', 'null', 'null', '/upload/screenshots/IMG_9071_1.jpg', '/upload/screenshots/thumbnails/IMG_9071_1.png', '460676.75982750044', 0, 0, '2024-07-30 04:55:28', '2024-07-30 04:55:28'),
(175, 3, 'IMG_9057_2.jpg', 'null', 'null', 'null', '/upload/screenshots/IMG_9057_2.jpg', '/upload/screenshots/thumbnails/IMG_9057_2.png', '463322.7110631946', 0, 0, '2024-07-30 05:45:54', '2024-07-30 05:45:54'),
(177, 4, 'IMG_6909.png', 'upload', 'uploadddddddd', '', '/upload/screenshots/IMG_6909.png', '/upload/screenshots/thumbnails/IMG_6909.png', '245349', 0, 0, '2024-07-30 06:08:04', '2024-07-30 06:08:04'),
(179, 3, 'IMG_6323_21.jpg', 'null', 'null', 'null', '/upload/screenshots/IMG_6323_21.jpg', '/upload/screenshots/thumbnails/IMG_6323_21.png', '298364.75120252115', 0, 0, '2024-07-30 06:41:27', '2024-07-30 06:41:27'),
(180, 3, 'IMG_377.jpg', 'fff', 'fds', 'null', '/upload/screenshots/IMG_377.jpg', '/upload/screenshots/thumbnails/IMG_377.png', '294688.3189583679', 0, 0, '2024-07-30 09:53:39', '2024-07-30 09:53:39'),
(183, 4, 'IMG_5857_93.png', 'sample', 'sample', '', '/upload/screenshots/IMG_5857_93.png', '/upload/screenshots/thumbnails/IMG_5857_93.png', '563524', 0, 0, '2024-07-30 11:29:02', '2024-07-30 11:29:02'),
(184, 20, 'free-photo-of-curved-mountain-road.jpeg', '', '', '', '/upload/screenshots/free-photo-of-curved-mountain-road.jpeg', '/upload/screenshots/thumbnails/free-photo-of-curved-mountain-road.png', '53432', 1, 0, '2024-07-30 12:49:49', '2024-07-30 12:49:49'),
(185, 21, 'IMG_6684.jpg', 'null', 'null', 'null', '/upload/screenshots/IMG_6684.jpg', '/upload/screenshots/thumbnails/IMG_6684.png', '292994.1001824515', 0, 0, '2024-07-31 04:11:12', '2024-07-31 04:11:12'),
(186, 4, 'IMG_6519.jpg', 'Image', 'Image', '8', '/upload/screenshots/IMG_6519.jpg', '/upload/screenshots/thumbnails/IMG_6519.png', '257366.00680046444', 0, 0, '2024-07-31 05:05:51', '2024-07-31 05:05:51'),
(187, 21, 'IMG_2415.jpg', 'null', 'null', 'null', '/upload/screenshots/IMG_2415.jpg', '/upload/screenshots/thumbnails/IMG_2415.png', '291997.3685519987', 0, 0, '2024-07-31 05:07:53', '2024-07-31 05:07:53'),
(188, 23, 'background_87.png', 'Upload ', 'Upload Upload Upload ', '', '/upload/screenshots/background_87.png', '/upload/screenshots/thumbnails/background_87.png', '187789', 0, 0, '2024-07-31 12:25:37', '2024-07-31 12:25:37'),
(189, 4, 'IMG_6084.jpg', 'null', 'null', 'null', '/upload/screenshots/IMG_6084.jpg', '/upload/screenshots/thumbnails/IMG_6084.png', '177877.22176148617', 0, 0, '2024-07-31 12:50:47', '2024-07-31 12:50:47'),
(190, 4, 'IMG_6084_62.jpg', 'null', 'null', '24', '/upload/screenshots/IMG_6084_62.jpg', '/upload/screenshots/thumbnails/IMG_6084_62.png', '175071.52346989553', 0, 0, '2024-07-31 12:52:03', '2024-07-31 12:52:03'),
(191, 25, 'IMG_382.jpg', 'null', 'null', 'null', '/upload/screenshots/IMG_382.jpg', '/upload/screenshots/thumbnails/IMG_382.png', '416159.0802786532', 0, 0, '2024-07-31 13:09:15', '2024-07-31 13:09:15'),
(192, 20, 'a-wooden-dock-with-a-mountain-in-the-background-ai-generated-photo.jpg', '', '', '', '/upload/screenshots/a-wooden-dock-with-a-mountain-in-the-background-ai-generated-photo.jpg', '/upload/screenshots/thumbnails/a-wooden-dock-with-a-mountain-in-the-background-ai-generated-photo.png', '9880', 1, 0, '2024-08-01 08:01:30', '2024-08-01 08:01:30'),
(193, 20, 'a-wooden-dock-with-a-mountain-in-the-background-ai-generated-photo_45.jpg', '', '', '', '/upload/screenshots/a-wooden-dock-with-a-mountain-in-the-background-ai-generated-photo_45.jpg', '/upload/screenshots/thumbnails/a-wooden-dock-with-a-mountain-in-the-background-ai-generated-photo_45.png', '9880', 1, 0, '2024-08-01 08:01:50', '2024-08-01 08:01:50'),
(194, 20, 'a-wooden-dock-with-a-mountain-in-the-background-ai-generated-photo_89.jpg', '', '', '', '/upload/screenshots/a-wooden-dock-with-a-mountain-in-the-background-ai-generated-photo_89.jpg', '/upload/screenshots/thumbnails/a-wooden-dock-with-a-mountain-in-the-background-ai-generated-photo_89.png', '9880', 1, 0, '2024-08-01 08:02:05', '2024-08-01 08:02:05'),
(195, 4, 'IMG_889.jpg', 'null', 'null', 'null', '/upload/screenshots/IMG_889.jpg', '/upload/screenshots/thumbnails/IMG_889.png', '325627.49875601265', 0, 0, '2024-08-02 05:39:40', '2024-08-02 05:39:40'),
(196, 4, 'IMG_5421.jpg', 'null', 'null', 'null', '/upload/screenshots/IMG_5421.jpg', '/upload/screenshots/thumbnails/IMG_5421.png', '329918.1696798806', 0, 0, '2024-08-02 05:54:33', '2024-08-02 05:54:33'),
(197, 4, 'cap-003.png', '', '', '', '/upload/screenshots/cap-003.png', '/upload/screenshots/thumbnails/cap-003.png', '86836', 0, 0, '2024-08-02 05:57:26', '2024-08-02 05:57:26'),
(198, 6, 'IMG_6019.jpg', 'null', 'null', 'null', '/upload/screenshots/IMG_6019.jpg', '/upload/screenshots/thumbnails/IMG_6019.png', '52394.784375518335', 0, 0, '2024-08-02 07:02:24', '2024-08-02 07:02:24'),
(199, 27, '1_Nature_1.png', 'sss', 'Special characters are the punctuation characters on your keyboard, such as: ! @ # $ % ^ & * ( ) - _ = + \\ | [ ] { } ; : / ? . > For example, on many keyboards, to access the Pound sign “#”, press Shift plus the number “3”.', '', '/upload/screenshots/1_Nature_1.png', '/upload/screenshots/thumbnails/1_Nature_1.png', '731291', 0, 0, '2024-08-02 07:55:47', '2024-08-02 07:55:47'),
(200, 21, 'IMG_4893.jpg', 'null', 'null', 'null', '/upload/screenshots/IMG_4893.jpg', '/upload/screenshots/thumbnails/IMG_4893.png', '330172.41499419475', 0, 0, '2024-08-02 10:41:37', '2024-08-02 10:41:37'),
(201, 35, '1_Nature_1_69.png', 'sasasas', 'sasasasasa', '', '/upload/screenshots/1_Nature_1_69.png', '/upload/screenshots/thumbnails/1_Nature_1_69.png', '731291', 0, 0, '2024-08-02 10:46:54', '2024-08-02 10:46:54'),
(202, 16, 'IMG_4918.jpg', 'null', 'null', 'null', '/upload/screenshots/IMG_4918.jpg', '/upload/screenshots/thumbnails/IMG_4918.png', '105122.56261403218', 0, 0, '2024-08-02 12:27:46', '2024-08-02 12:27:46'),
(203, 35, 'free-photo-of-curved-mountain-road_39.jpeg', 'Thisistestingforcapiostitleandsummarylinebreakingornotincardimages.', 'Thisistestingforcapiostitleandsummarylinebreakingornotincardimages.', '23', '/upload/screenshots/free-photo-of-curved-mountain-road_39.jpeg', '/upload/screenshots/thumbnails/free-photo-of-curved-mountain-road_39.png', '53432', 0, 0, '2024-08-02 12:28:11', '2024-08-02 12:28:11'),
(204, 46, 'IMG_441.jpg', 'null', 'null', 'null', '/upload/screenshots/IMG_441.jpg', '/upload/screenshots/thumbnails/IMG_441.png', '328244.20053076796', 0, 0, '2024-08-03 15:41:04', '2024-08-03 15:41:04'),
(205, 28, 'IMG_5798.jpg', 'plpl', 'eiou', 'null', '/upload/screenshots/IMG_5798.jpg', '/upload/screenshots/thumbnails/IMG_5798.png', '309427.79731298727', 0, 0, '2024-08-05 06:08:41', '2024-08-05 06:08:41'),
(206, 55, 'IMG_1226.jpg', 'null', 'null', 'null', '/upload/screenshots/IMG_1226.jpg', '/upload/screenshots/thumbnails/IMG_1226.png', '336627.5460275336', 0, 0, '2024-08-05 09:59:13', '2024-08-05 09:59:13'),
(208, 55, 'IMG_9119.jpg', 'null', 'null', 'null', '/upload/screenshots/IMG_9119.jpg', '/upload/screenshots/thumbnails/IMG_9119.png', '337725.52579200536', 0, 0, '2024-08-06 07:10:45', '2024-08-06 07:10:45'),
(209, 55, 'cartoon4.jfif', '', '', '', '/upload/screenshots/cartoon4.jfif', '/upload/screenshots/thumbnails/cartoon4.png', '10984', 0, 0, '2024-08-07 11:29:27', '2024-08-07 11:29:27'),
(210, 55, 'manali.jpg', '', '', '', '/upload/screenshots/manali.jpg', '/upload/screenshots/thumbnails/manali.png', '177781', 0, 0, '2024-08-07 11:31:09', '2024-08-07 11:31:09'),
(211, 55, 'IMG_9821 (1).png', '', '', '', '/upload/screenshots/IMG_9821 (1).png', '/upload/screenshots/thumbnails/IMG_9821 (1).png', '109228', 0, 0, '2024-08-07 11:31:40', '2024-08-07 11:31:40'),
(212, 55, '    .png', '', '', '', '/upload/screenshots/IMG_5857_6.png', '/upload/screenshots/thumbnails/IMG_5857_6.png', '563524', 0, 0, '2024-08-07 11:32:28', '2024-08-07 11:32:28'),
(213, 9, 'sample1.jfif', '', '', '', '/upload/screenshots/sample1.jfif', '/upload/screenshots/thumbnails/sample1.png', '45754', 0, 0, '2024-08-08 09:33:58', '2024-08-08 09:33:58'),
(214, 55, 'CAP-004.png', '', '', '', '/upload/screenshots/CAP-004.png', '/upload/screenshots/thumbnails/CAP-004.png', '120858', 0, 0, '2024-08-09 05:37:19', '2024-08-09 05:37:19'),
(215, 4, 'IMG_9281.jpg', 'null', 'null', 'null', '/upload/screenshots/IMG_9281.jpg', '/upload/screenshots/thumbnails/IMG_9281.png', '126224.92370210649', 0, 0, '2024-08-12 05:23:56', '2024-08-12 05:23:56'),
(216, 4, 'IMG_7714.jpg', 'null', 'null', 'null', '/upload/screenshots/IMG_7714.jpg', '/upload/screenshots/thumbnails/IMG_7714.png', '121896.00348316472', 0, 0, '2024-08-12 07:54:49', '2024-08-12 07:54:49'),
(217, 4, 'IMG_2471.jpg', 'qwertyuiopasdfghjklzxcvbnm', 'qwertyuiopasdfghjklzxcvbnmqwertyuiopasdfghjklzxcvbnmqwertyuiopasdfghjklzxcvbnmqwertyuiopasdfghjklzxcvbnmqwertyuiopasdfghjklzxcvbnmqwertyuiopasdfghjklzxcvbnmqwertyuiopasdfghjklzxcvbnmqwertyuiopasdfghjklzxcvbnmqwertyuiopasdfghjklzxcvbnmqwertyuiopasdfghjklzxcvbnmqwertyuiopasdfghjklzxcvbnmqwertyuiopasdf', 'null', '/upload/screenshots/IMG_2471.jpg', '/upload/screenshots/thumbnails/IMG_2471.png', '387080.61618842266', 0, 0, '2024-08-12 07:59:46', '2024-08-12 07:59:46'),
(218, 4, 'IMG_4987.jpg', 'qwertyuiopasdfghjklzxcvbnm', 'qwertyuiopasdfghjklzxcvbnmqwertyuiopasdfghjklzxcvbnmqwertyuiopasdfghjklzxqwertyuiopasdfghjklzxcvbnmqwertyuiopasdfghjklzxcvbnmqwertyuiopasdfghjklzxcvbnmqwertyuiopasdfghjklzxcvbnmqwertyuiopasdfghjklzxcvbnmqwertyuiopasdfghjklzxcvbnmqwertyuiopasdfghjklzxcvbnmqwertyuiopasdfghjklzxcvbnmqwertyuiopasdfghjklzxcvbnmqwertyuiopasdfghjklzxcvbnmqwertyuiopasdfghjklzxcvbnmcvbnmqwertyuiopasdfghjklzxcvbnmqwertyuiopasdfghjklzxcvbnmqwertyuiopasdfghjklzxcvbnmqwertyuiopasdfghjklzxcvbnmqwertyuiopasdfghjklzxcvbnmqwertyuiopasdfghjklzxcvbnmqwertyuiopasdfghjklzxcvbnmqwertyuiopasdfghjklzxcvbnm', 'null', '/upload/screenshots/IMG_4987.jpg', '/upload/screenshots/thumbnails/IMG_4987.png', '120737.27483828165', 0, 0, '2024-08-12 08:00:30', '2024-08-12 08:00:30'),
(219, 4, 'cartoon4 (5).jfif', '', '', '', '/upload/screenshots/cartoon4 (5).jfif', '/upload/screenshots/thumbnails/cartoon4 (5).png', '10984', 0, 0, '2024-08-12 08:01:18', '2024-08-12 08:01:18'),
(221, 55, 'cartoon4 (5)_43.jfif', '', '', '', '/upload/screenshots/cartoon4 (5)_43.jfif', '/upload/screenshots/thumbnails/cartoon4 (5)_43.png', '10984', 0, 0, '2024-08-12 09:44:32', '2024-08-12 09:44:32'),
(222, 55, 'IMG_9954.jpg', 'null', 'null', 'null', '/upload/screenshots/IMG_9954.jpg', '/upload/screenshots/thumbnails/IMG_9954.png', '184386.3517996351', 0, 0, '2024-08-13 07:06:33', '2024-08-13 07:06:33'),
(223, 55, 'IMG_448.jpg', 'null', 'null', 'null', '/upload/screenshots/IMG_448.jpg', '/upload/screenshots/thumbnails/IMG_448.png', '248669.91706750708', 0, 0, '2024-08-13 07:19:15', '2024-08-13 07:19:15'),
(224, 55, 'IMG_8450.jpg', 'null', 'null', 'null', '/upload/screenshots/IMG_8450.jpg', '/upload/screenshots/thumbnails/IMG_8450.png', '265949.59860673413', 0, 0, '2024-08-13 07:20:27', '2024-08-13 07:20:27'),
(225, 1, 'IMG_1084.jpg', 'null', 'null', 'null', '/upload/screenshots/IMG_1084.jpg', '/upload/screenshots/thumbnails/IMG_1084.png', '506962.906783878', 0, 0, '2024-08-13 08:15:37', '2024-08-13 08:15:37'),
(226, 4, 'IMG_5058.jpg', 'null', 'null', '4', '/upload/screenshots/IMG_5058.jpg', '/upload/screenshots/thumbnails/IMG_5058.png', '83921.20335047273', 0, 0, '2024-08-13 09:05:40', '2024-08-13 09:05:40'),
(227, 4, 'IMG_8850.jpg', 'null', 'null', 'null', '/upload/screenshots/IMG_8850.jpg', '/upload/screenshots/thumbnails/IMG_8850.png', '529914.7337866977', 0, 0, '2024-08-13 09:12:17', '2024-08-13 09:12:17'),
(228, 55, 'IMG_8177.png', '', '', '', '/upload/screenshots/IMG_8177.png', '/upload/screenshots/thumbnails/IMG_8177.png', '460698', 0, 0, '2024-08-14 05:27:12', '2024-08-14 05:27:12'),
(229, 55, 'IMG_4637.png', '', '', '', '/upload/screenshots/IMG_4637.png', '/upload/screenshots/thumbnails/IMG_4637.png', '198119', 0, 0, '2024-08-14 05:27:52', '2024-08-14 05:27:52'),
(230, 55, 'IMG_1584.jpg', 'null', 'null', 'null', '/upload/screenshots/IMG_1584.jpg', '/upload/screenshots/thumbnails/IMG_1584.png', '292262.86365898163', 0, 0, '2024-08-14 06:14:58', '2024-08-14 06:14:58'),
(231, 55, 'IMG_1758.jpg', 'titke', 'null', '38', '/upload/screenshots/IMG_1758.jpg', '/upload/screenshots/thumbnails/IMG_1758.png', '380357.74008956715', 0, 0, '2024-08-14 06:15:40', '2024-08-14 06:15:40'),
(232, 55, 'IMG_5033.jpg', 'null', 'null', 'null', '/upload/screenshots/IMG_5033.jpg', '/upload/screenshots/thumbnails/IMG_5033.png', '311815.00331729976', 0, 0, '2024-08-16 05:57:11', '2024-08-16 05:57:11'),
(233, 55, 'IMG_5033_27.jpg', 'null', 'null', 'null', '/upload/screenshots/IMG_5033_27.jpg', '/upload/screenshots/thumbnails/IMG_5033_27.png', '311815.00331729976', 0, 0, '2024-08-16 06:08:31', '2024-08-16 06:08:31'),
(234, 55, 'IMG_7526.jpg', 'null', 'null', '7', '/upload/screenshots/IMG_7526.jpg', '/upload/screenshots/thumbnails/IMG_7526.png', '252674.84325758833', 0, 0, '2024-08-16 06:14:30', '2024-08-16 06:14:30'),
(235, 104, 'IMG_7895.jpg', 'null', 'null', 'null', '/upload/screenshots/IMG_7895.jpg', '/upload/screenshots/thumbnails/IMG_7895.png', '325996.49195554823', 0, 0, '2024-08-19 13:22:33', '2024-08-19 13:22:33'),
(236, 108, 'IMG_1696.jpg', 'jkg', 'null', 'null', '/upload/screenshots/IMG_1696.jpg', '/upload/screenshots/thumbnails/IMG_1696.png', '12242.02438215293', 0, 0, '2024-08-19 19:55:18', '2024-08-19 19:55:18'),
(237, 4, 'cap_38.png', '', '', '', '/upload/screenshots/cap_38.png', '/upload/screenshots/thumbnails/cap_38.png', '66889', 0, 0, '2024-08-20 09:20:29', '2024-08-20 09:20:29'),
(238, 111, 'IMG_378.jpg', 'download', 'download', '59', '/upload/screenshots/IMG_378.jpg', '/upload/screenshots/thumbnails/IMG_378.png', '283654.52230884065', 0, 0, '2024-08-20 09:47:19', '2024-08-20 09:47:19'),
(239, 111, 'IMG_2998.jpg', 'null', 'null', 'null', '/upload/screenshots/IMG_2998.jpg', '/upload/screenshots/thumbnails/IMG_2998.png', '760159.7404212971', 0, 0, '2024-08-20 10:37:29', '2024-08-20 10:37:29'),
(240, 111, 'IMG_5690.jpg', 'null', 'null', 'null', '/upload/screenshots/IMG_5690.jpg', '/upload/screenshots/thumbnails/IMG_5690.png', '379617.50373196224', 0, 0, '2024-08-20 10:47:32', '2024-08-20 10:47:32'),
(241, 111, 'IMG_5690_0.jpg', 'null', 'null', 'null', '/upload/screenshots/IMG_5690_0.jpg', '/upload/screenshots/thumbnails/IMG_5690_0.png', '432592.777409189', 0, 0, '2024-08-20 10:48:14', '2024-08-20 10:48:14'),
(242, 110, 'IMG_7272.jpg', 'null', 'null', 'null', '/upload/screenshots/IMG_7272.jpg', '/upload/screenshots/thumbnails/IMG_7272.png', '865007.8080942114', 0, 0, '2024-08-20 10:48:44', '2024-08-20 10:48:44'),
(243, 4, 'IMG_6261.jpg', 'null', 'null', 'null', '/upload/screenshots/IMG_6261.jpg', '/upload/screenshots/thumbnails/IMG_6261.png', '589720.8815724001', 0, 0, '2024-08-20 11:15:32', '2024-08-20 11:15:32'),
(245, 1, 'IMG_6133.jpg', 'null', 'null', 'null', '/upload/screenshots/IMG_6133.jpg', '/upload/screenshots/thumbnails/IMG_6133.png', '406947.75004146626', 0, 0, '2024-08-21 06:22:42', '2024-08-21 06:22:42'),
(246, 5, ' .jpg', 'null', 'null', 'null', '/upload/screenshots/IMG_2262.jpg', '/upload/screenshots/thumbnails/IMG_2262.png', '518590.6924863162', 0, 0, '2024-08-21 07:12:59', '2024-08-21 07:12:59'),
(247, 7, 'IMG_1931.jpg', 'null', 'null', 'null', '/upload/screenshots/IMG_1931.jpg', '/upload/screenshots/thumbnails/IMG_1931.png', '291839.8714546359', 0, 0, '2024-08-21 09:10:13', '2024-08-21 09:10:13'),
(248, 7, 'untitled-10028.jpg', 'null', 'null', 'null', '/upload/screenshots/untitled-10028.jpg', '/upload/screenshots/thumbnails/untitled-10028.png', '125444.18809089402', 0, 0, '2024-08-21 09:12:54', '2024-08-21 09:12:54'),
(249, 113, 'untitled-13138.jpg', 'null', 'null', 'null', '/upload/screenshots/untitled-13138.jpg', '/upload/screenshots/thumbnails/untitled-13138.png', '291839.8714546359', 0, 0, '2024-08-21 09:56:29', '2024-08-21 09:56:29'),
(250, 21, 'IMG_6550.jpg', 'null', 'null', 'null', '/upload/screenshots/IMG_6550.jpg', '/upload/screenshots/thumbnails/IMG_6550.png', '633833.5685851717', 0, 0, '2024-08-22 04:45:23', '2024-08-22 04:45:23'),
(252, 5, '.jpg', 'null', 'null', 'null', '/upload/screenshots/untitled-16549.jpg', '/upload/screenshots/thumbnails/untitled-16549.png', '536261.8668104163', 1, 0, '2024-08-22 09:10:17', '2024-08-22 09:10:17'),
(253, 7, 'error image.jpg', 'null', 'null', 'null', '/upload/screenshots/IMG_7611.jpg', '/upload/screenshots/thumbnails/IMG_7611.png', '648415.5498424283', 1, 0, '2024-08-22 09:11:27', '2024-08-22 09:11:27'),
(254, 21, 'IMG_1346.jpg', 'null', 'null', 'null', '/upload/screenshots/IMG_1346.jpg', '/upload/screenshots/thumbnails/IMG_1346.png', '724743.143141483', 0, 0, '2024-08-22 09:33:52', '2024-08-22 09:33:52'),
(255, 7, 'Error profile.PNG', 'Test data', '', '', '/upload/screenshots/Error profile.PNG', '/upload/screenshots/thumbnails/Error profile.png', '29730', 0, 0, '2024-08-22 09:41:21', '2024-08-22 09:41:21'),
(256, 7, 'issue image (1).PNG', 'TESTTTTT', '', '', '/upload/screenshots/issue image (1).PNG', '/upload/screenshots/thumbnails/issue image (1).png', '50971', 0, 0, '2024-08-22 09:42:30', '2024-08-22 09:42:30'),
(259, 5, 'Upload test.png', 'title Test', 'Summary Test', '4,3', '/upload/screenshots/Upload test.png', '/upload/screenshots/thumbnails/Upload test.png', '536269', 0, 0, '2024-08-22 09:46:55', '2024-08-22 09:46:55'),
(262, 21, 'IMG_195.jpg', 'null', 'null', 'null', '/upload/screenshots/IMG_195.jpg', '/upload/screenshots/thumbnails/IMG_195.png', '626050.9620169182', 0, 0, '2024-08-22 10:28:18', '2024-08-22 10:28:18'),
(263, 113, 'IMG_4476.jpg', 'null', 'null', 'null', '/upload/screenshots/IMG_4476.jpg', '/upload/screenshots/thumbnails/IMG_4476.png', '287312.9548847239', 0, 0, '2024-08-22 10:59:27', '2024-08-22 10:59:27'),
(264, 119, 'Sangita Sah (72).jpg', '', '', '', '/upload/screenshots/Sangita Sah (72).jpg', '/upload/screenshots/thumbnails/Sangita Sah (72).png', '87534', 0, 0, '2024-08-22 17:55:22', '2024-08-22 17:55:22'),
(265, 119, 'Sangita Sah (72)_25.jpg', '', '', '', '/upload/screenshots/Sangita Sah (72)_25.jpg', '/upload/screenshots/thumbnails/Sangita Sah (72)_25.png', '87534', 0, 0, '2024-08-22 17:55:24', '2024-08-22 17:55:24'),
(266, 129, 'IMG_1671.jpg', 'null', 'null', 'null', '/upload/screenshots/IMG_1671.jpg', '/upload/screenshots/thumbnails/IMG_1671.png', '176914.23950903965', 1, 0, '2024-08-26 05:43:52', '2024-08-26 05:43:52'),
(267, 6, 'IMG_4054.jpg', 'ghj', 'fgh', 'null', '/upload/screenshots/IMG_4054.jpg', '/upload/screenshots/thumbnails/IMG_4054.png', '83525.2106485321', 0, 0, '2024-08-26 06:03:41', '2024-08-26 06:03:41'),
(268, 129, 'IMG_5981.jpg', 'sample', 'Grey-box testing is a technique to test the application with having a limited knowledge of the internal workings of an application. In software testing, the phrase the more you know, the better carries a lot of weight while testing an application.Grey-box testing is a technique to test the application with having a limited knowledge of the internal workings of an application. In software testing, the phrase the more you know, the better carries a lot of weight while testing an application.Grey-box testing is a technique to test the application with having a limited knowledge of the internal workings of an application. In software testing, the phrase the more you know, the better carries a lot of weight while testing an application.', '65', '/upload/screenshots/IMG_5981.jpg', '/upload/screenshots/thumbnails/IMG_5981.png', '343033.1779731299', 0, 0, '2024-08-26 06:08:02', '2024-08-26 06:08:02'),
(270, 129, 'IMG_3049.jpg', 'null', 'null', 'null', '/upload/screenshots/IMG_3049.jpg', '/upload/screenshots/thumbnails/IMG_3049.png', '341755.2015259579', 0, 0, '2024-08-26 06:43:09', '2024-08-26 06:43:09'),
(271, 129, 'IMG_5698.jpg', 'null', 'null', 'null', '/upload/screenshots/IMG_5698.jpg', '/upload/screenshots/thumbnails/IMG_5698.png', '430774.8109139161', 0, 0, '2024-08-26 06:44:28', '2024-08-26 06:44:28'),
(272, 129, 'IMG_3791.jpg', 'share', 'share', '68', '/upload/screenshots/IMG_3791.jpg', '/upload/screenshots/thumbnails/IMG_3791.png', '499047.55266213306', 0, 0, '2024-08-26 06:56:19', '2024-08-26 06:56:19'),
(274, 7, 'IMG_8241.jpg', 'null', 'null', 'null', '/upload/screenshots/IMG_8241.jpg', '/upload/screenshots/thumbnails/IMG_8241.png', '425714.65417150443', 0, 0, '2024-08-26 07:02:53', '2024-08-26 07:02:53'),
(275, 7, 'IMG_3062.jpg', 'Hasanthi', 'SS', 'null', '/upload/screenshots/IMG_3062.jpg', '/upload/screenshots/thumbnails/IMG_3062.png', '25503.279980096206', 1, 0, '2024-08-26 07:09:22', '2024-08-26 07:09:22'),
(276, 1, 'IMG_6468.jpg', 'null', 'null', 'null', '/upload/screenshots/IMG_6468.jpg', '/upload/screenshots/thumbnails/IMG_6468.png', '1950068.3106651187', 0, 0, '2024-08-27 10:42:05', '2024-08-27 10:42:05'),
(277, 1, 'IMG_93.jpg', 'null', 'null', 'null', '/upload/screenshots/IMG_93.jpg', '/upload/screenshots/thumbnails/IMG_93.png', '512740.80029855703', 0, 0, '2024-08-27 12:13:11', '2024-08-27 12:13:11'),
(278, 131, 'IMG_9079.jpg', 'null', 'null', 'null', '/upload/screenshots/IMG_9079.jpg', '/upload/screenshots/thumbnails/IMG_9079.png', '127430.90147619839', 0, 0, '2024-08-29 12:57:42', '2024-08-29 12:57:42'),
(279, 131, 'IMG_2263.jpg', 'null', 'null', 'null', '/upload/screenshots/IMG_2263.jpg', '/upload/screenshots/thumbnails/IMG_2263.png', '350730.28611710074', 0, 0, '2024-08-30 05:16:19', '2024-08-30 05:16:19'),
(280, 5, 'IMG_2263_78.jpg', 'null', 'null', 'null', '/upload/screenshots/IMG_2263_78.jpg', '/upload/screenshots/thumbnails/IMG_2263_78.png', '350730.28611710074', 0, 0, '2024-08-30 06:43:36', '2024-08-30 06:43:36'),
(281, 5, 'IMG_9766.jpg', 'null', 'null', 'null', '/upload/screenshots/IMG_9766.jpg', '/upload/screenshots/thumbnails/IMG_9766.png', '350730.28611710074', 0, 0, '2024-08-30 06:44:03', '2024-08-30 06:44:03'),
(282, 5, 'IMG_2171.jpg', 'null', 'null', 'null', '/upload/screenshots/IMG_2171.jpg', '/upload/screenshots/thumbnails/IMG_2171.png', '350730.28611710074', 0, 0, '2024-08-30 07:29:56', '2024-08-30 07:29:56'),
(284, 27, 'IMG_7717.jpg', 'null', 'null', 'null', '/upload/screenshots/IMG_7717.jpg', '/upload/screenshots/thumbnails/IMG_7717.png', '629095.1559130868', 0, 0, '2024-09-08 09:25:16', '2024-09-08 09:25:16'),
(285, 21, 'IMG_5447.jpg', 'null', 'null', 'null', '/upload/screenshots/IMG_5447.jpg', '/upload/screenshots/thumbnails/IMG_5447.png', '8680.340023221099', 0, 0, '2024-09-09 12:39:59', '2024-09-09 12:39:59'),
(286, 28, 'IMG_9779.jpg', 'null', 'null', 'null', '/upload/screenshots/IMG_9779.jpg', '/upload/screenshots/thumbnails/IMG_9779.png', '196929.870625311', 0, 0, '2024-09-10 07:12:49', '2024-09-10 07:12:49'),
(288, 28, 'untitled-12521.jpg', 'null', 'null', 'null', '/upload/screenshots/untitled-12521.jpg', '/upload/screenshots/thumbnails/untitled-12521.png', '32617.64886382485', 0, 0, '2024-09-10 07:36:09', '2024-09-10 07:36:09'),
(290, 28, 'untitled-12521_64.jpg', 'Test Tittle', 'null', '28,4,19,75,76', '/upload/screenshots/untitled-12521_64.jpg', '/upload/screenshots/thumbnails/untitled-12521_64.png', '9159.5811909106', 0, 0, '2024-09-10 07:48:55', '2024-09-10 07:48:55'),
(291, 28, 'IMG_8655.jpg', 'NewTag', 'null', '77', '/upload/screenshots/IMG_8655.jpg', '/upload/screenshots/thumbnails/IMG_8655.png', '372109.3921048267', 0, 0, '2024-09-10 07:52:08', '2024-09-10 07:52:08'),
(294, 55, 'cap-007.png', '007', '007', '78', '/upload/screenshots/cap-007.png', '/upload/screenshots/thumbnails/cap-007.png', '58001', 0, 0, '2024-09-10 09:33:09', '2024-09-10 09:33:09'),
(295, 6, 'IMG_346.jpg', 'null', 'null', 'null', '/upload/screenshots/IMG_346.jpg', '/upload/screenshots/thumbnails/IMG_346.png', '427800.3657322939', 0, 0, '2024-09-10 09:41:43', '2024-09-10 09:41:43'),
(296, 55, 'IMG_2405.jpg', 'null', 'null', 'null', '/upload/screenshots/IMG_2405.jpg', '/upload/screenshots/thumbnails/IMG_2405.png', '353616.98291590647', 0, 0, '2024-09-10 09:44:47', '2024-09-10 09:44:47'),
(297, 55, 'IMG_5778.jpg', 'null', 'null', 'null', '/upload/screenshots/IMG_5778.jpg', '/upload/screenshots/thumbnails/IMG_5778.png', '381300.4727152099', 0, 0, '2024-09-10 09:51:43', '2024-09-10 09:51:43'),
(299, 27, 'Number Codes.PNG', 'Capios', 'jhdsfsjdfb sakfdjda', '29,83', '/upload/screenshots/Number Codes.PNG', '/upload/screenshots/thumbnails/Number Codes.png', '34758', 0, 0, '2024-09-10 10:42:32', '2024-09-10 10:42:32'),
(301, 217, 'background_8.png', 'Test', 'Test', '', '/upload/screenshots/background_8.png', '/upload/screenshots/thumbnails/background_8.png', '187789', 0, 0, '2024-09-11 05:07:49', '2024-09-11 05:07:49'),
(302, 217, 'nature_94.png', 'Test', 'Test', '', '/upload/screenshots/nature_94.png', '/upload/screenshots/thumbnails/nature_94.png', '121265', 0, 0, '2024-09-11 05:08:03', '2024-09-11 05:08:03'),
(303, 218, 'IMG_7428.jpg', 'HubSpot Chat Code', 'null', 'null', '/upload/screenshots/IMG_7428.jpg', '/upload/screenshots/thumbnails/IMG_7428.png', '593581.8104163212', 0, 0, '2024-09-11 05:50:43', '2024-09-11 05:50:43'),
(304, 218, 'IMG_169.jpg', 'Linkedin Views', 'null', 'null', '/upload/screenshots/IMG_169.jpg', '/upload/screenshots/thumbnails/IMG_169.png', '3914552.1056559966', 0, 0, '2024-09-11 06:05:16', '2024-09-11 06:05:16'),
(305, 216, '1_Nature_1_4.png', 'asdasd', 'asdasdasdasasd asd asd asdasd adsdasf dfasd fasdf asdf dsfsdf dsf dsf sdf saf asdf asdf sdf asdf asdf asdf adsf sadf sdf sdf sadfasdfasdf asdfasdfasdf asdf sdf sfd dfsdfasdf sdf asdf adsf fsdfadsf adf asdf afsf sdf sfsdf sfsd sdf', '', '/upload/screenshots/1_Nature_1_4.png', '/upload/screenshots/thumbnails/1_Nature_1_4.png', '731291', 0, 0, '2024-09-11 09:39:52', '2024-09-11 09:39:52'),
(306, 217, 'background_81.png', 'test', 'test', '', '/upload/screenshots/background_81.png', '/upload/screenshots/thumbnails/background_81.png', '187789', 0, 0, '2024-09-11 10:15:56', '2024-09-11 10:15:56'),
(307, 222, 'cap-008.png', '', '', '', '/upload/screenshots/cap-008.png', '/upload/screenshots/thumbnails/cap-008.png', '94241', 0, 0, '2024-09-11 11:43:57', '2024-09-11 11:43:57'),
(308, 222, 'cap-009.png', '', '', '3', '/upload/screenshots/cap-009.png', '/upload/screenshots/thumbnails/cap-009.png', '136293', 0, 0, '2024-09-11 11:44:09', '2024-09-11 11:44:09'),
(309, 7, 'IMG_3747.jpg', 'null', 'null', 'null', '/upload/screenshots/IMG_3747.jpg', '/upload/screenshots/thumbnails/IMG_3747.png', '1306350.6742411677', 0, 0, '2024-09-11 12:39:01', '2024-09-11 12:39:01'),
(310, 7, 'IMG_7036.jpg', 'null', 'null', 'null', '/upload/screenshots/IMG_7036.jpg', '/upload/screenshots/thumbnails/IMG_7036.png', '419021.0275335877', 0, 0, '2024-09-11 12:40:21', '2024-09-11 12:40:21'),
(311, 21, 'IMG_1884.jpg', 'null', 'null', 'null', '/upload/screenshots/IMG_1884.jpg', '/upload/screenshots/thumbnails/IMG_1884.png', '291529.377176978', 0, 0, '2024-09-12 04:15:39', '2024-09-12 04:15:39'),
(312, 55, 'cap-010.png', '', '', '', '/upload/screenshots/cap-010.png', '/upload/screenshots/thumbnails/cap-010.png', '52740', 0, 0, '2024-09-12 06:31:30', '2024-09-12 06:31:30'),
(313, 55, 'cap-011_91.png', '', '', '', '/upload/screenshots/cap-011_91.png', '/upload/screenshots/thumbnails/cap-011_91.png', '125187', 0, 0, '2024-09-12 06:34:49', '2024-09-12 06:34:49'),
(314, 55, 'IMG_4231.jpg', 'null', 'null', 'null', '/upload/screenshots/IMG_4231.jpg', '/upload/screenshots/thumbnails/IMG_4231.png', '182208.3919389617', 0, 0, '2024-09-12 06:36:48', '2024-09-12 06:36:48'),
(315, 55, 'IMG_4900.jpg', 'null', 'null', 'null', '/upload/screenshots/IMG_4900.jpg', '/upload/screenshots/thumbnails/IMG_4900.png', '182208.3919389617', 0, 0, '2024-09-12 07:17:53', '2024-09-12 07:17:53'),
(316, 55, 'IMG_4930.jpg', 'aaaa', 'aaaa', '35', '/upload/screenshots/IMG_4930.jpg', '/upload/screenshots/thumbnails/IMG_4930.png', '472813.03615856695', 0, 0, '2024-09-12 07:31:11', '2024-09-12 07:31:11'),
(317, 55, 'IMG_1578.jpg', 'null', 'null', 'null', '/upload/screenshots/IMG_1578.jpg', '/upload/screenshots/thumbnails/IMG_1578.png', '211372.3544534749', 0, 0, '2024-09-13 06:20:23', '2024-09-13 06:20:23'),
(318, 9, 'IMG_7337.jpg', 'null', 'null', 'null', '/upload/screenshots/IMG_7337.jpg', '/upload/screenshots/thumbnails/IMG_7337.png', '507201.40238845587', 0, 0, '2024-09-18 10:15:54', '2024-09-18 10:15:54');

-- --------------------------------------------------------

--
-- Table structure for table `tags`
--

CREATE TABLE IF NOT EXISTS `tags` (
  `id` int NOT NULL AUTO_INCREMENT,
  `name` varchar(255) NOT NULL,
  `user_id` int DEFAULT NULL,
  `status` enum('0','1') NOT NULL DEFAULT '1',
  `created_at` timestamp NOT NULL DEFAULT CURRENT_TIMESTAMP,
  `updated_at` timestamp NOT NULL DEFAULT CURRENT_TIMESTAMP,
  PRIMARY KEY (`id`)
) ENGINE=InnoDB AUTO_INCREMENT=91 DEFAULT CHARSET=utf8mb3;

--
-- Dumping data for table `tags`
--

INSERT INTO `tags` (`id`, `name`, `user_id`, `status`, `created_at`, `updated_at`) VALUES
(1, 'Dog', 2, '1', '2024-06-24 05:40:28', '2024-06-24 05:40:28'),
(2, 'ree', 1, '1', '2024-06-24 06:42:27', '2024-06-24 06:42:27'),
(3, 'Screenshot', 1, '1', '2024-06-26 03:36:23', '2024-06-26 03:36:23'),
(4, 'Backend', 1, '1', '2024-06-26 03:36:30', '2024-06-26 03:36:30'),
(5, 'video', 2, '1', '2024-06-27 10:55:15', '2024-06-27 10:55:15'),
(6, 'Recording', 1, '1', '2024-06-30 09:21:13', '2024-06-30 09:21:13'),
(7, 'Frontend', 1, '1', '2024-07-02 04:30:17', '2024-07-02 04:30:17'),
(8, 'sample', 27, '1', '2024-07-08 06:13:31', '2024-07-08 06:13:31'),
(9, 'test', 4, '1', '2024-07-08 06:42:04', '2024-07-08 06:42:04'),
(10, 'newTag', 1, '1', '2024-07-08 07:13:49', '2024-07-08 07:13:49'),
(11, 'Testing', 8, '1', '2024-07-09 06:03:25', '2024-07-09 06:03:25'),
(12, 'Testing content', 8, '1', '2024-07-09 06:04:26', '2024-07-09 06:04:26'),
(13, 'Natural', 10, '1', '2024-07-09 06:06:24', '2024-07-09 06:06:24'),
(14, 'testing data', 4, '1', '2024-07-09 06:10:21', '2024-07-09 06:10:21'),
(15, 'Watermark', 6, '1', '2024-07-09 06:39:00', '2024-07-09 06:39:00'),
(16, 'newcustomtag', 1, '1', '2024-07-09 08:50:22', '2024-07-09 08:50:22'),
(18, 'video data', 4, '1', '2024-07-09 09:12:07', '2024-07-09 09:12:07'),
(20, 'video tag', 4, '1', '2024-07-11 08:53:09', '2024-07-11 08:53:09'),
(21, 'pic', 4, '1', '2024-07-23 10:58:45', '2024-07-23 10:58:45'),
(22, 'wekjwefkhewfh uwi uwefw fiuew hfuiwe jhjewknjwn kjiweuewhiuhwj ndjkwnuwefhw fhwfnwhfuiwi', 4, '1', '2024-08-02 05:47:54', '2024-08-02 05:47:54'),
(24, 'kkkkkkkkkkkkkkkkkkkkkkkkkkkkkkkkkkkkkkkkkkkkkhhhhhhhhhhhhhhhhhhhhhhhhhhhhhhhhhhhhhhhhhhhhhhhhhhhhhhhhhhhhhhhhhhhhhhhhhhhhhhhhhhhhh', 4, '1', '2024-08-02 05:52:46', '2024-08-02 05:52:46'),
(25, 'kkkkkkkkkhweiiiiiiiiiiiiiiiiiiiiiiiQQQQQQQQQQQQQQQQQQQQQQQQQQQQQQQQQQQQQQQQQQQQQQQQQQQQQQQQQQQZZZZZZZZZZZZZZZZZZZZZZZZZZZZZZZZZZZZZZ', 4, '1', '2024-08-02 05:56:11', '2024-08-02 05:56:11'),
(26, 'kkkkkkkkkhweiiiiiiiiiiiiiiiiiiiiiiiQQQQQQQQQQQQQQQQQQQQQQQQQQQQQQQQQQQQQQQQQQQQQQQQQQQQQQQQQQQZZZZZZZZZZZZZZZZZZZZZZZZZZZZZZZZZZZZZZ', 4, '1', '2024-08-02 05:56:12', '2024-08-02 05:56:12'),
(27, 'asdfffffffffffffffffasdfasdfasdfasfasfadfasdfasdfasdfsfsdfsdfsfsfsadfsdfsdfsadfasfafasdfasdfasdfasdfsdfasdfasdfasdfasdfsadfsfasdasdfsdfsdfsdfsdfafasfsfsaf', 20, '1', '2024-08-02 06:33:13', '2024-08-02 06:33:13'),
(28, 'upuweby@mailto.plusupuweby@mailto.plusupuweby@mailto.plusupuweby@mailto.plusupuweby@mailto.plusupuweby@mailto.plusupuweby@mailto.plusupuweby@mailto.plus', 28, '1', '2024-08-02 07:17:43', '2024-08-02 07:17:43'),
(29, 'video', 27, '1', '2024-08-02 07:56:03', '2024-08-02 07:56:03'),
(30, 'hjkhfjkhdsjkfhdjskhfjkdhsjkfhsdjkhfjksdafjhdjskhfjksdahjkfhdsjkafhjkdsahfjkhdsajfhdjskhfkjdshfjkhasjkfhdsjkhfjksdhfjashfjksdhfjkhsdjkfhjdskhfjkhdsjkfhdsjkfhsdjkhfjk', 21, '1', '2024-08-02 10:44:37', '2024-08-02 10:44:37'),
(31, 'dsfdsafsfdsfdsfdsfdsfjasdfkljdskjfkjsdklfjkjdfkljklsjfkjdsklfjksdljafkldsjafklajklfdjklsfjklasdjfkljsdaklfjklsdjfkljsfklsdjkfljsdklfjkldsjfklsdjfkldsjlkfjsdkljflk', 21, '1', '2024-08-02 10:48:07', '2024-08-02 10:48:07'),
(33, 'qwerty', 4, '1', '2024-08-12 07:52:37', '2024-08-12 07:52:37'),
(34, 'dev', 4, '1', '2024-08-12 07:53:23', '2024-08-12 07:53:23'),
(35, 'pen', 55, '1', '2024-08-13 07:18:51', '2024-08-13 07:18:51'),
(36, 'uqewgtuibwqeiotjijtweiryutyrewtuwergtuewrgtuiewryuitgeruwiitrtguigehruigtuiewritwehrituhweurihtuierwhtuiwheruithiuwerhtuihwertwertwertwer', 1, '1', '2024-08-13 08:12:02', '2024-08-13 08:12:02'),
(37, 'data', 55, '1', '2024-08-14 06:14:51', '2024-08-14 06:14:51'),
(38, 'desk', 55, '1', '2024-08-14 06:15:27', '2024-08-14 06:15:27'),
(39, 'dsfs', 21, '1', '2024-08-14 10:43:16', '2024-08-14 10:43:16'),
(40, 'dsfss', 21, '1', '2024-08-14 10:48:43', '2024-08-14 10:48:43'),
(41, 'dsfssd', 21, '1', '2024-08-14 10:51:26', '2024-08-14 10:51:26'),
(42, 'dsfsdfs', 21, '1', '2024-08-14 10:51:35', '2024-08-14 10:51:35'),
(43, 'fdsfdsf', 21, '1', '2024-08-14 10:51:42', '2024-08-14 10:51:42'),
(44, 'fsfsdf', 21, '1', '2024-08-14 10:51:44', '2024-08-14 10:51:44'),
(45, 'gdfgdf', 21, '1', '2024-08-14 10:51:47', '2024-08-14 10:51:47'),
(46, 'dsfsgfd', 21, '1', '2024-08-14 11:33:52', '2024-08-14 11:33:52'),
(47, 'gdgdsg', 21, '1', '2024-08-14 11:33:55', '2024-08-14 11:33:55'),
(48, 'dgdgdf', 21, '1', '2024-08-14 11:33:57', '2024-08-14 11:33:57'),
(49, 'sgdgdf', 21, '1', '2024-08-14 11:33:58', '2024-08-14 11:33:58'),
(50, 'sfdgsdgdgdfg', 21, '1', '2024-08-14 11:34:00', '2024-08-14 11:34:00'),
(51, 'sgdfgdgd', 21, '1', '2024-08-14 11:34:03', '2024-08-14 11:34:03'),
(52, 'dsfsfdsfd', 21, '1', '2024-08-14 11:35:05', '2024-08-14 11:35:05'),
(53, 'sravan', 55, '1', '2024-08-16 06:06:55', '2024-08-16 06:06:55'),
(54, 'qwertyqwertyqwertyqwertyqwertyqwertyqwertyqwertyqwertyqwertyqwertyqwertyqwertyqwertyqwertyqwertyqwertyqwertyqwertyqwertyqwertyqwertyqwertyqwertyqwertyqwertyqwertyqwertyqwertyqwertyqwertyqwertyqwertyqwertyqwertyqwertyqwertyqwertyqwertyqwertyqwertyqwertyqwe', 55, '1', '2024-08-16 06:13:15', '2024-08-16 06:13:15'),
(55, '', 55, '1', '2024-08-16 06:28:38', '2024-08-16 06:28:38'),
(56, 'capiostesting@mailto.pluscapiostesting@mailto.pluscapiostesting@mailto.pluscapiostesting@mailto.pluscapiostesting@mailto.pluscapiostesting@mailto.pluscapiostesting@mailto.pluscapiostesting@mailto.pluscapiostesting@mailto.pluscapiostesting@mailto.pluscapio', 55, '1', '2024-08-16 06:29:06', '2024-08-16 06:29:06'),
(57, 'wrea', 96, '1', '2024-08-16 09:09:32', '2024-08-16 09:09:32'),
(58, 'qwertyuiopasdfghjklzxcvbnmqwertyuiopasdfghjklzxcvbnmqwertyuiopasdfghjklzxcvbnmqwertyuiopasdfghjklzxcvbnmqwertyuiopasdfghjklzxcvbnmqwertyuiopasdfghjklzxcvbnmqwertyuiopasdfghjklzxcvbnmqwertyuiopasdfghjklzxcvbnmqwertyuiopasdfghjklzxcvbnmqwertyuiopasdfghjklzx', 111, '1', '2024-08-20 06:56:21', '2024-08-20 06:56:21'),
(59, 'download', 111, '1', '2024-08-20 09:47:15', '2024-08-20 09:47:15'),
(60, 'video new tab', 111, '1', '2024-08-20 09:53:13', '2024-08-20 09:53:13'),
(61, 'video', 111, '1', '2024-08-20 09:54:52', '2024-08-20 09:54:52'),
(62, '', 5, '1', '2024-08-22 09:46:47', '2024-08-22 09:46:47'),
(63, 'Hasan', 7, '1', '2024-08-22 09:47:44', '2024-08-22 09:47:44'),
(64, '', 129, '1', '2024-08-26 06:34:34', '2024-08-26 06:34:34'),
(65, 'sample', 129, '1', '2024-08-26 06:34:46', '2024-08-26 06:34:46'),
(66, 'White-box testing is the detailed investigation of internal logic and structure of the code. White-box testing is also called glass testing or open-box testing. In order to perform white-box testing on an application, a tester needs to know the internal w', 129, '1', '2024-08-26 06:42:04', '2024-08-26 06:42:04'),
(67, 'qQQQQQQQQQQQQQQQQQQQQQQQQQQQQQQQQQQQQQQQQQQQQQQQQQQQQQQQQQQQQQQQQQQQQQQQQQQQQQQQQQQQQQQQQQQQQQQQQQQQQQQQQQQQQQQQQQQQQQQQQQQQQQQQQQQQQQQQQQQQQQQQQQQQQQQQQQQQQQQQQQQQQQQQQQQQQQQQQQQQQQQQQQQQQQQQQQQQQQQQQQQQQQQQQQQQQQQQQQQQQQQQQQQQQQQQQQQQQQQQQ', 129, '1', '2024-08-26 06:42:28', '2024-08-26 06:42:28'),
(68, 'share', 129, '1', '2024-08-26 06:56:15', '2024-08-26 06:56:15'),
(69, 'home', 146, '1', '2024-08-29 16:19:17', '2024-08-29 16:19:17'),
(70, 'hasanthi', 7, '1', '2024-08-30 05:18:56', '2024-08-30 05:18:56'),
(71, 'zfdgfdsfsa', 5, '1', '2024-08-30 07:15:40', '2024-08-30 07:15:40'),
(73, '1st', 55, '1', '2024-09-10 06:46:50', '2024-09-10 06:46:50'),
(74, 'test', 55, '1', '2024-09-10 07:35:34', '2024-09-10 07:35:34'),
(75, '', 28, '1', '2024-09-10 07:50:01', '2024-09-10 07:50:01'),
(76, 'Newtesttag1009', 28, '1', '2024-09-10 07:50:17', '2024-09-10 07:50:17'),
(77, 'NaveenTag', 28, '1', '2024-09-10 07:51:44', '2024-09-10 07:51:44'),
(78, 'qqq', 55, '1', '2024-09-10 09:28:57', '2024-09-10 09:28:57'),
(79, 'NaveenTag', 55, '1', '2024-09-10 09:37:54', '2024-09-10 09:37:54'),
(80, 'naveen', 6, '1', '2024-09-10 09:40:24', '2024-09-10 09:40:24'),
(81, 'test', 6, '1', '2024-09-10 09:41:05', '2024-09-10 09:41:05'),
(82, 'naveen1', 6, '1', '2024-09-10 09:41:30', '2024-09-10 09:41:30'),
(83, 'Screenshot', 27, '1', '2024-09-10 10:42:29', '2024-09-10 10:42:29'),
(84, '123', 7, '1', '2024-09-11 12:35:36', '2024-09-11 12:35:36'),
(85, 'screen', 7, '1', '2024-09-11 12:35:41', '2024-09-11 12:35:41'),
(86, 'sample', 7, '1', '2024-09-11 12:35:50', '2024-09-11 12:35:50'),
(87, 'data', 7, '1', '2024-09-11 12:35:54', '2024-09-11 12:35:54'),
(88, 'queen', 7, '1', '2024-09-11 12:36:13', '2024-09-11 12:36:13'),
(89, 'logoff', 7, '1', '2024-09-11 12:36:28', '2024-09-11 12:36:28'),
(90, '', 106, '1', '2024-09-11 18:49:36', '2024-09-11 18:49:36');

-- --------------------------------------------------------

--
-- Table structure for table `videos`
--

CREATE TABLE IF NOT EXISTS `videos` (
  `id` int NOT NULL AUTO_INCREMENT,
  `user_id` int NOT NULL,
  `name` varchar(255) NOT NULL,
  `title` varchar(255) DEFAULT NULL,
  `summary` longtext,
  `tags` varchar(255) DEFAULT NULL,
  `path` varchar(255) NOT NULL,
  `modified_path` varchar(255) NOT NULL,
  `thumbnail` varchar(255) NOT NULL,
  `transcript` longtext,
  `file_size` varchar(255) NOT NULL,
  `file_duration` varchar(255) NOT NULL,
  `is_starred` tinyint(1) NOT NULL DEFAULT '0',
  `is_trashed` tinyint(1) NOT NULL DEFAULT '0',
  `json_data` longtext CHARACTER SET utf8mb4 COLLATE utf8mb4_bin,
  `created_at` timestamp NOT NULL DEFAULT CURRENT_TIMESTAMP,
  `updated_at` timestamp NOT NULL DEFAULT CURRENT_TIMESTAMP,
  `is_ready` int DEFAULT '1',
  PRIMARY KEY (`id`)
) ENGINE=InnoDB AUTO_INCREMENT=322 DEFAULT CHARSET=utf8mb4 COLLATE=utf8mb4_0900_ai_ci;

--
-- Dumping data for table `videos`
--

INSERT INTO `videos` (`id`, `user_id`, `name`, `title`, `summary`, `tags`, `path`, `modified_path`, `thumbnail`, `transcript`, `file_size`, `file_duration`, `is_starred`, `is_trashed`, `json_data`, `created_at`, `updated_at`, `is_ready`) VALUES
(6, 1, 'recording-blob-1719894780289.mp4', 'Video recording', 'wq', '6,7', '/upload/videos/recording-blob-1719894780289.mp4', '/upload/videos/output_1719897713066.mp4', '/upload/videos/thumbnails/recording-blob-1719894780289.png', NULL, '576549', '00:32', 0, 0, '{\"blur_points\":[{\"data\":{\"val\":\"\",\"w\":182,\"h\":264,\"x\":4,\"y\":152,\"intensity\":9},\"points\":{\"start\":0,\"end\":10}}],\"text_points\":[],\"image_points\":[{\"data\":{\"val\":\"public%2Fupload%2Fvideos%2Fimages%2Fbg_files-IMG_1968-1719897679264.png\",\"w\":400,\"h\":255,\"x\":797,\"y\":0,\"opacity\":\"1\",\"shadow\":\"none\"},\"points\":{\"start\":0,\"end\":10}}],\"video_points\":[{\"data\":{\"val\":\"public%2Fupload%2Fvideos%2Fbg_files-RecordedVideo%20(1)-1719897679791.webm\",\"w\":683,\"h\":297,\"x\":513,\"y\":416,\"opacity\":\"1\"},\"points\":{\"start\":0,\"end\":10}}],\"crop_points\":[],\"bgMusic_points\":[{\"data\":{\"val\":\"public%2Fupload%2Fvideos%2Faudios%2Fbg_files-1719894476720-1719897679052.mp3\"},\"points\":{\"start\":0,\"end\":10}}],\"video_speed\":\"1.0\",\"video_dimension\":{\"width\":1218,\"height\":720},\"insert_points\":[{\"data\":{\"val\":\"public%2Fupload%2Fvideos%2Fimages%2Fbg_files-IMG_1968%20(1)-1719897679976.png\"},\"points\":{\"type\":\"start\",\"length\":\"10\"}},{\"data\":{\"val\":\"public%2Fupload%2Fvideos%2Fimages%2Fbg_files-IMG_418%20(1)-1719897680014.png\"},\"points\":{\"start\":2,\"end\":8}},{\"data\":{\"val\":\"public%2Fupload%2Fvideos%2Fimages%2Fbg_files-IMG_3978-1719897680181.png\"},\"points\":{\"type\":\"end\",\"length\":\"12\"}}],\"transcript\":false,\"video_effects\":\"zoom-lens\",\"waterMark\":[{\"image_videos\":\"public%2Fupload%2Fvideos%2Fimages%2Fbg_files-quix-reset-icon-1719897680431.png\",\"text_videos\":\"{\"font-size\":\"36\",\"font-color\":\"#000000\",\"text\":\"\"}\",\"videos_transparency\":\"0.8\",\"position_videos\":\"{\"position\":\"C\",\"x\":\"0\",\"y\":\"0\"}\",\"type\":\"custom\"}]}', '2024-07-02 04:33:04', '2024-07-02 04:33:04', 1),
(14, 6, 'recording-blob-1720181090547.mp4', 'test', 'test', '', '/upload/videos/recording-blob-1720181090547.mp4', '/upload/videos/recording-blob-1720181090547.mp4', '/upload/videos/thumbnails/recording-blob-1720181090547.png', NULL, '1635933', '00:08', 0, 0, NULL, '2024-07-05 12:04:53', '2024-07-05 12:04:53', 1),
(15, 6, 'recording-blob-1720412074333.mp4', 'test', 'test summary', '', '/upload/videos/recording-blob-1720412074333.mp4', '/upload/videos/recording-blob-1720412074333.mp4', '/upload/videos/thumbnails/recording-blob-1720412074333.png', NULL, '5553728', '00:20', 0, 0, NULL, '2024-07-08 04:14:39', '2024-07-08 04:14:39', 1),
(31, 1, 'recording-recording-blob-1719648455597 (1)-1720438429367.mp4', 'Video Recording', '', '6,4', '/upload/videos/recording-recording-blob-1719648455597 (1)-1720438429367.mp4', '/upload/videos/output_1720440270252_recording-recording-blob-1719648455597 (1)-1720438429367.mp4', '/upload/videos/thumbnails/recording-recording-blob-1719648455597 (1)-1720438429367.png', NULL, '785499', '00:11', 0, 0, '{\"blur_points\":[],\"text_points\":[{\"data\":{\"val\":\"dgsdlgdmf  dfgdfgd\",\"w\":268,\"h\":126,\"x\":142,\"y\":142,\"fontSize\":27,\"fontColor\":\"#ff0000\",\"fontAlign\":\"start\",\"fontStyle\":false,\"fontWeight\":false},\"points\":{\"start\":0,\"end\":10}}],\"image_points\":[{\"data\":{\"val\":\"public%2Fupload%2Fvideos%2Fimages%2Fbg_files-IMG_1335-1720440269207.png\",\"w\":422,\"h\":197,\"x\":0,\"y\":370,\"opacity\":\"1\",\"shadow\":\"none\"},\"points\":{\"start\":0,\"end\":10}}],\"video_points\":[{\"data\":{\"val\":\"public%2Fupload%2Fvideos%2Fbg_files-recording-blob-1719648455597%20(2)-1720440269984.mp4\",\"w\":591,\"h\":256,\"x\":670,\"y\":311,\"opacity\":\"1\"},\"points\":{\"start\":0,\"end\":0}}],\"crop_points\":[],\"bgMusic_points\":[],\"video_speed\":\"1.0\",\"video_dimension\":{\"width\":1280,\"height\":572},\"insert_points\":[],\"transcript\":false,\"video_effects\":\"zoom-lens\",\"waterMark\":[{\"image_videos\":\"public%2Fupload%2Fvideos%2Fimages%2Fbg_files-quix-ve-fast-backward-icon-1720440270239.png\",\"text_videos\":\"{\"font-size\":\"12\",\"font-color\":\"#000000\",\"text\":\"\"}\",\"videos_transparency\":\"0.5\",\"position_videos\":\"{\"position\":\"C\",\"x\":\"0\",\"y\":\"0\"}\",\"type\":\"custom\"}]}', '2024-07-08 11:33:50', '2024-07-08 11:33:50', 1),
(32, 6, 'recording-blob-1720438959375.mp4', 'test', 'test', '', '/upload/videos/recording-blob-1720438959375.mp4', '/upload/videos/recording-blob-1720438959375.mp4', '/upload/videos/thumbnails/recording-blob-1720438959375.png', NULL, '2192324', '00:17', 0, 0, NULL, '2024-07-08 11:42:42', '2024-07-08 11:42:42', 1),
(37, 6, 'recording-blob-1720507147708.mp4', 'Video Testing', 'Video Summary', '15', '/upload/videos/recording-blob-1720507147708.mp4', '/upload/videos/recording-blob-1720507147708.mp4', '/upload/videos/thumbnails/recording-blob-1720507147708.png', NULL, '8192361', '00:52', 0, 0, NULL, '2024-07-09 06:39:17', '2024-07-09 06:39:17', 1),
(39, 1, 'recording-blob-1720511883836.mp4', 'Video recording', 'sdacqsd asdq', '6,4', '/upload/videos/recording-blob-1720511883836.mp4', '/upload/videos/output_1720512200716_recording-blob-1720511883836.mp4', '/upload/videos/thumbnails/recording-blob-1720511883836.png', NULL, '6432113', '00:25', 0, 0, '{\"blur_points\":[{\"data\":{\"val\":\"\",\"w\":274,\"h\":198,\"x\":48,\"y\":279,\"intensity\":9},\"points\":{\"start\":0,\"end\":24}}],\"text_points\":[{\"data\":{\"val\":\"xsd sdfsfdsd\",\"w\":316,\"h\":76,\"x\":425,\"y\":284,\"fontSize\":34,\"fontColor\":\"#ff0000\",\"fontAlign\":\"start\",\"fontStyle\":false,\"fontWeight\":true},\"points\":{\"start\":0,\"end\":24}}],\"image_points\":[{\"data\":{\"val\":\"public%2Fupload%2Fvideos%2Fimages%2Fbg_files-IMG_3978%20(2)-1720512198138.png\",\"w\":360,\"h\":224,\"x\":0,\"y\":0,\"opacity\":\"1\",\"shadow\":\"none\"},\"points\":{\"start\":0,\"end\":24}}],\"video_points\":[{\"data\":{\"val\":\"public%2Fupload%2Fvideos%2Fbg_files-recording-recording-blob-1719648455597%20(1)-1720438429367-1720512199548.mp4\",\"w\":504,\"h\":219,\"x\":362,\"y\":0,\"opacity\":\"1\"},\"points\":{\"start\":0,\"end\":24}}],\"crop_points\":[],\"bgMusic_points\":[],\"video_speed\":\"1.0\",\"video_dimension\":{\"width\":1054,\"height\":720},\"insert_points\":[{\"data\":{\"val\":\"public%2Fupload%2Fvideos%2Fimages%2Fbg_files-IMG_1335-1720512199889.png\"},\"points\":{\"type\":\"start\",\"length\":\"5\"}},{\"data\":{\"val\":\"public%2Fupload%2Fvideos%2Fimages%2Fbg_files-IMG_884-1720512200522.jpg\"},\"points\":{\"start\":3,\"end\":7}},{\"data\":{\"val\":\"public%2Fupload%2Fvideos%2Fimages%2Fbg_files-IMG_6179-1720512200584.jpg\"},\"points\":{\"type\":\"end\",\"length\":\"5\"}}],\"transcript\":false,\"video_effects\":\"zoom-lens\",\"waterMark\":[{\"image_videos\":\"public%2Fupload%2Fvideos%2Fimages%2Fbg_files-quix-reset-icon-1720512200706.png\",\"text_videos\":\"{\"font-size\":\"12\",\"font-color\":\"#000000\",\"text\":\"\"}\",\"videos_transparency\":\"0.5\",\"position_videos\":\"{\"position\":\"C\",\"x\":\"0\",\"y\":\"0\"}\",\"type\":\"custom\"}]}', '2024-07-09 07:58:10', '2024-07-09 07:58:10', 1),
(40, 8, 'recording-blob-1720515719610.mp4', 'test', '', '11', '/upload/videos/recording-blob-1720515719610.mp4', '/upload/videos/recording-blob-1720515719610.mp4', '/upload/videos/thumbnails/recording-blob-1720515719610.png', NULL, '2317172', '00:14', 0, 0, NULL, '2024-07-09 09:02:05', '2024-07-09 09:02:05', 1),
(41, 1, 'recording-blob-1720516320327.mp4', 'Video recording', 'asdas', '3', '/upload/videos/recording-blob-1720516320327.mp4', '/upload/videos/output_1720583896706_recording-blob-1720516320327.mp4', '/upload/videos/thumbnails/recording-blob-1720516320327.png', NULL, '396057', '00:07', 0, 0, '{\"blur_points\":[],\"text_points\":[{\"data\":{\"val\":\"fsdfs dfsdfsd\",\"w\":221,\"h\":103,\"x\":117,\"y\":117,\"fontSize\":14,\"fontColor\":\"#000000\",\"fontAlign\":\"start\",\"fontStyle\":false,\"fontWeight\":false},\"points\":{\"start\":0,\"end\":0}}],\"image_points\":[],\"video_points\":[],\"crop_points\":[],\"bgMusic_points\":[],\"video_speed\":\"1.0\",\"video_dimension\":{\"width\":1054,\"height\":720},\"insert_points\":[],\"transcript\":false,\"video_effects\":\"zoom-lens\",\"waterMark\":[{\"image_videos\":\"public%2Fupload%2Fvideos%2Fimages%2Fbg_files-reset%20(1)%201-1720583896583.png\",\"text_videos\":\"{\"font-size\":\"12\",\"font-color\":\"#000000\",\"text\":\"\"}\",\"videos_transparency\":\"0.5\",\"position_videos\":\"{\"position\":\"C\",\"x\":\"0\",\"y\":\"0\"}\",\"type\":\"custom\"}]}', '2024-07-09 09:12:02', '2024-07-09 09:12:02', 1),
(46, 3, 'recording-blob-1720527322580.mp4', 'dd', '', '', '/upload/videos/recording-blob-1720527322580.mp4', '/upload/videos/recording-blob-1720527322580.mp4', '/upload/videos/thumbnails/recording-blob-1720527322580.png', NULL, '163045', '00:01', 0, 0, NULL, '2024-07-09 12:15:26', '2024-07-09 12:15:26', 1),
(47, 3, 'recording-blob-1720527553260.mp4', 'dd', '', '', '/upload/videos/recording-blob-1720527553260.mp4', '/upload/videos/recording-blob-1720527553260.mp4', '/upload/videos/thumbnails/recording-blob-1720527553260.png', NULL, '106481', '00:01', 0, 0, NULL, '2024-07-09 12:19:13', '2024-07-09 12:19:13', 1),
(48, 3, 'recording-blob-1720527949937.mp4', 'dd', '', '', '/upload/videos/recording-blob-1720527949937.mp4', '/upload/videos/recording-blob-1720527949937.mp4', '/upload/videos/thumbnails/recording-blob-1720527949937.png', NULL, '93586', '00:01', 0, 0, NULL, '2024-07-09 12:25:50', '2024-07-09 12:25:50', 1),
(49, 3, 'recording-blob-1720528606737.mp4', 'dd', '', '', '/upload/videos/recording-blob-1720528606737.mp4', '/upload/videos/recording-blob-1720528606737.mp4', '/upload/videos/thumbnails/recording-blob-1720528606737.png', NULL, '190615', '00:01', 0, 0, NULL, '2024-07-09 12:36:48', '2024-07-09 12:36:48', 1),
(54, 2, 'recording-53902-476396222_large-1720677676876.mp4', 'aa', 'aa', '5', '/upload/videos/recording-53902-476396222_large-1720677676876.mp4', '/upload/videos/recording-53902-476396222_large-1720677676876.mp4', '/upload/videos/thumbnails/recording-53902-476396222_large-1720677676876.png', NULL, '2985921', '00:05', 1, 0, NULL, '2024-07-11 06:01:19', '2024-07-11 06:01:19', 1),
(55, 5, 'recording-blob-1720680630219.mp4', 'AAAAAAAAAAA', 'AAAAAAAAAAA', '', '/upload/videos/recording-blob-1720680630219.mp4', '/upload/videos/recording-blob-1720680630219.mp4', '/upload/videos/thumbnails/recording-blob-1720680630219.png', NULL, '3545854', '00:16', 0, 0, NULL, '2024-07-11 06:50:35', '2024-07-11 06:50:35', 1),
(56, 5, 'recording-blob-1720682499158.mp4', 'dsfdszf', 'dsfzdsfdz', '', '/upload/videos/recording-blob-1720682499158.mp4', '/upload/videos/recording-blob-1720682499158.mp4', '/upload/videos/thumbnails/recording-blob-1720682499158.png', NULL, '1171960', '00:06', 0, 0, NULL, '2024-07-11 07:21:41', '2024-07-11 07:21:41', 1),
(57, 5, 'recording-blob-1720686403699.mp4', 'Recoder1', '', '', '/upload/videos/recording-blob-1720686403699.mp4', '/upload/videos/recording-blob-1720686403699.mp4', '/upload/videos/thumbnails/recording-blob-1720686403699.png', NULL, '5459125', '00:35', 0, 0, NULL, '2024-07-11 08:26:54', '2024-07-11 08:26:54', 1),
(58, 5, 'recording-blob-1720687021368.mp4', 'SG', '', '', '/upload/videos/recording-blob-1720687021368.mp4', '/upload/videos/output_1720687128861_recording-blob-1720687021368.mp4', '/upload/videos/thumbnails/recording-blob-1720687021368.png', NULL, '6556636', '00:24', 0, 0, '{\"blur_points\":[],\"text_points\":[{\"data\":{\"val\":\"hasanthi\",\"w\":285,\"h\":133,\"x\":151,\"y\":151,\"fontSize\":33,\"fontColor\":\"#ff9900\",\"fontAlign\":\"start\",\"fontStyle\":false,\"fontWeight\":false},\"points\":{\"start\":0,\"end\":1}}],\"image_points\":[{\"data\":{\"val\":\"public%2Fupload%2Fvideos%2Fimages%2Fbg_files-B2B-1720687128260.png\",\"w\":448,\"h\":260,\"x\":845,\"y\":130,\"opacity\":\"1\",\"shadow\":\"none\"},\"points\":{\"start\":0,\"end\":1}}],\"video_points\":[],\"crop_points\":[],\"bgMusic_points\":[],\"video_speed\":\"1.0\",\"video_dimension\":{\"width\":1366,\"height\":768},\"insert_points\":[],\"transcript\":false,\"video_effects\":\"zoom-lens\",\"waterMark\":[]}', '2024-07-11 08:37:05', '2024-07-11 08:37:05', 1),
(60, 5, 'recording-blob-1720687944050.mp4', 'Recoder1', '', '', '/upload/videos/recording-blob-1720687944050.mp4', '/upload/videos/output_1720688264732_recording-blob-1720687944050.mp4', '/upload/videos/thumbnails/recording-blob-1720687944050.png', NULL, '2382366', '00:16', 0, 0, '{\"blur_points\":[{\"data\":{\"val\":\"\",\"w\":145,\"h\":36,\"x\":198,\"y\":228,\"intensity\":9},\"points\":{\"start\":2,\"end\":7}}],\"text_points\":[{\"data\":{\"val\":\"Hasanthi\",\"w\":285,\"h\":133,\"x\":971,\"y\":107,\"fontSize\":34,\"fontColor\":\"#ff9900\",\"fontAlign\":\"start\",\"fontStyle\":false,\"fontWeight\":false},\"points\":{\"start\":0,\"end\":6}}],\"image_points\":[{\"data\":{\"val\":\"public%2Fupload%2Fvideos%2Fimages%2Fbg_files-B2B-1720688261710.png\",\"w\":289,\"h\":165,\"x\":1021,\"y\":313,\"opacity\":\"1\",\"shadow\":\"none\"},\"points\":{\"start\":7,\"end\":13}}],\"video_points\":[{\"data\":{\"val\":\"public%2Fupload%2Fvideos%2Fbg_files-recording-blob-1720687021368-1720688262445.mp4\",\"w\":448,\"h\":249,\"x\":151,\"y\":151,\"opacity\":\"1\"},\"points\":{\"start\":0,\"end\":2}}],\"crop_points\":[],\"bgMusic_points\":[],\"video_speed\":\"1.0\",\"video_dimension\":{\"width\":1366,\"height\":768},\"insert_points\":[],\"transcript\":false,\"video_effects\":\"zoom-lens\",\"waterMark\":[{\"image_videos\":\"public%2Fupload%2Fvideos%2Fimages%2Fbg_files-logo-1720688264722.png\",\"text_videos\":\"{\"font-size\":\"66\",\"font-color\":\"#000000\",\"text\":\"\"}\",\"videos_transparency\":\"0.4\",\"position_videos\":\"{\"position\":\"LT\",\"x\":\"294\",\"y\":\"281\"}\",\"type\":\"custom\"}]}', '2024-07-11 08:52:26', '2024-07-11 08:52:26', 1),
(66, 5, 'recording-blob-1720689187254.mp4', 'sdFdsF', '', '', '/upload/videos/recording-blob-1720689187254.mp4', '/upload/videos/recording-blob-1720689187254.mp4', '/upload/videos/thumbnails/recording-blob-1720689187254.png', NULL, '476776', '00:08', 0, 0, NULL, '2024-07-11 09:13:09', '2024-07-11 09:13:09', 1),
(67, 5, 'recording-blob-1720689564813.mp4', 'dsfdsF', '', '', '/upload/videos/recording-blob-1720689564813.mp4', '/upload/videos/recording-blob-1720689564813.mp4', '/upload/videos/thumbnails/recording-blob-1720689564813.png', NULL, '476776', '00:08', 0, 0, NULL, '2024-07-11 09:19:26', '2024-07-11 09:19:26', 1),
(70, 7, 'recording-blob-1720693651080.mp4', 'jjjjjjjjjjjjjjjjj', '', '', '/upload/videos/recording-blob-1720693651080.mp4', '/upload/videos/recording-blob-1720693651080.mp4', '/upload/videos/thumbnails/recording-blob-1720693651080.png', NULL, '922535', '00:08', 0, 0, NULL, '2024-07-11 10:27:36', '2024-07-11 10:27:36', 1),
(71, 7, 'recording-recording-blob-1720693651080-1720693748404.mp4', 'dfd', '', '', '/upload/videos/recording-recording-blob-1720693651080-1720693748404.mp4', '/upload/videos/recording-recording-blob-1720693651080-1720693748404.mp4', '/upload/videos/thumbnails/recording-recording-blob-1720693651080-1720693748404.png', NULL, '923030', '00:08', 0, 0, NULL, '2024-07-11 10:29:09', '2024-07-11 10:29:09', 1),
(72, 7, 'recording-recording-blob-1720693651080-1720693782467.mp4', 'dflffdfd', '', '', '/upload/videos/recording-recording-blob-1720693651080-1720693782467.mp4', '/upload/videos/recording-recording-blob-1720693651080-1720693782467.mp4', '/upload/videos/thumbnails/recording-recording-blob-1720693651080-1720693782467.png', NULL, '923030', '00:08', 1, 0, NULL, '2024-07-11 10:29:43', '2024-07-11 10:29:43', 1),
(73, 6, 'recording-blob-1720699971159.mp4', 'fghj', '', '', '/upload/videos/recording-blob-1720699971159.mp4', '/upload/videos/recording-blob-1720699971159.mp4', '/upload/videos/thumbnails/recording-blob-1720699971159.png', NULL, '2837731', '00:15', 0, 0, NULL, '2024-07-11 12:12:54', '2024-07-11 12:12:54', 1),
(74, 1, 'recording-blob-1720751649333.mp4', 'Video recording', 'fgdf', '3', '/upload/videos/recording-blob-1720751649333.mp4', '/upload/videos/output_1720792868137_recording-blob-1720751649333.mp4', '/upload/videos/thumbnails/recording-blob-1720751649333.png', '\n\n\n\n', '5958429', '00:19', 0, 0, '{\"blur_points\":[],\"text_points\":[{\"data\":{\"val\":\"fdsfs\",\"w\":null,\"h\":null,\"x\":null,\"y\":null,\"fontSize\":14,\"fontColor\":\"#000000\",\"fontAlign\":\"start\",\"fontStyle\":false,\"fontWeight\":false},\"points\":{\"start\":0,\"end\":14}}],\"image_points\":[],\"video_points\":[],\"crop_points\":[],\"bgMusic_points\":[],\"video_speed\":\"1.0\",\"video_dimension\":{\"width\":0,\"height\":0},\"insert_points\":[],\"transcript\":false,\"remove_filler_words\":false,\"remove_silence\":false,\"video_effects\":\"zoom-lens\",\"waterMark\":[]}', '2024-07-12 02:34:16', '2024-07-12 02:34:16', 1),
(75, 10, 'recording-141512-777708212_small-1720754676166.mp4', 'Testing video', 'Testing video', '', '/upload/videos/recording-141512-777708212_small-1720754676166.mp4', '/upload/videos/recording-141512-777708212_small-1720754676166.mp4', '/upload/videos/thumbnails/recording-141512-777708212_small-1720754676166.png', NULL, '2561750', '00:12', 0, 0, NULL, '2024-07-12 03:24:38', '2024-07-12 03:24:38', 1),
(76, 3, 'recording-blob-1720764535646.mp4', 'null', 'null', 'null', '/upload/videos/recording-blob-1720764535646.mp4', '/upload/videos/recording-blob-1720764535646.mp4', '/upload/videos/thumbnails/recording-blob-1720764535646.png', NULL, '82465', '00:03', 0, 0, NULL, '2024-07-12 06:08:57', '2024-07-12 06:08:57', 1),
(77, 3, 'recording-blob-1720764793714.mp4', 'null', 'null', 'null', '/upload/videos/recording-blob-1720764793714.mp4', '/upload/videos/recording-blob-1720764793714.mp4', '/upload/videos/thumbnails/recording-blob-1720764793714.png', NULL, '74532', '00:01', 0, 0, NULL, '2024-07-12 06:13:15', '2024-07-12 06:13:15', 1),
(79, 5, 'recording-blob-1720767851008.mp4', 'null', 'null', 'null', '/upload/videos/recording-blob-1720767851008.mp4', '/upload/videos/recording-blob-1720767851008.mp4', '/upload/videos/thumbnails/recording-blob-1720767851008.png', NULL, '6874870', '00:51', 0, 0, NULL, '2024-07-12 07:04:14', '2024-07-12 07:04:14', 1),
(80, 5, 'recording-blob-1720768114066.mp4', 'null', 'null', 'null', '/upload/videos/recording-blob-1720768114066.mp4', '/upload/videos/recording-blob-1720768114066.mp4', '/upload/videos/thumbnails/recording-blob-1720768114066.png', NULL, '765320', '00:05', 0, 0, NULL, '2024-07-12 07:08:35', '2024-07-12 07:08:35', 1),
(81, 8, 'recording-blob-1720768228537.mp4', 'test1207', 'null', 'null', '/upload/videos/recording-blob-1720768228537.mp4', '/upload/videos/recording-blob-1720768228537.mp4', '/upload/videos/thumbnails/recording-blob-1720768228537.png', NULL, '3440157', '00:14', 0, 0, NULL, '2024-07-12 07:10:31', '2024-07-12 07:10:31', 1),
(82, 8, 'recording-blob-1720768509614.mp4', 'test12121212', 'null', 'null', '/upload/videos/recording-blob-1720768509614.mp4', '/upload/videos/recording-blob-1720768509614.mp4', '/upload/videos/thumbnails/recording-blob-1720768509614.png', NULL, '6133435', '00:19', 0, 0, NULL, '2024-07-12 07:15:23', '2024-07-12 07:15:23', 1),
(83, 5, 'recording-blob-1720768639873.mp4', 'null', 'null', 'null', '/upload/videos/recording-blob-1720768639873.mp4', '/upload/videos/recording-blob-1720768639873.mp4', '/upload/videos/thumbnails/recording-blob-1720768639873.png', NULL, '2502438', '00:22', 0, 0, NULL, '2024-07-12 07:17:22', '2024-07-12 07:17:22', 1),
(85, 8, 'recording-blob-1720768867725.mp4', 'DDDDDDDDDDDDDDDDDDDD', 'null', 'null', '/upload/videos/recording-blob-1720768867725.mp4', '/upload/videos/recording-blob-1720768867725.mp4', '/upload/videos/thumbnails/recording-blob-1720768867725.png', NULL, '2108792', '00:11', 0, 0, NULL, '2024-07-12 07:21:09', '2024-07-12 07:21:09', 1),
(87, 8, 'recording-blob-1720769200003.mp4', 'null', 'null', 'null', '/upload/videos/recording-blob-1720769200003.mp4', '/upload/videos/recording-blob-1720769200003.mp4', '/upload/videos/thumbnails/recording-blob-1720769200003.png', NULL, '3771210', '00:15', 0, 0, NULL, '2024-07-12 07:26:42', '2024-07-12 07:26:42', 1),
(88, 7, '1234.mp4', 'qweqw', 'ddw', 'null', '/upload/videos/recording-blob-1720769404519.mp4', '/upload/videos/recording-blob-1720769404519.mp4', '/upload/videos/thumbnails/recording-blob-1720769404519.png', NULL, '1908282', '00:12', 0, 0, NULL, '2024-07-12 07:30:07', '2024-07-12 07:30:07', 1),
(91, 6, 'recording-blob-1720777046515.mp4', 'tyu', 'null', 'null', '/upload/videos/recording-blob-1720777046515.mp4', '/upload/videos/recording-blob-1720777046515.mp4', '/upload/videos/thumbnails/recording-blob-1720777046515.png', NULL, '2501400', '00:08', 0, 0, NULL, '2024-07-12 09:37:28', '2024-07-12 09:37:28', 1),
(92, 5, 'recording-blob-1720777286554.mp4', 'null', 'null', 'null', '/upload/videos/recording-blob-1720777286554.mp4', '/upload/videos/recording-blob-1720777286554.mp4', '/upload/videos/thumbnails/recording-blob-1720777286554.png', NULL, '5641330', '00:27', 0, 0, NULL, '2024-07-12 09:41:31', '2024-07-12 09:41:31', 1),
(95, 8, 'recording-blob-1720777866386.mp4', 'null', 'null', 'null', '/upload/videos/recording-blob-1720777866386.mp4', '/upload/videos/recording-blob-1720777866386.mp4', '/upload/videos/thumbnails/recording-blob-1720777866386.png', NULL, '3030127', '01:04', 0, 0, NULL, '2024-07-12 09:51:09', '2024-07-12 09:51:09', 1),
(101, 3, 'recording-blob-1721112687486.mp4', 'null', 'null', 'null', '/upload/videos/recording-blob-1721112687486.mp4', '/upload/videos/recording-blob-1721112687486.mp4', '/upload/videos/thumbnails/recording-blob-1721112687486.png', NULL, '1285939', '00:48', 0, 0, NULL, '2024-07-16 06:51:31', '2024-07-16 06:51:31', 1),
(106, 9, 'recording-RecordedVideo-1721371313809.mp4', '', '', '3,7', '/upload/videos/recording-RecordedVideo-1721371313809.mp4', '/upload/videos/output_1721372911118_recording-RecordedVideo-1721371313809.mp4', '/upload/videos/thumbnails/recording-RecordedVideo-1721371313809.png', NULL, '2510874', '00:14', 0, 0, '{\"blur_points\":[{\"data\":{\"val\":\"\",\"w\":null,\"h\":null,\"x\":null,\"y\":null,\"intensity\":9},\"points\":{\"start\":0,\"end\":10}}],\"text_points\":[{\"data\":{\"val\":\"fasffafa\",\"w\":null,\"h\":null,\"x\":null,\"y\":null,\"fontSize\":14,\"fontColor\":\"#000000\",\"fontAlign\":\"start\",\"fontStyle\":false,\"fontWeight\":false},\"points\":{\"start\":0,\"end\":8}}],\"image_points\":[],\"video_points\":[],\"crop_points\":[],\"bgMusic_points\":[],\"video_speed\":\"1.0\",\"video_dimension\":{\"width\":0,\"height\":0},\"insert_points\":[],\"transcript\":false,\"remove_filler_words\":false,\"remove_silence\":false,\"video_effects\":\"zoom-lens\",\"waterMark\":[]}', '2024-07-19 06:42:07', '2024-07-19 06:42:07', 1),
(112, 8, 'recording-blob-1721391840402.mp4', 'null', 'null', 'null', '/upload/videos/recording-blob-1721391840402.mp4', '/upload/videos/recording-blob-1721391840402.mp4', '/upload/videos/thumbnails/recording-blob-1721391840402.png', NULL, '1469663', '00:32', 0, 0, NULL, '2024-07-19 12:24:01', '2024-07-19 12:24:01', 1),
(113, 8, 'recording-blob-1721392106830.mp4', 'test', 'gfft', '11', '/upload/videos/recording-blob-1721392106830.mp4', '/upload/videos/output_1721392150290_recording-blob-1721392106830.mp4', '/upload/videos/thumbnails/recording-blob-1721392106830.png', NULL, '2950437', '00:13', 0, 0, '{\"blur_points\":[],\"text_points\":[{\"data\":{\"val\":\"gfdgdgffdgfd\",\"w\":465,\"h\":212,\"x\":151,\"y\":151,\"fontSize\":14,\"fontColor\":\"#000000\",\"fontAlign\":\"start\",\"fontStyle\":false,\"fontWeight\":false},\"points\":{\"start\":0,\"end\":1}}],\"image_points\":[],\"video_points\":[],\"crop_points\":[],\"bgMusic_points\":[],\"video_speed\":\"1.0\",\"video_dimension\":{\"width\":1366,\"height\":768},\"insert_points\":[],\"transcript\":false,\"remove_filler_words\":false,\"remove_silence\":false,\"video_effects\":\"zoom-lens\",\"waterMark\":[]}', '2024-07-19 12:28:32', '2024-07-19 12:28:32', 1),
(123, 5, ' .mp4', 'gjjh', 'hjhj', 'null', '/upload/videos/recording-blob-1721651203111.mp4', '/upload/videos/output_1721651282347_recording-blob-1721651203111.mp4', '/upload/videos/thumbnails/recording-blob-1721651203111.png', NULL, '1985725', '00:14', 0, 0, '{\"blur_points\":[],\"text_points\":[{\"data\":{\"val\":\"Hasanthi\",\"w\":465,\"h\":212,\"x\":151,\"y\":151,\"fontSize\":44,\"fontColor\":\"#12dc00\",\"fontAlign\":\"start\",\"fontStyle\":false,\"fontWeight\":false},\"points\":{\"start\":0,\"end\":2}}],\"image_points\":[],\"video_points\":[],\"crop_points\":[],\"bgMusic_points\":[],\"video_speed\":\"1.0\",\"video_dimension\":{\"width\":1366,\"height\":768},\"insert_points\":[],\"transcript\":false,\"remove_filler_words\":false,\"remove_silence\":false,\"video_effects\":\"zoom-lens\",\"waterMark\":[]}', '2024-07-22 12:27:31', '2024-07-22 12:27:31', 1),
(127, 8, 'recording-blob-1721730055312.mp4', 'test', 'hhh', 'null', '/upload/videos/recording-blob-1721730055312.mp4', '/upload/videos/output_1721730112776_recording-blob-1721730055312.mp4', '/upload/videos/thumbnails/recording-blob-1721730055312.png', NULL, '3668966', '00:31', 0, 0, '{\"blur_points\":[{\"data\":{\"val\":\"\",\"w\":299,\"h\":80,\"x\":36,\"y\":86,\"intensity\":9},\"points\":{\"start\":0,\"end\":4}}],\"text_points\":[],\"image_points\":[],\"video_points\":[],\"crop_points\":[],\"bgMusic_points\":[],\"video_speed\":\"1.0\",\"video_dimension\":{\"width\":1366,\"height\":768},\"insert_points\":[],\"transcript\":false,\"remove_filler_words\":false,\"remove_silence\":false,\"video_effects\":\"zoom-lens\",\"waterMark\":[]}', '2024-07-23 10:20:56', '2024-07-23 10:20:56', 1),
(128, 11, 'recording-blob-1721733602906.mp4', 'null', 'null', 'null', '/upload/videos/recording-blob-1721733602906.mp4', '/upload/videos/recording-blob-1721733602906.mp4', '/upload/videos/thumbnails/recording-blob-1721733602906.png', NULL, '627183', '00:11', 0, 0, NULL, '2024-07-23 11:20:06', '2024-07-23 11:20:06', 1),
(142, 3, 'recording-blob-1722317156477.mp4', 'null', 'null', 'null', '/upload/videos/recording-blob-1722317156477.mp4', '/upload/videos/recording-blob-1722317156477.mp4', '/upload/videos/thumbnails/recording-blob-1722317156477.png', NULL, '329475', '00:04', 0, 0, NULL, '2024-07-30 05:25:57', '2024-07-30 05:25:57', 1),
(147, 3, 'recording-blob-1722321756073.mp4', 'null', 'null', 'null', '/upload/videos/recording-blob-1722321756073.mp4', '/upload/videos/recording-blob-1722321756073.mp4', '/upload/videos/thumbnails/recording-blob-1722321756073.png', NULL, '1071862', '00:07', 0, 0, NULL, '2024-07-30 06:42:37', '2024-07-30 06:42:37', 1),
(148, 8, 'recording-blob-1722337100472.mp4', 'null', 'null', 'null', '/upload/videos/recording-blob-1722337100472.mp4', '/upload/videos/recording-blob-1722337100472.mp4', '/upload/videos/thumbnails/recording-blob-1722337100472.png', NULL, '970915', '00:04', 0, 0, NULL, '2024-07-30 10:58:24', '2024-07-30 10:58:24', 1),
(154, 21, 'recording-blob-1722342376497.mp4', 'null', 'null', 'null', '/upload/videos/recording-blob-1722342376497.mp4', '/upload/videos/recording-blob-1722342376497.mp4', '/upload/videos/thumbnails/recording-blob-1722342376497.png', NULL, '923099', '00:03', 0, 0, NULL, '2024-07-30 12:26:17', '2024-07-30 12:26:17', 1),
(156, 21, 'recording-blob-1722400939911.mp4', 'null', 'null', 'null', '/upload/videos/recording-blob-1722400939911.mp4', '/upload/videos/recording-blob-1722400939911.mp4', '/upload/videos/thumbnails/recording-blob-1722400939911.png', NULL, '78669', '00:01', 0, 0, NULL, '2024-07-31 04:42:23', '2024-07-31 04:42:23', 1),
(158, 21, 'recording-blob-1722402519520.mp4', 'null', 'null', 'null', '/upload/videos/recording-blob-1722402519520.mp4', '/upload/videos/recording-blob-1722402519520.mp4', '/upload/videos/thumbnails/recording-blob-1722402519520.png', NULL, '184395', '00:04', 0, 0, NULL, '2024-07-31 05:08:41', '2024-07-31 05:08:41', 1),
(163, 20, 'recording-mill_bridge_ml03_preview-1722419079813.mp4', 'adsad', 'asd', '', '/upload/videos/recording-mill_bridge_ml03_preview-1722419079813.mp4', '/upload/videos/recording-mill_bridge_ml03_preview-1722419079813.mp4', '/upload/videos/thumbnails/recording-mill_bridge_ml03_preview-1722419079813.png', NULL, '9507899', '00:25', 1, 0, NULL, '2024-07-31 09:44:44', '2024-07-31 09:44:44', 1),
(164, 23, 'recording-141512-777708212_small-1722428723447.mp4', 'Upload ', 'Upload Upload Upload ', '', '/upload/videos/recording-141512-777708212_small-1722428723447.mp4', '/upload/videos/output_1722570494338_recording-141512-777708212_small-1722428723447.mp4', '/upload/videos/thumbnails/recording-141512-777708212_small-1722428723447.png', NULL, '2561750', '00:12', 0, 0, '{\"blur_points\":[{\"data\":{\"val\":\"\",\"w\":208,\"h\":208,\"x\":606,\"y\":292,\"intensity\":9},\"points\":{\"start\":0,\"end\":4}}],\"text_points\":[],\"image_points\":[],\"video_points\":[],\"crop_points\":[{\"start\":\"00:00:05\",\"end\":\"00:00:12\",\"interval\":8}],\"bgMusic_points\":[],\"video_speed\":\"1.0\",\"video_dimension\":{\"width\":960,\"height\":540},\"insert_points\":[],\"transcript\":false,\"remove_filler_words\":false,\"remove_silence\":false,\"video_effects\":\"zoom-lens\",\"waterMark\":[]}', '2024-07-31 12:25:25', '2024-07-31 12:25:25', 1),
(165, 20, 'recording-19627-304735769_large-1722429355763.mp4', 'asdfas', 'asf', '', '/upload/videos/recording-19627-304735769_large-1722429355763.mp4', '/upload/videos/recording-19627-304735769_large-1722429355763.mp4', '/upload/videos/thumbnails/recording-19627-304735769_large-1722429355763.png', NULL, '34933926', '00:16', 1, 0, NULL, '2024-07-31 12:36:12', '2024-07-31 12:36:12', 1),
(170, 4, 'recording-blob-1722577267252.mp4', 'null', 'null', 'null', '/upload/videos/recording-blob-1722577267252.mp4', '/upload/videos/output_1722577545805_recording-blob-1722577267252.mp4', '/upload/videos/thumbnails/recording-blob-1722577267252.png', NULL, '2130528', '00:18', 0, 0, '{\"blur_points\":[{\"data\":{\"val\":\"\",\"w\":213,\"h\":130,\"x\":284,\"y\":215,\"intensity\":27},\"points\":{\"start\":0,\"end\":14}}],\"text_points\":[],\"image_points\":[],\"video_points\":[],\"crop_points\":[],\"bgMusic_points\":[],\"video_speed\":\"1.0\",\"video_dimension\":{\"width\":1366,\"height\":768},\"insert_points\":[],\"transcript\":false,\"remove_filler_words\":false,\"remove_silence\":false,\"video_effects\":\"zoom-lens\",\"waterMark\":[]}', '2024-08-02 05:41:16', '2024-08-02 05:41:16', 1),
(171, 4, 'recording-blob-1722577791372.mp4', 'Live', 'LIVE', '22', '/upload/videos/recording-blob-1722577791372.mp4', '/upload/videos/recording-blob-1722577791372.mp4', '/upload/videos/thumbnails/recording-blob-1722577791372.png', NULL, '7119334', '00:17', 0, 0, NULL, '2024-08-02 05:49:53', '2024-08-02 05:49:53', 1),
(172, 11, 'recording-blob-1722582095885.mp4', 'null', 'null', 'null', '/upload/videos/recording-blob-1722582095885.mp4', '/upload/videos/output_1722582222544_recording-blob-1722582095885.mp4', '/upload/videos/thumbnails/recording-blob-1722582095885.png', NULL, '8414188', '01:20', 0, 0, '{\"blur_points\":[{\"data\":{\"val\":\"\",\"w\":296,\"h\":296,\"x\":681,\"y\":243,\"intensity\":9},\"points\":{\"start\":0,\"end\":6}}],\"text_points\":[{\"data\":{\"val\":\"oiuytre\",\"w\":296,\"h\":145,\"x\":151,\"y\":151,\"fontSize\":14,\"fontColor\":\"#000000\",\"fontAlign\":\"start\",\"fontStyle\":false,\"fontWeight\":false},\"points\":{\"start\":0,\"end\":6}}],\"image_points\":[],\"video_points\":[],\"crop_points\":[],\"bgMusic_points\":[],\"video_speed\":\" 0.33\",\"video_dimension\":{\"width\":1366,\"height\":768},\"insert_points\":[],\"transcript\":false,\"remove_filler_words\":false,\"remove_silence\":false,\"video_effects\":\"zoom-lens\",\"waterMark\":[]}', '2024-08-02 07:01:41', '2024-08-02 07:01:41', 1),
(173, 11, 'recording-blob-1722582976095.mp4', 'null', 'null', 'null', '/upload/videos/recording-blob-1722582976095.mp4', '/upload/videos/output_1722583655310_recording-blob-1722582976095.mp4', '/upload/videos/thumbnails/recording-blob-1722582976095.png', NULL, '534417', '00:03', 0, 0, '{\"blur_points\":[{\"data\":{\"val\":\"\",\"w\":296,\"h\":296,\"x\":798,\"y\":269,\"intensity\":9},\"points\":{\"start\":0,\"end\":0}}],\"text_points\":[{\"data\":{\"val\":\"poiuytrew\",\"w\":543,\"h\":392,\"x\":151,\"y\":151,\"fontSize\":67,\"fontColor\":\"#0072e6\",\"fontAlign\":\"start\",\"fontStyle\":false,\"fontWeight\":false},\"points\":{\"start\":0,\"end\":0}}],\"image_points\":[],\"video_points\":[],\"crop_points\":[],\"bgMusic_points\":[],\"video_speed\":\" 0.33\",\"video_dimension\":{\"width\":1366,\"height\":768},\"insert_points\":[],\"transcript\":false,\"remove_filler_words\":false,\"remove_silence\":false,\"video_effects\":\"zoom-lens\",\"waterMark\":[]}', '2024-08-02 07:16:17', '2024-08-02 07:16:17', 1),
(174, 28, 'recording-blob-1722588301441.mp4', 'null', 'null', 'null', '/upload/videos/recording-blob-1722588301441.mp4', '/upload/videos/output_1722588353002_recording-blob-1722588301441.mp4', '/upload/videos/thumbnails/recording-blob-1722588301441.png', NULL, '3463923', '00:19', 0, 0, '{\"blur_points\":[{\"data\":{\"val\":\"\",\"w\":296,\"h\":296,\"x\":248,\"y\":151,\"intensity\":9},\"points\":{\"start\":0,\"end\":10}}],\"text_points\":[{\"data\":{\"val\":\"upuweby@mailto.plusupuweby@mailto.plusupuweby@mailto.plusupuweby@mailto.plusupuweby@mailto.plusupuweby@mailto.plusupuweby@mailto.plusupuweby@mailto.plusupuweby@mailto.plus\",\"w\":598,\"h\":296,\"x\":151,\"y\":151,\"fontSize\":14,\"fontColor\":\"#ff0000\",\"fontAlign\":\"start\",\"fontStyle\":false,\"fontWeight\":false},\"points\":{\"start\":2,\"end\":6}}],\"image_points\":[],\"video_points\":[],\"crop_points\":[],\"bgMusic_points\":[],\"video_speed\":\"1.0\",\"video_dimension\":{\"width\":1366,\"height\":768},\"insert_points\":[],\"transcript\":false,\"remove_filler_words\":false,\"remove_silence\":false,\"video_effects\":\"zoom-lens\",\"waterMark\":[]}', '2024-08-02 08:45:06', '2024-08-02 08:45:06', 1),
(175, 11, 'recording-blob-1722588910598.mp4', 'null', 'null', 'null', '/upload/videos/recording-blob-1722588910598.mp4', '/upload/videos/recording-blob-1722588910598.mp4', '/upload/videos/thumbnails/recording-blob-1722588910598.png', NULL, '1328529', '00:12', 0, 0, NULL, '2024-08-02 08:55:15', '2024-08-02 08:55:15', 1),
(176, 29, 'recording-blob-1722590406893.mp4', 'null', 'null', 'null', '/upload/videos/recording-blob-1722590406893.mp4', '/upload/videos/output_1722590480891_recording-blob-1722590406893.mp4', '/upload/videos/thumbnails/recording-blob-1722590406893.png', NULL, '2520804', '00:11', 0, 0, '{\"blur_points\":[],\"text_points\":[{\"data\":{\"val\":\"Hasanthi\",\"w\":272,\"h\":254,\"x\":0,\"y\":40,\"fontSize\":42,\"fontColor\":\"#12dc00\",\"fontAlign\":\"start\",\"fontStyle\":false,\"fontWeight\":false},\"points\":{\"start\":0,\"end\":3}}],\"image_points\":[],\"video_points\":[],\"crop_points\":[],\"bgMusic_points\":[],\"video_speed\":\"1.0\",\"video_dimension\":{\"width\":1366,\"height\":768},\"insert_points\":[],\"transcript\":false,\"remove_filler_words\":false,\"remove_silence\":false,\"video_effects\":\"zoom-lens\",\"waterMark\":[]}', '2024-08-02 09:20:11', '2024-08-02 09:20:11', 1),
(177, 35, 'recording-blob-1722600094494.mp4', 'null', 'null', 'null', '/upload/videos/recording-blob-1722600094494.mp4', '/upload/videos/recording-blob-1722600094494.mp4', '/upload/videos/thumbnails/recording-blob-1722600094494.png', NULL, '3682137', '00:10', 0, 0, NULL, '2024-08-02 12:01:37', '2024-08-02 12:01:37', 1),
(179, 9, 'recording-recording-blob-1719894780289 (1)-1722601934770.mp4', '', '', '', '/upload/videos/recording-recording-blob-1719894780289 (1)-1722601934770.mp4', '/upload/videos/recording-recording-blob-1719894780289 (1)-1722601934770.mp4', '/upload/videos/thumbnails/recording-recording-blob-1719894780289 (1)-1722601934770.png', NULL, '566434', '00:32', 0, 0, NULL, '2024-08-02 12:32:17', '2024-08-02 12:32:17', 1),
(181, 35, 'recording-mill_bridge_ml03_preview-1722831433820.mp4', 'undefined', 'undefined', 'undefined', '/upload/videos/recording-mill_bridge_ml03_preview-1722831433820.mp4', '/upload/videos/recording-mill_bridge_ml03_preview-1722831433820.mp4', '/upload/videos/thumbnails/recording-mill_bridge_ml03_preview-1722831433820.png', NULL, '9507899', '00:25', 0, 0, NULL, '2024-08-05 04:17:20', '2024-08-05 04:17:20', 1),
(182, 65, 'recording-141512-777708212_small-1723006833048.mp4', 'test', 'test', '', '/upload/videos/recording-141512-777708212_small-1723006833048.mp4', '/upload/videos/recording-141512-777708212_small-1723006833048.mp4', '/upload/videos/thumbnails/recording-141512-777708212_small-1723006833048.png', NULL, '2561750', '00:12', 0, 0, NULL, '2024-08-07 05:00:36', '2024-08-07 05:00:36', 1),
(183, 58, 'recording-141512-777708212_small-1723025470200.mp4', 'test', 'teste', '3', '/upload/videos/recording-141512-777708212_small-1723025470200.mp4', '/upload/videos/recording-141512-777708212_small-1723025470200.mp4', '/upload/videos/thumbnails/recording-141512-777708212_small-1723025470200.png', NULL, '2561750', '00:12', 0, 0, NULL, '2024-08-07 10:11:11', '2024-08-07 10:11:11', 1),
(184, 72, 'recording-blob-1723133887028.mp4', 'Bug', 'null', 'null', '/upload/videos/recording-blob-1723133887028.mp4', '/upload/videos/recording-blob-1723133887028.mp4', '/upload/videos/thumbnails/recording-blob-1723133887028.png', NULL, '850603', '00:11', 0, 0, NULL, '2024-08-08 16:18:16', '2024-08-08 16:18:16', 1),
(186, 74, 'recording-blob-1723273475041.mp4', 'null', 'null', 'null', '/upload/videos/recording-blob-1723273475041.mp4', '/upload/videos/recording-blob-1723273475041.mp4', '/upload/videos/thumbnails/recording-blob-1723273475041.png', NULL, '19248503', '00:48', 0, 0, NULL, '2024-08-10 07:05:16', '2024-08-10 07:05:16', 1),
(187, 75, 'recording-blob-1723281215817.mp4', 'basco lighthouse', 'null', 'null', '/upload/videos/recording-blob-1723281215817.mp4', '/upload/videos/recording-blob-1723281215817.mp4', '/upload/videos/thumbnails/recording-blob-1723281215817.png', NULL, '10462697', '00:21', 0, 0, NULL, '2024-08-10 09:13:45', '2024-08-10 09:13:45', 1),
(188, 75, 'recording-blob-1723281961411.mp4', 'iraya', 'null', 'null', '/upload/videos/recording-blob-1723281961411.mp4', '/upload/videos/recording-blob-1723281961411.mp4', '/upload/videos/thumbnails/recording-blob-1723281961411.png', NULL, '9451220', '00:17', 0, 0, NULL, '2024-08-10 09:26:13', '2024-08-10 09:26:13', 1),
(189, 75, 'recording-blob-1723282082005.mp4', 'marlboro', 'null', 'null', '/upload/videos/recording-blob-1723282082005.mp4', '/upload/videos/recording-blob-1723282082005.mp4', '/upload/videos/thumbnails/recording-blob-1723282082005.png', NULL, '4253338', '00:12', 0, 0, NULL, '2024-08-10 09:28:06', '2024-08-10 09:28:06', 1),
(190, 75, 'recording-blob-1723282821718.mp4', 'valugan', 'null', 'null', '/upload/videos/recording-blob-1723282821718.mp4', '/upload/videos/recording-blob-1723282821718.mp4', '/upload/videos/thumbnails/recording-blob-1723282821718.png', NULL, '5084793', '00:11', 0, 0, NULL, '2024-08-10 09:40:42', '2024-08-10 09:40:42', 1),
(191, 75, 'recording-blob-1723351583931.mp4', 'view', 'null', 'null', '/upload/videos/recording-blob-1723351583931.mp4', '/upload/videos/recording-blob-1723351583931.mp4', '/upload/videos/thumbnails/recording-blob-1723351583931.png', NULL, '11353498', '00:25', 0, 0, NULL, '2024-08-11 04:46:33', '2024-08-11 04:46:33', 1),
(192, 4, 'recording-blob-1723440271472.mp4', 'null', 'null', 'null', '/upload/videos/recording-blob-1723440271472.mp4', '/upload/videos/recording-blob-1723440271472.mp4', '/upload/videos/thumbnails/recording-blob-1723440271472.png', NULL, '2845987', '00:09', 0, 0, NULL, '2024-08-12 05:24:37', '2024-08-12 05:24:37', 1),
(193, 39, 'recording-blob-1723453943489.mp4', 'Has Error', 'null', 'null', '/upload/videos/recording-blob-1723453943489.mp4', '/upload/videos/recording-blob-1723453943489.mp4', '/upload/videos/thumbnails/recording-blob-1723453943489.png', NULL, '5749264', '00:31', 0, 0, NULL, '2024-08-12 09:12:36', '2024-08-12 09:12:36', 1),
(194, 75, 'recording-blob-1723461812281.mp4', 'jennie', 'null', 'null', '/upload/videos/recording-blob-1723461812281.mp4', '/upload/videos/recording-blob-1723461812281.mp4', '/upload/videos/thumbnails/recording-blob-1723461812281.png', NULL, '102177451', '04:46', 0, 0, NULL, '2024-08-12 11:25:10', '2024-08-12 11:25:10', 1),
(196, 4, 'recording-blob-1723534699994.mp4', 'pen', 'pencil', '6,10', '/upload/videos/recording-blob-1723534699994.mp4', '/upload/videos/output_1723534816362_recording-blob-1723534699994.mp4', '/upload/videos/thumbnails/recording-blob-1723534699994.png', NULL, '3151848', '00:17', 0, 0, '{\"blur_points\":[],\"text_points\":[{\"data\":{\"val\":\"capiostesting@mailto.pluscapiostesting@mailto.pluscapiostesting@mailto.pluscapiostesting@mailto.pluscapiostesting@mailto.pluscapiostesting@mailto.pluscapiostesting@mailto.pluscapiostesting@mailto.pluscapiostesting@mailto.pluscapiostesting@mailto.pluscapiostesting@mailto.pluscapiostesting@mailto.pluscapiostesting@mailto.pluscapiostesting@mailto.pluscapiostesting@mailto.pluscapiostesting@mailto.pluscapiostesting@mailto.pluscapiostesting@mailto.pluscapiostesting@mailto.pluscapiostesting@mailto.pluscapiostesting@mailto.pluscapiostesting@mailto.pluscapiostesting@mailto.pluscapiostesting@mailto.pluscapiostesting@mailto.pluscapiostesting@mailto.pluscapiostesting@mailto.pluscapiostesting@mailto.pluscapiostesting@mailto.plus\",\"w\":1212,\"h\":624,\"x\":151,\"y\":151,\"fontSize\":26,\"fontColor\":\"#ff9900\",\"fontAlign\":\"start\",\"fontStyle\":false,\"fontWeight\":false},\"points\":{\"start\":0,\"end\":12}}],\"image_points\":[],\"video_points\":[],\"crop_points\":[],\"bgMusic_points\":[],\"video_speed\":\"1.0\",\"video_dimension\":{\"width\":1366,\"height\":768},\"insert_points\":[],\"transcript\":false,\"remove_filler_words\":false,\"remove_silence\":false,\"video_effects\":\"zoom-lens\",\"waterMark\":[{\"image_videos\":\"public%2Fupload%2Fvideos%2Fimages%2Fbg_files-cartoon4%20(5)%20(1)-1723534816099.jfif\",\"text_videos\":{\"fontSize\":\"12\",\"fontColor\":\"#000000\",\"text\":\"\"},\"videos_transparency\":\"0.7\",\"position_videos\":{\"position\":\"C\",\"x\":\"0\",\"y\":\"0\"},\"type\":\"custom\"}]}', '2024-08-13 07:38:26', '2024-08-13 07:38:26', 1),
(198, 4, 'recording-blob-1723540392752.mp4', 'null', 'null', 'null', '/upload/videos/recording-blob-1723540392752.mp4', '/upload/videos/output_1723540471373_recording-blob-1723540392752.mp4', '/upload/videos/thumbnails/recording-blob-1723540392752.png', NULL, '3485867', '00:21', 0, 0, '{\"blur_points\":[{\"data\":{\"val\":\"\",\"w\":296,\"h\":296,\"x\":612,\"y\":127,\"intensity\":9},\"points\":{\"start\":1,\"end\":7}}],\"text_points\":[{\"data\":{\"val\":\"https://www.loom.com/share/395f81c7d3c240b4be5d60f83e8f4e8e?sid=c5cebe30-1ef0-4d8d-819c-fe62b8a1e914https://www.loom.com/share/395f81c7d3c240b4be5d60f83e8f4e8e?sid=c5cebe30-1ef0-4d8d-819c-fe62b8a1e914https://www.loom.com/share/395f81c7d3c240b4be5d60f83e8f4e8e?sid=c5cebe30-1ef0-4d8d-819c-fe62b8a1e914https://www.loom.com/share/395f81c7d3c240b4be5d60f83e8f4e8e?sid=c5cebe30-1ef0-4d8d-819c-fe62b8a1e914https://www.loom.com/share/395f81c7d3c240b4be5d60f83e8f4e8e?sid=c5cebe30-1ef0-4d8d-819c-fe62b8a1e914\",\"w\":784,\"h\":339,\"x\":171,\"y\":112,\"fontSize\":14,\"fontColor\":\"#000000\",\"fontAlign\":\"start\",\"fontStyle\":false,\"fontWeight\":false},\"points\":{\"start\":0,\"end\":1}}],\"image_points\":[{\"data\":{\"val\":\"public%2Fupload%2Fvideos%2Fimages%2Fbg_files-cartoon4%20(5)_43-1723540471246.jfif\",\"w\":366,\"h\":304,\"x\":892,\"y\":346,\"opacity\":\"1\",\"shadow\":\"none\"},\"points\":{\"start\":7,\"end\":16}}],\"video_points\":[],\"crop_points\":[],\"bgMusic_points\":[],\"video_speed\":\"1.0\",\"video_dimension\":{\"width\":1366,\"height\":768},\"insert_points\":[],\"transcript\":false,\"remove_filler_words\":false,\"remove_silence\":false,\"video_effects\":\"zoom-lens\",\"waterMark\":[{\"image_videos\":\"public%2Fupload%2Fvideos%2Fimages%2Fbg_files-cartoon-1723540471246.jfif\",\"text_videos\":{\"fontSize\":\"12\",\"fontColor\":\"#000000\",\"text\":\"\"},\"videos_transparency\":\"0.5\",\"position_videos\":{\"position\":\"LT\",\"x\":\"0\",\"y\":\"0\"},\"type\":\"custom\"}]}', '2024-08-13 09:13:20', '2024-08-13 09:13:20', 1),
(199, 4, 'recording-blob-1723540586317.mp4', 'null', 'null', 'null', '/upload/videos/recording-blob-1723540586317.mp4', '/upload/videos/output_1723540652023_recording-blob-1723540586317.mp4', '/upload/videos/thumbnails/recording-blob-1723540586317.png', NULL, '3800513', '00:23', 0, 0, '{\"blur_points\":[{\"data\":{\"val\":\"\",\"w\":296,\"h\":296,\"x\":851,\"y\":118,\"intensity\":9},\"points\":{\"start\":1,\"end\":3}}],\"text_points\":[{\"data\":{\"val\":\"https://www.loom.com/share/395f81c7d3c240b4be5d60f83e8f4e8e?sid=c5cebe30-1ef0-4d8d-819c-fe62b8a1e914https://www.loom.com/share/395f81c7d3c240b4be5d60f83e8f4e8e?sid=c5cebe30-1ef0-4d8d-819c-fe62b8a1e914https://www.loom.com/share/395f81c7d3c240b4be5d60f83e8f4e8e?sid=c5cebe30-1ef0-4d8d-819c-fe62b8a1e914https://www.loom.com/share/395f81c7d3c240b4be5d60f83e8f4e8e?sid=c5cebe30-1ef0-4d8d-819c-fe62b8a1e914https://www.loom.com/share/395f81c7d3c240b4be5d60f83e8f4e8e?sid=c5cebe30-1ef0-4d8d-819c-fe62b8a1e914https://www.loom.com/share/395f81c7d3c240b4be5d60f83e8f4e8e?sid=c5cebe30-1ef0-4d8d-819c-fe62b8a1e914https://www.loom.com/share/395f81c7d3c240b4be5d60f83e8f4e8e?sid=c5cebe30-1ef0-4d8d-819c-fe62b8a1e914https://www.loom.com/share/395f81c7d3c240b4be5d60f83e8f4e8e?sid=c5cebe30-1ef0-4d8d-819c-fe62b8a1e914\",\"w\":1060,\"h\":424,\"x\":190,\"y\":95,\"fontSize\":14,\"fontColor\":\"#000000\",\"fontAlign\":\"start\",\"fontStyle\":false,\"fontWeight\":false},\"points\":{\"start\":0,\"end\":1}}],\"image_points\":[{\"data\":{\"val\":\"public%2Fupload%2Fvideos%2Fimages%2Fbg_files-cartoon4%20(3)%20(1)-1723540651342.jfif\",\"w\":366,\"h\":304,\"x\":804,\"y\":430,\"opacity\":\"1\",\"shadow\":\"none\"},\"points\":{\"start\":3,\"end\":13}}],\"video_points\":[],\"crop_points\":[],\"bgMusic_points\":[],\"video_speed\":\"1.0\",\"video_dimension\":{\"width\":1366,\"height\":768},\"insert_points\":[],\"transcript\":false,\"remove_filler_words\":false,\"remove_silence\":false,\"video_effects\":\"zoom-lens\",\"waterMark\":[{\"image_videos\":\"public%2Fupload%2Fvideos%2Fimages%2Fbg_files-IMG_1369-1723540651342.png\",\"text_videos\":{\"fontSize\":\"12\",\"fontColor\":\"#000000\",\"text\":\"\"},\"videos_transparency\":\"0.5\",\"position_videos\":{\"position\":\"LT\",\"x\":\"0\",\"y\":\"0\"},\"type\":\"custom\"}]}', '2024-08-13 09:16:28', '2024-08-13 09:16:28', 1),
(200, 4, 'recording-blob-1723540701776.mp4', 'null', 'null', 'null', '/upload/videos/recording-blob-1723540701776.mp4', '/upload/videos/recording-blob-1723540701776.mp4', '/upload/videos/thumbnails/recording-blob-1723540701776.png', NULL, '1805566', '00:06', 0, 0, NULL, '2024-08-13 09:18:24', '2024-08-13 09:18:24', 1),
(201, 4, 'recording-blob-1723540874447.mp4', 'null', 'null', 'null', '/upload/videos/recording-blob-1723540874447.mp4', '/upload/videos/output_1723540962053_recording-blob-1723540874447.mp4', '/upload/videos/thumbnails/recording-blob-1723540874447.png', NULL, '1415050', '00:09', 0, 0, '{\"blur_points\":[{\"data\":{\"val\":\"\",\"w\":245,\"h\":245,\"x\":818,\"y\":6,\"intensity\":9},\"points\":{\"start\":0,\"end\":1}}],\"text_points\":[{\"data\":{\"val\":\"https://www.loom.com/share/395f81c7d3c240b4be5d60f83e8f4e8e?sid=c5cebe30-1ef0-4d8d-819c-fe62b8a1e914https://www.loom.com/share/395f81c7d3c240b4be5d60f83e8f4e8e?sid=c5cebe30-1ef0-4d8d-819c-fe62b8a1e914https://www.loom.com/share/395f81c7d3c240b4be5d60f83e8f4e8e?sid=c5cebe30-1ef0-4d8d-819c-fe62b8a1e914https://www.loom.com/share/395f81c7d3c240b4be5d60f83e8f4e8e?sid=c5cebe30-1ef0-4d8d-819c-fe62b8a1e914https://www.loom.com/share/395f81c7d3c240b4be5d60f83e8f4e8e?sid=c5cebe30-1ef0-4d8d-819c-fe62b8a1e914https://www.loom.com/share/395f81c7d3c240b4be5d60f83e8f4e8e?sid=c5cebe30-1ef0-4d8d-819c-fe62b8a1e914\",\"w\":752,\"h\":320,\"x\":76,\"y\":32,\"fontSize\":14,\"fontColor\":\"#000000\",\"fontAlign\":\"start\",\"fontStyle\":false,\"fontWeight\":false},\"points\":{\"start\":0,\"end\":0}}],\"image_points\":[{\"data\":{\"val\":\"public%2Fupload%2Fvideos%2Fimages%2Fbg_files-cartoon4%20(3)%20(1)-1723540962022.jfif\",\"w\":302,\"h\":251,\"x\":781,\"y\":188,\"opacity\":\"1\",\"shadow\":\"none\"},\"points\":{\"start\":1,\"end\":2}}],\"video_points\":[],\"crop_points\":[],\"bgMusic_points\":[],\"video_speed\":\"1.0\",\"video_dimension\":{\"width\":1126,\"height\":438},\"insert_points\":[],\"transcript\":false,\"remove_filler_words\":false,\"remove_silence\":false,\"video_effects\":\"zoom-lens\",\"waterMark\":[{\"image_videos\":\"public%2Fupload%2Fvideos%2Fimages%2Fbg_files-cartoon-1723540962022.jfif\",\"text_videos\":{\"fontSize\":\"12\",\"fontColor\":\"#000000\",\"text\":\"\"},\"videos_transparency\":\"0.5\",\"position_videos\":{\"position\":\"LT\",\"x\":\"0\",\"y\":\"0\"},\"type\":\"custom\"}]}', '2024-08-13 09:21:16', '2024-08-13 09:21:16', 1),
(202, 4, 'recording-blob-1723542713503.mp4', 'null', 'null', 'null', '/upload/videos/recording-blob-1723542713503.mp4', '/upload/videos/recording-blob-1723542713503.mp4', '/upload/videos/thumbnails/recording-blob-1723542713503.png', NULL, '1323704', '00:11', 0, 0, NULL, '2024-08-13 09:52:02', '2024-08-13 09:52:02', 1),
(203, 6, 'recording-blob-1723552131066.mp4', 'null', 'null', 'null', '/upload/videos/recording-blob-1723552131066.mp4', '/upload/videos/recording-blob-1723552131066.mp4', '/upload/videos/thumbnails/recording-blob-1723552131066.png', NULL, '2215379', '00:08', 0, 0, NULL, '2024-08-13 12:28:56', '2024-08-13 12:28:56', 1);
INSERT INTO `videos` (`id`, `user_id`, `name`, `title`, `summary`, `tags`, `path`, `modified_path`, `thumbnail`, `transcript`, `file_size`, `file_duration`, `is_starred`, `is_trashed`, `json_data`, `created_at`, `updated_at`, `is_ready`) VALUES
(204, 6, 'recording-blob-1723552287730.mp4', 'null', 'null', 'null', '/upload/videos/recording-blob-1723552287730.mp4', '/upload/videos/recording-blob-1723552287730.mp4', '/upload/videos/thumbnails/recording-blob-1723552287730.png', NULL, '2665023', '00:12', 0, 0, NULL, '2024-08-13 12:31:30', '2024-08-13 12:31:30', 1),
(205, 6, 'recording-blob-1723552376974.mp4', 'null', 'null', 'null', '/upload/videos/recording-blob-1723552376974.mp4', '/upload/videos/recording-blob-1723552376974.mp4', '/upload/videos/thumbnails/recording-blob-1723552376974.png', NULL, '2100894', '00:12', 0, 0, NULL, '2024-08-13 12:32:59', '2024-08-13 12:32:59', 1),
(206, 75, 'recording-blob-1723608344084.mp4', 'lol', 'null', 'null', '/upload/videos/recording-blob-1723608344084.mp4', '/upload/videos/recording-blob-1723608344084.mp4', '/upload/videos/thumbnails/recording-blob-1723608344084.png', NULL, '23601731', '00:58', 0, 0, NULL, '2024-08-14 04:05:56', '2024-08-14 04:05:56', 1),
(210, 1, 'recording-blob-1723623584161.mp4', 'null', 'null', 'null', '/upload/videos/recording-blob-1723623584161.mp4', '/upload/videos/recording-blob-1723623584161.mp4', '/upload/videos/thumbnails/recording-blob-1723623584161.png', NULL, '605824', '00:05', 0, 0, NULL, '2024-08-14 08:19:51', '2024-08-14 08:19:51', 1),
(211, 75, 'recording-blob-1723624449441.mp4', 'score', 'null', 'null', '/upload/videos/recording-blob-1723624449441.mp4', '/upload/videos/recording-blob-1723624449441.mp4', '/upload/videos/thumbnails/recording-blob-1723624449441.png', NULL, '129958451', '04:53', 0, 0, NULL, '2024-08-14 08:34:30', '2024-08-14 08:34:30', 1),
(212, 95, 'recording-blob-1723676775507.mp4', 'tutoria r', 'p1', 'null', '/upload/videos/recording-blob-1723676775507.mp4', '/upload/videos/recording-blob-1723676775507.mp4', '/upload/videos/thumbnails/recording-blob-1723676775507.png', NULL, '43867109', '04:59', 0, 0, NULL, '2024-08-14 23:06:56', '2024-08-14 23:06:56', 1),
(213, 95, 'recording-blob-1723676797983.mp4', 'p1', 'null', 'null', '/upload/videos/recording-blob-1723676797983.mp4', '/upload/videos/recording-blob-1723676797983.mp4', '/upload/videos/thumbnails/recording-blob-1723676797983.png', NULL, '43867109', '04:59', 0, 0, NULL, '2024-08-14 23:07:21', '2024-08-14 23:07:21', 1),
(215, 96, 'recording-blob-1723799374737.mp4', 'cws', 'swfr', '57', '/upload/videos/recording-blob-1723799374737.mp4', '/upload/videos/recording-blob-1723799374737.mp4', '/upload/videos/thumbnails/recording-blob-1723799374737.png', NULL, '1533815', '00:18', 0, 0, NULL, '2024-08-16 09:09:41', '2024-08-16 09:09:41', 1),
(216, 99, 'recording-blob-1723863764621.mp4', 'null', 'null', 'null', '/upload/videos/recording-blob-1723863764621.mp4', '/upload/videos/recording-blob-1723863764621.mp4', '/upload/videos/thumbnails/recording-blob-1723863764621.png', NULL, '8288036', '00:47', 0, 0, NULL, '2024-08-17 03:02:59', '2024-08-17 03:02:59', 1),
(217, 111, 'recording-blob-1724137014762.mp4', 'sample', 'qwertyuiopasdfghjklzxcvbnmqwertyuiopasdfghjklzxcvbnmqwertyuiopasdfghjklzxcvbnmqwertyuiopasdfghjklzxcvbnmqwertyuiopasdfghjklzxcvbnmqwertyuiopasdfghjklzxcvbnmqwertyuiopasdfghjklzxcvbnmqwertyuiopasdfghjklzxcvbnmqwertyuiopasdfghjklzxcvbnmqwertyuiopasdfghjklzxcvbnm', '58', '/upload/videos/recording-blob-1724137014762.mp4', '/upload/videos/recording-blob-1724137014762.mp4', '/upload/videos/thumbnails/recording-blob-1724137014762.png', NULL, '2809355', '00:17', 0, 0, NULL, '2024-08-20 06:57:05', '2024-08-20 06:57:05', 1),
(218, 111, 'recording-blob-1724137035734.mp4', 'null', 'null', 'null', '/upload/videos/recording-blob-1724137035734.mp4', '/upload/videos/recording-blob-1724137035734.mp4', '/upload/videos/thumbnails/recording-blob-1724137035734.png', NULL, '2809355', '00:17', 0, 0, NULL, '2024-08-20 06:57:23', '2024-08-20 06:57:23', 1),
(219, 1, 'recording-blob-1724139851828.mp4', 'null', 'null', 'null', '/upload/videos/recording-blob-1724139851828.mp4', '/upload/videos/output_1724146390912_recording-blob-1724139851828.mp4', '/upload/videos/thumbnails/recording-blob-1724139851828.png', NULL, '3672271', '00:25', 0, 0, '{\"blur_points\":[{\"data\":{\"val\":\"\",\"w\":689,\"h\":600,\"x\":236,\"y\":187,\"intensity\":9},\"points\":{\"start\":0,\"end\":24}}],\"text_points\":[{\"data\":{\"val\":\"ewtwevcxrewrwe\",\"w\":561,\"h\":85,\"x\":1002,\"y\":146,\"fontSize\":28,\"fontColor\":\"#ff0000\",\"fontAlign\":\"start\",\"fontStyle\":false,\"fontWeight\":false},\"points\":{\"start\":0,\"end\":24}}],\"image_points\":[{\"data\":{\"val\":\"public%2Fupload%2Fvideos%2Fimages%2Fbg_files-Screenshot-1724146389683.png\",\"w\":629,\"h\":258,\"x\":900,\"y\":638,\"opacity\":\"1\",\"shadow\":\"none\"},\"points\":{\"start\":0,\"end\":24}}],\"video_points\":[],\"crop_points\":[],\"bgMusic_points\":[],\"video_speed\":\"1.0\",\"video_dimension\":{\"width\":1920,\"height\":1080},\"insert_points\":[],\"transcript\":false,\"remove_filler_words\":false,\"remove_silence\":false,\"video_effects\":\"zoom-lens\",\"waterMark\":[{\"image_videos\":\"public%2Fupload%2Fvideos%2Fimages%2Fbg_files-Screenshot_2-1724146390066.png\",\"text_videos\":{\"fontSize\":\"12\",\"fontColor\":\"#000000\",\"text\":\"\"},\"videos_transparency\":\"0.5\",\"position_videos\":{\"position\":\"C\",\"x\":\"0\",\"y\":\"0\"},\"type\":\"custom\"}]}', '2024-08-20 07:44:18', '2024-08-20 07:44:18', 1),
(220, 21, 'recording-blob-1724140348895.mp4', 'null', 'null', 'null', '/upload/videos/recording-blob-1724140348895.mp4', '/upload/videos/recording-blob-1724140348895.mp4', '/upload/videos/thumbnails/recording-blob-1724140348895.png', NULL, '450481', '00:07', 0, 0, NULL, '2024-08-20 07:52:32', '2024-08-20 07:52:32', 1),
(221, 21, 'recording-blob-1724141233194.mp4', 'null', 'null', 'null', '/upload/videos/recording-blob-1724141233194.mp4', '/upload/videos/recording-blob-1724141233194.mp4', '/upload/videos/thumbnails/recording-blob-1724141233194.png', NULL, '307942', '00:04', 0, 0, NULL, '2024-08-20 08:07:16', '2024-08-20 08:07:16', 1),
(222, 21, 'recording-blob-1724141332366.mp4', 'null', 'null', 'null', '/upload/videos/recording-blob-1724141332366.mp4', '/upload/videos/recording-blob-1724141332366.mp4', '/upload/videos/thumbnails/recording-blob-1724141332366.png', NULL, '462050', '00:23', 0, 0, NULL, '2024-08-20 08:08:55', '2024-08-20 08:08:55', 1),
(223, 21, 'recording-blob-1724141428740.mp4', 'null', 'null', 'null', '/upload/videos/recording-blob-1724141428740.mp4', '/upload/videos/recording-blob-1724141428740.mp4', '/upload/videos/thumbnails/recording-blob-1724141428740.png', NULL, '294671', '00:02', 0, 0, NULL, '2024-08-20 08:10:31', '2024-08-20 08:10:31', 1),
(224, 21, 'recording-blob-1724141888088.mp4', 'null', 'null', 'null', '/upload/videos/recording-blob-1724141888088.mp4', '/upload/videos/recording-blob-1724141888088.mp4', '/upload/videos/thumbnails/recording-blob-1724141888088.png', NULL, '409563', '00:02', 0, 0, NULL, '2024-08-20 08:18:10', '2024-08-20 08:18:10', 1),
(225, 21, 'recording-blob-1724145276973.mp4', 'null', 'null', 'null', '/upload/videos/recording-blob-1724145276973.mp4', '/upload/videos/recording-blob-1724145276973.mp4', '/upload/videos/thumbnails/recording-blob-1724145276973.png', NULL, '627272', '00:05', 0, 0, NULL, '2024-08-20 09:14:42', '2024-08-20 09:14:42', 1),
(227, 21, 'recording-blob-1724146781816.mp4', 'null', 'null', 'null', '/upload/videos/recording-blob-1724146781816.mp4', '/upload/videos/recording-blob-1724146781816.mp4', '/upload/videos/thumbnails/recording-blob-1724146781816.png', NULL, '286193', '00:02', 0, 0, NULL, '2024-08-20 09:39:47', '2024-08-20 09:39:47', 1),
(228, 1, 'recording-recording-blob-1724139851828-1724146836451.mp4', '', '', '', '/upload/videos/recording-recording-blob-1724139851828-1724146836451.mp4', '/upload/videos/output_1724146887239_recording-recording-blob-1724139851828-1724146836451.mp4', '/upload/videos/thumbnails/recording-recording-blob-1724139851828-1724146836451.png', NULL, '3672271', '00:25', 0, 0, '{\"blur_points\":[{\"data\":{\"val\":\"\",\"w\":417,\"h\":417,\"x\":310,\"y\":0,\"intensity\":9},\"points\":{\"start\":0,\"end\":1}}],\"text_points\":[{\"data\":{\"val\":\"trejmvbutrurt\",\"w\":417,\"h\":204,\"x\":327,\"y\":482,\"fontSize\":14,\"fontColor\":\"#000000\",\"fontAlign\":\"start\",\"fontStyle\":false,\"fontWeight\":false},\"points\":{\"start\":0,\"end\":1}}],\"image_points\":[{\"data\":{\"val\":\"public%2Fupload%2Fvideos%2Fimages%2Fbg_files-Screenshot_2-1724146887017.png\",\"w\":410,\"h\":487,\"x\":991,\"y\":138,\"opacity\":\"1\",\"shadow\":\"none\"},\"points\":{\"start\":0,\"end\":1}}],\"video_points\":[],\"crop_points\":[],\"bgMusic_points\":[],\"video_speed\":\"1.0\",\"video_dimension\":{\"width\":1920,\"height\":1080},\"insert_points\":[],\"transcript\":false,\"remove_filler_words\":false,\"remove_silence\":false,\"video_effects\":\"zoom-lens\",\"waterMark\":[{\"image_videos\":\"public%2Fupload%2Fvideos%2Fimages%2Fbg_files-Screenshot_2-1724146886211.png\",\"text_videos\":{\"fontSize\":\"12\",\"fontColor\":\"#000000\",\"text\":\"\"},\"videos_transparency\":\"0.5\",\"position_videos\":{\"position\":\"LT\",\"x\":\"0\",\"y\":\"0\"},\"type\":\"custom\"}]}', '2024-08-20 09:40:38', '2024-08-20 09:40:38', 1),
(229, 1, 'recording-recording-blob-1724139851828-1724147019885.mp4', '', '', '', '/upload/videos/recording-recording-blob-1724139851828-1724147019885.mp4', '/upload/videos/output_1724147092709_recording-recording-blob-1724139851828-1724147019885.mp4', '/upload/videos/thumbnails/recording-recording-blob-1724139851828-1724147019885.png', NULL, '3672271', '00:25', 0, 0, '{\"blur_points\":[{\"data\":{\"val\":\"\",\"w\":417,\"h\":417,\"x\":953,\"y\":2,\"intensity\":9},\"points\":{\"start\":0,\"end\":23}}],\"text_points\":[{\"data\":{\"val\":\"  Far far away, behind the word mountains, far from the countries Vokalia and Consonantia, there live the blind texts. Separated they live in Bookmarksgrove right at the coast of the Semantics, a large language ocean. Far far away, behind the word mountains, far from the countries Vokalia and Consonantia, there live the blind texts. Separated they live in Bookmarksgrove right at the coast of the Semantics, a large language ocean.Far far away, behind the word mountains, far from the countries Vokalia and Consonantia, there live the blind texts. Separated they live in Bookmarksgrove right at the coast of the Semantics, a large language ocean.Far far away, behind the word mountains, far from the countries Vokalia and Consonantia, there live the blind texts. Separated they live in Bookmarksgrove right at the coast of the Semantics, a large language ocean.\",\"w\":1161,\"h\":521,\"x\":253,\"y\":4,\"fontSize\":14,\"fontColor\":\"#000000\",\"fontAlign\":\"start\",\"fontStyle\":false,\"fontWeight\":false},\"points\":{\"start\":0,\"end\":24}}],\"image_points\":[{\"data\":{\"val\":\"public%2Fupload%2Fvideos%2Fimages%2Fbg_files-Screenshot_2-1724147092346.png\",\"w\":333,\"h\":397,\"x\":1044,\"y\":465,\"opacity\":\"1\",\"shadow\":\"none\"},\"points\":{\"start\":0,\"end\":24}}],\"video_points\":[],\"crop_points\":[],\"bgMusic_points\":[],\"video_speed\":\"1.0\",\"video_dimension\":{\"width\":1920,\"height\":1080},\"insert_points\":[],\"transcript\":false,\"remove_filler_words\":false,\"remove_silence\":false,\"video_effects\":\"zoom-lens\",\"waterMark\":[{\"image_videos\":\"public%2Fupload%2Fvideos%2Fimages%2Fbg_files-Screenshot_2-1724147091571.png\",\"text_videos\":{\"fontSize\":\"12\",\"fontColor\":\"#000000\",\"text\":\"\"},\"videos_transparency\":\"0.5\",\"position_videos\":{\"position\":\"LT\",\"x\":\"0\",\"y\":\"0\"},\"type\":\"custom\"}]}', '2024-08-20 09:43:43', '2024-08-20 09:43:43', 1),
(230, 111, 'recording-blob-1724147595379.mp4', 'video new tab', 'video new tab', '60', '/upload/videos/recording-blob-1724147595379.mp4', '/upload/videos/recording-blob-1724147595379.mp4', '/upload/videos/thumbnails/recording-blob-1724147595379.png', NULL, '3333089', '00:17', 0, 0, NULL, '2024-08-20 09:53:18', '2024-08-20 09:53:18', 1),
(231, 111, 'recording-blob-1724147695772.mp4', 'video', 'video', '61', '/upload/videos/recording-blob-1724147695772.mp4', '/upload/videos/output_1724147891835_recording-blob-1724147695772.mp4', '/upload/videos/thumbnails/recording-blob-1724147695772.png', NULL, '1716309', '00:13', 0, 0, '{\"blur_points\":[],\"text_points\":[{\"data\":{\"val\":\"video new tabvideo new tabvideo new tabvideo new tabvideo new tabvideo new tabvideo new tabvideo new tab\",\"w\":353,\"h\":228,\"x\":448,\"y\":110,\"fontSize\":14,\"fontColor\":\"#12dc00\",\"fontAlign\":\"start\",\"fontStyle\":false,\"fontWeight\":false},\"points\":{\"start\":0,\"end\":6}}],\"image_points\":[{\"data\":{\"val\":\"public%2Fupload%2Fvideos%2Fimages%2Fbg_files-img2-1724147891760.jpeg\",\"w\":394,\"h\":394,\"x\":855,\"y\":351,\"opacity\":\"1\",\"shadow\":\"none\"},\"points\":{\"start\":0,\"end\":0}}],\"video_points\":[],\"crop_points\":[],\"bgMusic_points\":[],\"video_speed\":\"1.0\",\"video_dimension\":{\"width\":1600,\"height\":900},\"insert_points\":[],\"transcript\":false,\"remove_filler_words\":false,\"remove_silence\":false,\"video_effects\":\"zoom-lens\",\"waterMark\":[{\"image_videos\":\"public%2Fupload%2Fvideos%2Fimages%2Fbg_files-img2-1724147891760.jpeg\",\"text_videos\":{\"fontSize\":\"12\",\"fontColor\":\"#000000\",\"text\":\"\"},\"videos_transparency\":\"0.5\",\"position_videos\":{\"position\":\"LT\",\"x\":\"0\",\"y\":\"0\"},\"type\":\"custom\"}]}', '2024-08-20 09:54:58', '2024-08-20 09:54:58', 1),
(232, 1, 'recording-recording-blob-1724139851828-1724147958053.mp4', '', '', '', '/upload/videos/recording-recording-blob-1724139851828-1724147958053.mp4', '/upload/videos/output_1724148066672_recording-recording-blob-1724139851828-1724147958053.mp4', '/upload/videos/thumbnails/recording-recording-blob-1724139851828-1724147958053.png', NULL, '3672271', '00:25', 0, 0, '{\"blur_points\":[{\"data\":{\"val\":\"\",\"w\":417,\"h\":417,\"x\":355,\"y\":212,\"intensity\":9},\"points\":{\"start\":0,\"end\":1}}],\"text_points\":[{\"data\":{\"val\":\"https://www.loom.com/share/d5b87fc8549e45f4903164a633c5b859?sid=ad0c604d-23b3-451e-b6d8-b48ff50dc6b7\",\"w\":491,\"h\":234,\"x\":212,\"y\":212,\"fontSize\":14,\"fontColor\":\"#000000\",\"fontAlign\":\"start\",\"fontStyle\":false,\"fontWeight\":false},\"points\":{\"start\":0,\"end\":1}}],\"image_points\":[{\"data\":{\"val\":\"public%2Fupload%2Fvideos%2Fimages%2Fbg_files-Screenshot_2-1724148066356.png\",\"w\":629,\"h\":745,\"x\":995,\"y\":121,\"opacity\":\"1\",\"shadow\":\"none\"},\"points\":{\"start\":0,\"end\":1}}],\"video_points\":[],\"crop_points\":[],\"bgMusic_points\":[],\"video_speed\":\"1.0\",\"video_dimension\":{\"width\":1920,\"height\":1080},\"insert_points\":[],\"transcript\":false,\"remove_filler_words\":false,\"remove_silence\":false,\"video_effects\":\"zoom-lens\",\"waterMark\":[{\"image_videos\":\"public%2Fupload%2Fvideos%2Fimages%2Fbg_files-Screenshot_2-1724148065515.png\",\"text_videos\":{\"fontSize\":\"12\",\"fontColor\":\"#000000\",\"text\":\"\"},\"videos_transparency\":\"0.5\",\"position_videos\":{\"position\":\"LT\",\"x\":\"0\",\"y\":\"0\"},\"type\":\"custom\"}]}', '2024-08-20 09:59:19', '2024-08-20 09:59:19', 1),
(233, 1, 'recording-recording-blob-1724139851828-1724148146132.mp4', '', '', '', '/upload/videos/recording-recording-blob-1724139851828-1724148146132.mp4', '/upload/videos/output_1724148212449_recording-recording-blob-1724139851828-1724148146132.mp4', '/upload/videos/thumbnails/recording-recording-blob-1724139851828-1724148146132.png', NULL, '3672271', '00:25', 0, 0, '{\"blur_points\":[{\"data\":{\"val\":\"\",\"w\":417,\"h\":417,\"x\":431,\"y\":204,\"intensity\":9},\"points\":{\"start\":0,\"end\":1}}],\"text_points\":[{\"data\":{\"val\":\"https://www.loom.com/share/d5b87fc8549e45f4903164a633c5b859?sid=ad0c604d-23b3-451e-b6d8-b48ff50dc6b7https://www.loom.com/share/d5b87fc8549e45f4903164a633c5b859?sid=ad0c604d-23b3-451e-b6d8-b48ff50dc6b7\",\"w\":625,\"h\":342,\"x\":212,\"y\":212,\"fontSize\":14,\"fontColor\":\"#000000\",\"fontAlign\":\"start\",\"fontStyle\":false,\"fontWeight\":false},\"points\":{\"start\":0,\"end\":1}}],\"image_points\":[{\"data\":{\"val\":\"public%2Fupload%2Fvideos%2Fimages%2Fbg_files-Screenshot_2-1724148212055.png\",\"w\":629,\"h\":745,\"x\":944,\"y\":153,\"opacity\":\"1\",\"shadow\":\"none\"},\"points\":{\"start\":0,\"end\":1}}],\"video_points\":[],\"crop_points\":[],\"bgMusic_points\":[],\"video_speed\":\"1.0\",\"video_dimension\":{\"width\":1920,\"height\":1080},\"insert_points\":[],\"transcript\":false,\"remove_filler_words\":false,\"remove_silence\":false,\"video_effects\":\"zoom-lens\",\"waterMark\":[{\"image_videos\":\"public%2Fupload%2Fvideos%2Fimages%2Fbg_files-Screenshot_2-1724148211478.png\",\"text_videos\":{\"fontSize\":\"12\",\"fontColor\":\"#000000\",\"text\":\"\"},\"videos_transparency\":\"0.5\",\"position_videos\":{\"position\":\"LT\",\"x\":\"0\",\"y\":\"0\"},\"type\":\"custom\"}]}', '2024-08-20 10:02:29', '2024-08-20 10:02:29', 1),
(234, 111, 'recording-blob-1724151496279.mp4', 'null', 'null', 'null', '/upload/videos/recording-blob-1724151496279.mp4', '/upload/videos/recording-blob-1724151496279.mp4', '/upload/videos/thumbnails/recording-blob-1724151496279.png', NULL, '2036984', '00:09', 0, 0, NULL, '2024-08-20 10:58:24', '2024-08-20 10:58:24', 1),
(235, 110, 'recording-blob-1724152117249.mp4', 'null', 'null', 'null', '/upload/videos/recording-blob-1724152117249.mp4', '/upload/videos/recording-blob-1724152117249.mp4', '/upload/videos/thumbnails/recording-blob-1724152117249.png', NULL, '487064', '00:03', 0, 0, NULL, '2024-08-20 11:08:41', '2024-08-20 11:08:41', 1),
(236, 4, 'recording-blob-1724152344793.mp4', 'null', 'null', 'null', '/upload/videos/recording-blob-1724152344793.mp4', '/upload/videos/recording-blob-1724152344793.mp4', '/upload/videos/thumbnails/recording-blob-1724152344793.png', NULL, '722760', '00:06', 0, 0, NULL, '2024-08-20 11:12:26', '2024-08-20 11:12:26', 1),
(237, 111, 'recording-blob-1724154085785.mp4', 'null', 'null', 'null', '/upload/videos/recording-blob-1724154085785.mp4', '/upload/videos/recording-blob-1724154085785.mp4', '/upload/videos/thumbnails/recording-blob-1724154085785.png', NULL, '1516102', '00:08', 0, 0, NULL, '2024-08-20 11:41:35', '2024-08-20 11:41:35', 1),
(238, 111, 'recording-blob-1724154182964.mp4', 'null', 'null', 'null', '/upload/videos/recording-blob-1724154182964.mp4', '/upload/videos/recording-blob-1724154182964.mp4', '/upload/videos/thumbnails/recording-blob-1724154182964.png', NULL, '1735035', '00:09', 0, 0, NULL, '2024-08-20 11:43:05', '2024-08-20 11:43:05', 1),
(239, 1, 'recording-blob-1724154692818.mp4', 'null', 'null', 'null', '/upload/videos/recording-blob-1724154692818.mp4', '/upload/videos/recording-blob-1724154692818.mp4', '/upload/videos/thumbnails/recording-blob-1724154692818.png', NULL, '833642', '00:05', 0, 0, NULL, '2024-08-20 11:51:37', '2024-08-20 11:51:37', 1),
(240, 27, 'recording-blob-1724219835651.mp4', 'null', 'null', 'null', '/upload/videos/recording-blob-1724219835651.mp4', '/upload/videos/recording-blob-1724219835651.mp4', '/upload/videos/thumbnails/recording-blob-1724219835651.png', NULL, '16289205', '01:45', 0, 0, NULL, '2024-08-21 05:57:25', '2024-08-21 05:57:25', 1),
(241, 75, 'recording-blob-1724236470634.mp4', 'giniling', 'null', 'null', '/upload/videos/recording-blob-1724236470634.mp4', '/upload/videos/recording-blob-1724236470634.mp4', '/upload/videos/thumbnails/recording-blob-1724236470634.png', NULL, '31130684', '01:04', 0, 0, NULL, '2024-08-21 10:34:48', '2024-08-21 10:34:48', 1),
(242, 21, 'recording-blob-1724302191601.mp4', 'null', 'null', 'null', '/upload/videos/recording-blob-1724302191601.mp4', '/upload/videos/recording-blob-1724302191601.mp4', '/upload/videos/thumbnails/recording-blob-1724302191601.png', NULL, '236919', '00:01', 0, 0, NULL, '2024-08-22 04:50:04', '2024-08-22 04:50:04', 1),
(243, 5, ' .mp4', 'null', 'null', 'null', '/upload/videos/recording-blob-1724310710211.mp4', '/upload/videos/recording-blob-1724310710211.mp4', '/upload/videos/thumbnails/recording-blob-1724310710211.png', NULL, '661807', '00:04', 0, 0, NULL, '2024-08-22 07:11:55', '2024-08-22 07:11:55', 1),
(244, 7, '1234.mp4', 'null', 'null', 'null', '/upload/videos/recording-blob-1724310914821.mp4', '/upload/videos/recording-blob-1724310914821.mp4', '/upload/videos/thumbnails/recording-blob-1724310914821.png', NULL, '1230279', '00:05', 0, 0, NULL, '2024-08-22 07:15:17', '2024-08-22 07:15:17', 1),
(248, 5, '1234.mp4', 'null', 'null', 'null', '/upload/videos/recording-blob-1724311502967.mp4', '/upload/videos/recording-blob-1724311502967.mp4', '/upload/videos/thumbnails/recording-blob-1724311502967.png', NULL, '5061495', '00:17', 0, 0, NULL, '2024-08-22 07:25:08', '2024-08-22 07:25:08', 1),
(249, 7, '1234.mp4', 'null', 'null', 'null', '/upload/videos/recording-blob-1724311479865.mp4', '/upload/videos/recording-blob-1724311479865.mp4', '/upload/videos/thumbnails/recording-blob-1724311479865.png', NULL, '2045148', '00:12', 0, 0, NULL, '2024-08-22 07:25:25', '2024-08-22 07:25:25', 1),
(250, 5, '1234.mp4', 'null', 'null', 'null', '/upload/videos/recording-blob-1724311554579.mp4', '/upload/videos/recording-blob-1724311554579.mp4', '/upload/videos/thumbnails/recording-blob-1724311554579.png', NULL, '2417088', '00:06', 0, 0, NULL, '2024-08-22 07:25:56', '2024-08-22 07:25:56', 1),
(253, 7, 'recording-blob-1724312286669.mp4', 'null', 'null', 'null', '/upload/videos/recording-blob-1724312286669.mp4', '/upload/videos/recording-blob-1724312286669.mp4', '/upload/videos/thumbnails/recording-blob-1724312286669.png', NULL, '1716491', '00:08', 0, 0, NULL, '2024-08-22 07:38:08', '2024-08-22 07:38:08', 1),
(254, 21, 'recording-blob-1724314007075.mp4', 'null', 'null', 'null', '/upload/videos/recording-blob-1724314007075.mp4', '/upload/videos/recording-blob-1724314007075.mp4', '/upload/videos/thumbnails/recording-blob-1724314007075.png', NULL, '728714', '00:04', 0, 0, NULL, '2024-08-22 08:06:53', '2024-08-22 08:06:53', 1),
(258, 16, 'recording-blob-1724322579017.mp4', 'null', 'null', 'null', '/upload/videos/recording-blob-1724322579017.mp4', '/upload/videos/recording-blob-1724322579017.mp4', '/upload/videos/thumbnails/recording-blob-1724322579017.png', NULL, '3029076', '00:24', 0, 0, NULL, '2024-08-22 10:29:48', '2024-08-22 10:29:48', 1),
(259, 75, 'recording-blob-1724323825458.mp4', 'puss nd boots', 'null', 'null', '/upload/videos/recording-blob-1724323825458.mp4', '/upload/videos/recording-blob-1724323825458.mp4', '/upload/videos/thumbnails/recording-blob-1724323825458.png', NULL, '30104059', '01:20', 0, 0, NULL, '2024-08-22 10:50:42', '2024-08-22 10:50:42', 1),
(260, 122, 'recording-blob-1724391409370.mp4', 'null', 'null', 'null', '/upload/videos/recording-blob-1724391409370.mp4', '/upload/videos/recording-blob-1724391409370.mp4', '/upload/videos/thumbnails/recording-blob-1724391409370.png', NULL, '11263627', '00:22', 0, 0, NULL, '2024-08-23 05:37:10', '2024-08-23 05:37:10', 1),
(261, 122, 'recording-blob-1724392068670.mp4', 'null', 'null', 'null', '/upload/videos/recording-blob-1724392068670.mp4', '/upload/videos/recording-blob-1724392068670.mp4', '/upload/videos/thumbnails/recording-blob-1724392068670.png', NULL, '51247438', '01:14', 0, 0, NULL, '2024-08-23 05:48:48', '2024-08-23 05:48:48', 1),
(262, 87, 'recording-blob-1724480538025.mp4', '2', 'null', 'null', '/upload/videos/recording-blob-1724480538025.mp4', '/upload/videos/recording-blob-1724480538025.mp4', '/upload/videos/thumbnails/recording-blob-1724480538025.png', NULL, '5611613', '00:19', 0, 0, NULL, '2024-08-24 06:22:27', '2024-08-24 06:22:27', 1),
(263, 129, 'recording-blob-1724651072704.mp4', 'null', 'null', 'null', '/upload/videos/recording-blob-1724651072704.mp4', '/upload/videos/recording-blob-1724651072704.mp4', '/upload/videos/thumbnails/recording-blob-1724651072704.png', NULL, '4441391', '00:18', 1, 0, NULL, '2024-08-26 05:44:39', '2024-08-26 05:44:39', 1),
(265, 129, 'recording-blob-1724652573673.mp4', 'null', 'null', 'null', '/upload/videos/recording-blob-1724652573673.mp4', '/upload/videos/output_1724652654736_recording-blob-1724652573673.mp4', '/upload/videos/thumbnails/recording-blob-1724652573673.png', NULL, '2965712', '00:10', 0, 0, '{\"blur_points\":[{\"data\":{\"val\":\"\",\"w\":296,\"h\":296,\"x\":492,\"y\":200,\"intensity\":9},\"points\":{\"start\":0,\"end\":4}}],\"text_points\":[{\"data\":{\"val\":\"Hindi Kahani is an enriching online platform dedicated to a wide array of Hindi stories, spanning various genres from heartwarming love tales to exciting fairy tales, motivational stories, and even spine-chilling haunted stories. Offering a treasure trove of stories like the tales from Alif Laila, fascinating Panchatantra stories, and engaging children’s stories, Hindi Kahani aims to touch the hearts of readers of all ages. Whether it’s the adventures in a mysterious jungle or the deep-seated morals found in folk tales, this collection ensures a blend of entertainment and valuable life lessons, making it a go-to destination for readers seeking both enjoyment and wisdom through the art of storytelling.Hindi Kahani is an enriching online platform dedicated to a wide array of Hindi stories, spanning various genres from heartwarming love tales to exciting fairy tales, motivational stories, and even spine-chilling haunted stories. Offering a treasure trove of stories like the tales from Alif Laila, fascinating Panchatantra stories, and engaging children’s stories, Hindi Kahani aims to touch the hearts of readers of all ages. Whether it’s the adventures in a mysterious jungle or the deep-seated morals found in folk tales, this collection ensures a blend of entertainment and valuable life lessons, making it a go-to destination for readers seeking both enjoyment and wisdom through the art of storytelling.\",\"w\":869,\"h\":562,\"x\":216,\"y\":77,\"fontSize\":14,\"fontColor\":\"#000000\",\"fontAlign\":\"start\",\"fontStyle\":false,\"fontWeight\":false},\"points\":{\"start\":0,\"end\":4}}],\"image_points\":[{\"data\":{\"val\":\"public%2Fupload%2Fvideos%2Fimages%2Fbg_files-IMG_4372-1724652653700.png\",\"w\":448,\"h\":222,\"x\":860,\"y\":415,\"opacity\":\"1\",\"shadow\":\"none\"},\"points\":{\"start\":0,\"end\":5}}],\"video_points\":[],\"crop_points\":[],\"bgMusic_points\":[],\"video_speed\":\"1.0\",\"video_dimension\":{\"width\":1366,\"height\":768},\"insert_points\":[],\"transcript\":false,\"remove_filler_words\":false,\"remove_silence\":false,\"video_effects\":\"zoom-lens\",\"waterMark\":[{\"image_videos\":\"public%2Fupload%2Fvideos%2Fimages%2Fbg_files-cartoon3-1724652654689.jfif\",\"text_videos\":{\"fontSize\":\"12\",\"fontColor\":\"#000000\",\"text\":\"\"},\"videos_transparency\":\"0.5\",\"position_videos\":{\"position\":\"LT\",\"x\":\"0\",\"y\":\"0\"},\"type\":\"custom\"}]}', '2024-08-26 06:09:36', '2024-08-26 06:09:36', 1),
(267, 7, 'recording-blob-1724654931466.mp4', 'null', 'null', 'null', '/upload/videos/recording-blob-1724654931466.mp4', '/upload/videos/output_1724654985163_recording-blob-1724654931466.mp4', '/upload/videos/thumbnails/recording-blob-1724654931466.png', NULL, '2755452', '00:15', 0, 0, '{\"blur_points\":[],\"text_points\":[{\"data\":{\"val\":\"Hasanthi\",\"w\":296,\"h\":145,\"x\":800,\"y\":213,\"fontSize\":33,\"fontColor\":\"#0072e6\",\"fontAlign\":\"start\",\"fontStyle\":false,\"fontWeight\":false},\"points\":{\"start\":0,\"end\":2}}],\"image_points\":[{\"data\":{\"val\":\"public%2Fupload%2Fvideos%2Fimages%2Fbg_files-UI%20(1)-1724654985043.png\",\"w\":448,\"h\":230,\"x\":151,\"y\":151,\"opacity\":\"1\",\"shadow\":\"none\"},\"points\":{\"start\":2,\"end\":4}}],\"video_points\":[],\"crop_points\":[],\"bgMusic_points\":[],\"video_speed\":\"1.0\",\"video_dimension\":{\"width\":1366,\"height\":768},\"insert_points\":[],\"transcript\":false,\"remove_filler_words\":false,\"remove_silence\":false,\"video_effects\":\"zoom-lens\",\"waterMark\":[]}', '2024-08-26 06:48:59', '2024-08-26 06:48:59', 1),
(268, 129, 'recording-blob-1724654996297.mp4', 'null', 'null', 'null', '/upload/videos/recording-blob-1724654996297.mp4', '/upload/videos/recording-blob-1724654996297.mp4', '/upload/videos/thumbnails/recording-blob-1724654996297.png', NULL, '2606617', '00:12', 0, 0, NULL, '2024-08-26 06:49:58', '2024-08-26 06:49:58', 1),
(270, 129, 'recording-blob-1724837711433.mp4', 'null', 'null', 'null', '/upload/videos/recording-blob-1724837711433.mp4', '/upload/videos/recording-blob-1724837711433.mp4', '/upload/videos/thumbnails/recording-blob-1724837711433.png', NULL, '2017768', '00:14', 0, 0, NULL, '2024-08-28 09:35:16', '2024-08-28 09:35:16', 1),
(271, 143, 'recording-blob-1724872477658.mp4', 'null', 'null', 'null', '/upload/videos/recording-blob-1724872477658.mp4', '/upload/videos/recording-blob-1724872477658.mp4', '/upload/videos/thumbnails/recording-blob-1724872477658.png', NULL, '14106688', '03:21', 0, 0, NULL, '2024-08-28 19:14:49', '2024-08-28 19:14:49', 1),
(272, 129, 'recording-blob-1724908870004.mp4', 'null', 'null', 'null', '/upload/videos/recording-blob-1724908870004.mp4', '/upload/videos/output_1724910433206_recording-blob-1724908870004.mp4', '/upload/videos/thumbnails/recording-blob-1724908870004.png', NULL, '1399974', '00:06', 0, 0, '{\"blur_points\":[{\"data\":{\"val\":\"\",\"w\":296,\"h\":296,\"x\":151,\"y\":151,\"intensity\":6},\"points\":{\"start\":0,\"end\":0}},{\"data\":{\"val\":\"\",\"w\":296,\"h\":296,\"x\":151,\"y\":151,\"intensity\":9},\"points\":{\"start\":0,\"end\":0}}],\"text_points\":[],\"image_points\":[],\"video_points\":[],\"crop_points\":[{\"start\":\"00:00:01\",\"end\":\"00:00:06\",\"interval\":6}],\"bgMusic_points\":[{\"data\":{\"val\":\"public%2Fupload%2Fvideos%2Faudios%2Fbg_files-1719554599531%20(1)-1724910432799.mp3\"},\"points\":{\"start\":0,\"end\":2}}],\"video_speed\":\"1.0\",\"video_dimension\":{\"width\":1366,\"height\":768},\"insert_points\":[],\"transcript\":false,\"remove_filler_words\":false,\"remove_silence\":false,\"video_effects\":\"zoom-lens\",\"waterMark\":[]}', '2024-08-29 05:21:18', '2024-08-29 05:21:18', 1),
(273, 7, 'recording-blob-1724910565015.mp4', 'null', 'null', 'null', '/upload/videos/recording-blob-1724910565015.mp4', '/upload/videos/output_1724910606661_recording-blob-1724910565015.mp4', '/upload/videos/thumbnails/recording-blob-1724910565015.png', NULL, '2321024', '00:13', 0, 0, '{\"blur_points\":[],\"text_points\":[],\"image_points\":[],\"video_points\":[],\"crop_points\":[],\"bgMusic_points\":[{\"data\":{\"val\":\"public%2Fupload%2Fvideos%2Fbg_files-voiceover-1724910606044.mp3\"},\"points\":{\"start\":0,\"end\":1}}],\"video_speed\":\"1.0\",\"video_dimension\":{\"width\":1366,\"height\":768},\"insert_points\":[],\"transcript\":false,\"remove_filler_words\":false,\"remove_silence\":false,\"video_effects\":\"zoom-lens\",\"waterMark\":[]}', '2024-08-29 05:49:27', '2024-08-29 05:49:27', 1),
(274, 129, 'recording-blob-1724911067780.mp4', 'null', 'null', 'null', '/upload/videos/recording-blob-1724911067780.mp4', '/upload/videos/output_1724912117475_recording-blob-1724911067780.mp4', '/upload/videos/thumbnails/recording-blob-1724911067780.png', NULL, '990581', '00:05', 0, 0, '{\"blur_points\":[],\"text_points\":[],\"image_points\":[],\"video_points\":[],\"crop_points\":[],\"bgMusic_points\":[],\"video_speed\":\"1.0\",\"video_dimension\":{\"width\":1366,\"height\":768},\"insert_points\":[{\"data\":{\"val\":\"public%2Fupload%2Fvideos%2Fimages%2Fbg_files-images%20(4)-1724912117433.jfif\"},\"points\":{\"start\":0,\"end\":1}}],\"transcript\":false,\"remove_filler_words\":false,\"remove_silence\":false,\"video_effects\":\"zoom-lens\",\"waterMark\":[]}', '2024-08-29 05:57:49', '2024-08-29 05:57:49', 1),
(275, 129, 'recording-blob-1724921137254.mp4', 'null', 'null', 'null', '/upload/videos/recording-blob-1724921137254.mp4', '/upload/videos/output_1724922481175_recording-blob-1724921137254.mp4', '/upload/videos/thumbnails/recording-blob-1724921137254.png', NULL, '1251908', '00:05', 0, 0, '{\"blur_points\":[],\"text_points\":[],\"image_points\":[],\"video_points\":[],\"crop_points\":[],\"bgMusic_points\":[],\"video_speed\":\"1.0\",\"video_dimension\":{\"width\":1366,\"height\":768},\"insert_points\":[{\"data\":{\"val\":\"public%2Fupload%2Fvideos%2Fimages%2Fbg_files-images%20(4)-1724922481126.jfif\"},\"points\":{\"type\":\"start\",\"length\":\"3\"}}],\"transcript\":false,\"remove_filler_words\":false,\"remove_silence\":false,\"video_effects\":\"zoom-lens\",\"waterMark\":[]}', '2024-08-29 08:45:40', '2024-08-29 08:45:40', 1),
(276, 129, 'recording-blob-1724922542546.mp4', 'null', 'null', 'null', '/upload/videos/recording-blob-1724922542546.mp4', '/upload/videos/output_1724923165582_recording-blob-1724922542546.mp4', '/upload/videos/thumbnails/recording-blob-1724922542546.png', NULL, '1473834', '00:06', 0, 0, '{\"blur_points\":[],\"text_points\":[],\"image_points\":[],\"video_points\":[],\"crop_points\":[],\"bgMusic_points\":[{\"data\":{\"val\":\"public%2Fupload%2Fvideos%2Fbg_files-voiceover-1724923164991.mp3\"},\"points\":{\"start\":0,\"end\":0}}],\"video_speed\":\"1.0\",\"video_dimension\":{\"width\":1366,\"height\":768},\"insert_points\":[],\"transcript\":false,\"remove_filler_words\":false,\"remove_silence\":false,\"video_effects\":\"zoom-lens\",\"waterMark\":[]}', '2024-08-29 09:09:04', '2024-08-29 09:09:04', 1),
(277, 129, 'recording-blob-1724924832887.mp4', 'null', 'null', 'null', '/upload/videos/recording-blob-1724924832887.mp4', '/upload/videos/output_1724925799044_recording-blob-1724924832887.mp4', '/upload/videos/thumbnails/recording-blob-1724924832887.png', NULL, '3848152', '00:17', 0, 0, '{\"blur_points\":[],\"text_points\":[],\"image_points\":[],\"video_points\":[],\"crop_points\":[],\"bgMusic_points\":[{\"data\":{\"val\":\"public%2Fupload%2Fvideos%2Faudios%2Fbg_files-1721281860912-1724925798705.mp3\"},\"points\":{\"start\":1,\"end\":7}}],\"video_speed\":\"1.0\",\"video_dimension\":{\"width\":1366,\"height\":768},\"insert_points\":[],\"transcript\":false,\"remove_filler_words\":false,\"remove_silence\":false,\"video_effects\":\"zoom-lens\",\"waterMark\":[{\"image_videos\":null,\"text_videos\":{\"fontSize\":\"12\",\"fontColor\":\"#000000\",\"text\":\"MOTU PATLU\"},\"videos_transparency\":\"0.5\",\"position_videos\":{\"position\":\"LT\",\"x\":\"0\",\"y\":\"0\"},\"type\":\"custom\"}]}', '2024-08-29 09:47:17', '2024-08-29 09:47:17', 1),
(278, 129, 'recording-blob-1724925887275.mp4', 'null', 'null', 'null', '/upload/videos/recording-blob-1724925887275.mp4', '/upload/videos/output_1724925947072_recording-blob-1724925887275.mp4', '/upload/videos/thumbnails/recording-blob-1724925887275.png', NULL, '2008502', '00:06', 0, 0, '{\"blur_points\":[],\"text_points\":[],\"image_points\":[],\"video_points\":[],\"crop_points\":[],\"bgMusic_points\":[],\"video_speed\":\"1.0\",\"video_dimension\":{\"width\":1366,\"height\":768},\"insert_points\":[{\"data\":{\"val\":\"public%2Fupload%2Fvideos%2Fimages%2Fbg_files-images%20(3)-1724925947021.jfif\"},\"points\":{\"start\":0,\"end\":0}}],\"transcript\":false,\"remove_filler_words\":false,\"remove_silence\":false,\"video_effects\":\"zoom-lens\",\"waterMark\":[]}', '2024-08-29 10:04:48', '2024-08-29 10:04:48', 1),
(279, 129, 'recording-blob-1724927311296.mp4', 'null', 'null', 'null', '/upload/videos/recording-blob-1724927311296.mp4', '/upload/videos/recording-blob-1724927311296.mp4', '/upload/videos/thumbnails/recording-blob-1724927311296.png', NULL, '6397938', '00:27', 0, 0, NULL, '2024-08-29 10:28:41', '2024-08-29 10:28:41', 1),
(280, 129, 'recording-blob-1724929186687.mp4', 'null', 'null', 'null', '/upload/videos/recording-blob-1724929186687.mp4', '/upload/videos/recording-blob-1724929186687.mp4', '/upload/videos/thumbnails/recording-blob-1724929186687.png', NULL, '8696590', '00:17', 0, 0, NULL, '2024-08-29 10:59:51', '2024-08-29 10:59:51', 1),
(281, 111, 'recording-blob-1724947786932.mp4', 'null', 'null', 'null', '/upload/videos/recording-blob-1724947786932.mp4', '/upload/videos/recording-blob-1724947786932.mp4', '/upload/videos/thumbnails/recording-blob-1724947786932.png', NULL, '2810102', '00:14', 0, 0, NULL, '2024-08-29 16:09:51', '2024-08-29 16:09:51', 1),
(282, 111, 'recording-blob-1724947965850.mp4', 'null', 'null', 'null', '/upload/videos/recording-blob-1724947965850.mp4', '/upload/videos/recording-blob-1724947965850.mp4', '/upload/videos/thumbnails/recording-blob-1724947965850.png', NULL, '3409295', '00:14', 0, 0, NULL, '2024-08-29 16:12:55', '2024-08-29 16:12:55', 1),
(283, 146, 'recording-blob-1724948359972.mp4', 'home', 'home', '69', '/upload/videos/recording-blob-1724948359972.mp4', '/upload/videos/output_1724948860517_recording-blob-1724948359972.mp4', '/upload/videos/thumbnails/recording-blob-1724948359972.png', NULL, '2541040', '00:12', 0, 0, '{\"blur_points\":[],\"text_points\":[],\"image_points\":[],\"video_points\":[],\"crop_points\":[],\"bgMusic_points\":[],\"video_speed\":\"1.0\",\"video_dimension\":{\"width\":1600,\"height\":900},\"insert_points\":[],\"transcript\":false,\"remove_filler_words\":false,\"remove_silence\":false,\"video_effects\":\"zoom-lens\",\"waterMark\":[]}', '2024-08-29 16:19:22', '2024-08-29 16:19:22', 1),
(284, 146, 'recording-blob-1724948998390.mp4', 'null', 'null', 'null', '/upload/videos/recording-blob-1724948998390.mp4', '/upload/videos/recording-blob-1724948998390.mp4', '/upload/videos/thumbnails/recording-blob-1724948998390.png', NULL, '2320782', '00:11', 0, 0, NULL, '2024-08-29 16:30:01', '2024-08-29 16:30:01', 1),
(285, 87, 'recording-blob-1724956834251.mp4', '3', 'null', 'null', '/upload/videos/recording-blob-1724956834251.mp4', '/upload/videos/recording-blob-1724956834251.mp4', '/upload/videos/thumbnails/recording-blob-1724956834251.png', NULL, '14052899', '00:57', 0, 0, NULL, '2024-08-29 18:40:47', '2024-08-29 18:40:47', 1),
(286, 87, 'recording-blob-1724957226591.mp4', 'null', 'null', 'null', '/upload/videos/recording-blob-1724957226591.mp4', '/upload/videos/recording-blob-1724957226591.mp4', '/upload/videos/thumbnails/recording-blob-1724957226591.png', NULL, '16312377', '00:57', 0, 0, NULL, '2024-08-29 18:47:11', '2024-08-29 18:47:11', 1),
(287, 150, 'recording-blob-1725095051554.mp4', 'null', 'null', 'null', '/upload/videos/recording-blob-1725095051554.mp4', '/upload/videos/recording-blob-1725095051554.mp4', '/upload/videos/thumbnails/recording-blob-1725095051554.png', NULL, '1485430', '00:47', 0, 0, NULL, '2024-08-31 09:04:37', '2024-08-31 09:04:37', 1),
(288, 129, 'recording-blob-1725251766518.mp4', 'null', 'null', 'null', '/upload/videos/recording-blob-1725251766518.mp4', '/upload/videos/recording-blob-1725251766518.mp4', '/upload/videos/thumbnails/recording-blob-1725251766518.png', NULL, '11259565', '00:31', 0, 0, NULL, '2024-09-02 04:36:15', '2024-09-02 04:36:15', 1),
(289, 129, 'recording-blob-1725251887481.mp4', 'null', 'null', 'null', '/upload/videos/recording-blob-1725251887481.mp4', '/upload/videos/recording-blob-1725251887481.mp4', '/upload/videos/thumbnails/recording-blob-1725251887481.png', NULL, '2185119', '00:09', 0, 0, NULL, '2024-09-02 04:38:09', '2024-09-02 04:38:09', 1),
(290, 129, 'recording-blob-1725251946765.mp4', 'null', 'null', 'null', '/upload/videos/recording-blob-1725251946765.mp4', '/upload/videos/recording-blob-1725251946765.mp4', '/upload/videos/thumbnails/recording-blob-1725251946765.png', NULL, '1450989', '00:05', 0, 0, NULL, '2024-09-02 04:39:13', '2024-09-02 04:39:13', 1),
(300, 55, 'recording-blob-1725950812037.mp4', '1st', '1st', '73', '/upload/videos/recording-blob-1725950812037.mp4', '/upload/videos/recording-blob-1725950812037.mp4', '/upload/videos/thumbnails/recording-blob-1725950812037.png', NULL, '3795661', '00:19', 0, 0, NULL, '2024-09-10 06:46:55', '2024-09-10 06:46:55', 1),
(301, 55, 'recording-blob-1725951170854.mp4', 'null', 'null', 'null', '/upload/videos/recording-blob-1725951170854.mp4', '/upload/videos/recording-blob-1725951170854.mp4', '/upload/videos/thumbnails/recording-blob-1725951170854.png', NULL, '2507941', '00:10', 0, 0, NULL, '2024-09-10 06:52:53', '2024-09-10 06:52:53', 1),
(302, 55, 'recording-blob-1725953773380.mp4', 'null', 'null', 'null', '/upload/videos/recording-blob-1725953773380.mp4', '/upload/videos/output_1725954005088_recording-blob-1725953773380.mp4', '/upload/videos/thumbnails/recording-blob-1725953773380.png', NULL, '3467215', '00:14', 0, 0, '{\"blur_points\":[{\"data\":{\"val\":\"\",\"w\":296,\"h\":296,\"x\":759,\"y\":0,\"intensity\":9},\"points\":{\"start\":0,\"end\":1}}],\"text_points\":[{\"data\":{\"val\":\"wehr wuefhef fikfjkfkwhf wfhjhfkehfihe fhehfjefkjwhifhw iefwjehfw\",\"w\":527,\"h\":237,\"x\":151,\"y\":151,\"fontSize\":26,\"fontColor\":\"#ff9900\",\"fontAlign\":\"start\",\"fontStyle\":false,\"fontWeight\":false},\"points\":{\"start\":0,\"end\":1}}],\"image_points\":[{\"data\":{\"val\":\"public%2Fupload%2Fvideos%2Fimages%2Fbg_files-images%20(3)-1725954004762.jfif\",\"w\":448,\"h\":248,\"x\":887,\"y\":309,\"opacity\":\"1\",\"shadow\":\"none\"},\"points\":{\"start\":0,\"end\":1}}],\"video_points\":[],\"crop_points\":[{\"start\":\"00:00:02\",\"end\":\"00:00:14\",\"interval\":13}],\"bgMusic_points\":[],\"video_speed\":\"1.0\",\"video_dimension\":{\"width\":1366,\"height\":768},\"insert_points\":[],\"transcript\":false,\"remove_filler_words\":false,\"remove_silence\":false,\"video_effects\":\"zoom-lens\",\"waterMark\":[{\"image_videos\":\"public%2Fupload%2Fvideos%2Fimages%2Fbg_files-kedarnath-1725954004762.jpg\",\"text_videos\":{\"fontSize\":\"12\",\"fontColor\":\"#000000\",\"text\":\"\"},\"videos_transparency\":\"0.5\",\"position_videos\":{\"position\":\"LT\",\"x\":\"0\",\"y\":\"0\"},\"type\":\"custom\"}]}', '2024-09-10 07:36:16', '2024-09-10 07:36:16', 1),
(303, 55, 'recording-blob-1725958984719.mp4', 'null', 'null', 'null', '/upload/videos/recording-blob-1725958984719.mp4', '/upload/videos/recording-blob-1725958984719.mp4', '/upload/videos/thumbnails/recording-blob-1725958984719.png', NULL, '3913044', '00:09', 0, 0, NULL, '2024-09-10 09:03:07', '2024-09-10 09:03:07', 1),
(304, 55, 'recording-blob-1725960371813.mp4', 'null', 'null', 'null', '/upload/videos/recording-blob-1725960371813.mp4', '/upload/videos/recording-blob-1725960371813.mp4', '/upload/videos/thumbnails/recording-blob-1725960371813.png', NULL, '1926995', '00:07', 0, 0, NULL, '2024-09-10 09:26:14', '2024-09-10 09:26:14', 1),
(305, 216, 'recording-53902-476396222_large-1726047751115.mp4', 'adf', 'asdf', '', '/upload/videos/recording-53902-476396222_large-1726047751115.mp4', '/upload/videos/recording-53902-476396222_large-1726047751115.mp4', '/upload/videos/thumbnails/recording-53902-476396222_large-1726047751115.png', NULL, '2985921', '00:05', 1, 0, NULL, '2024-09-11 09:42:39', '2024-09-11 09:42:39', 1),
(306, 217, 'recording-141512-777708212_small-1726049084008.mp4', 'test', 'test', '', '/upload/videos/recording-141512-777708212_small-1726049084008.mp4', '/upload/videos/recording-141512-777708212_small-1726049084008.mp4', '/upload/videos/thumbnails/recording-141512-777708212_small-1726049084008.png', NULL, '2561750', '00:12', 0, 0, NULL, '2024-09-11 10:04:45', '2024-09-11 10:04:45', 1),
(307, 217, 'recording-matt_devir--one_minute_drive-1726052006634.mp4', 'test', 'test', '', '/upload/videos/recording-matt_devir--one_minute_drive-1726052006634.mp4', '/upload/videos/recording-matt_devir--one_minute_drive-1726052006634.mp4', '/upload/videos/thumbnails/recording-matt_devir--one_minute_drive-1726052006634.png', NULL, '18398713', '00:58', 0, 0, NULL, '2024-09-11 10:53:35', '2024-09-11 10:53:35', 1),
(308, 28, 'recording-blob-1726053691282.mp4', 'null', 'null', 'null', '/upload/videos/recording-blob-1726053691282.mp4', '/upload/videos/recording-blob-1726053691282.mp4', '/upload/videos/thumbnails/recording-blob-1726053691282.png', NULL, '5040599', '00:30', 0, 0, NULL, '2024-09-11 11:21:34', '2024-09-11 11:21:34', 1),
(309, 222, 'recording-blob-1726055331300.mp4', 'null', 'null', 'null', '/upload/videos/recording-blob-1726055331300.mp4', '/upload/videos/recording-blob-1726055331300.mp4', '/upload/videos/thumbnails/recording-blob-1726055331300.png', NULL, '2807432', '00:09', 0, 0, NULL, '2024-09-11 11:48:55', '2024-09-11 11:48:55', 1),
(310, 7, 'recording-blob-1726057975805.mp4', 'null', 'null', 'null', '/upload/videos/recording-blob-1726057975805.mp4', '/upload/videos/recording-blob-1726057975805.mp4', '/upload/videos/thumbnails/recording-blob-1726057975805.png', NULL, '1306482', '00:06', 0, 0, NULL, '2024-09-11 12:33:01', '2024-09-11 12:33:01', 1),
(311, 21, 'recording-blob-1726060229675.mp4', 'null', 'null', 'null', '/upload/videos/recording-blob-1726060229675.mp4', '/upload/videos/recording-blob-1726060229675.mp4', '/upload/videos/thumbnails/recording-blob-1726060229675.png', NULL, '145007', '00:02', 0, 0, NULL, '2024-09-11 13:10:31', '2024-09-11 13:10:31', 1),
(312, 106, 'recording-Twelve Days of Christmas with Lyrics Christmas Carol & Song-1726081276563.mp4', 'Christmas song', '', '6', '/upload/videos/recording-Twelve Days of Christmas with Lyrics Christmas Carol & Song-1726081276563.mp4', '/upload/videos/recording-Twelve Days of Christmas with Lyrics Christmas Carol & Song-1726081276563.mp4', '/upload/videos/thumbnails/recording-Twelve Days of Christmas with Lyrics Christmas Carol & Song-1726081276563.png', NULL, '11618467', '04:26', 0, 0, NULL, '2024-09-11 19:01:19', '2024-09-11 19:01:19', 1),
(313, 55, 'recording-blob-1726122994092.mp4', 'null', 'null', 'null', '/upload/videos/recording-blob-1726122994092.mp4', '/upload/videos/recording-blob-1726122994092.mp4', '/upload/videos/thumbnails/recording-blob-1726122994092.png', NULL, '2162222', '00:09', 0, 0, NULL, '2024-09-12 06:36:37', '2024-09-12 06:36:37', 1),
(314, 55, 'recording-blob-1726126991626.mp4', 'null', 'null', 'null', '/upload/videos/recording-blob-1726126991626.mp4', '/upload/videos/output_1726127243588_recording-blob-1726126991626.mp4', '/upload/videos/thumbnails/recording-blob-1726126991626.png', NULL, '7813359', '00:19', 0, 0, '{\"blur_points\":[{\"data\":{\"val\":\"\",\"w\":168,\"h\":134,\"x\":287,\"y\":212,\"intensity\":27},\"points\":{\"start\":0,\"end\":3}}],\"text_points\":[{\"data\":{\"val\":\"jhghj hgu hbbgyug bhbhbb igg huhughgguyg yfff yuggjbjbbbbb\",\"w\":151,\"h\":151,\"x\":156,\"y\":150,\"fontSize\":9,\"fontColor\":\"#12dc00\",\"fontAlign\":\"center\",\"fontStyle\":false,\"fontWeight\":true},\"points\":{\"start\":0,\"end\":12}}],\"image_points\":[],\"video_points\":[],\"crop_points\":[],\"bgMusic_points\":[],\"video_speed\":\"1.0\",\"video_dimension\":{\"width\":1366,\"height\":768},\"insert_points\":[],\"transcript\":false,\"remove_filler_words\":false,\"remove_silence\":false,\"video_effects\":\"zoom-lens\",\"waterMark\":[]}', '2024-09-12 07:43:18', '2024-09-12 07:43:18', 1),
(316, 55, 'recording-blob-1726133379687.mp4', 'null', 'null', 'null', '/upload/videos/recording-blob-1726133379687.mp4', '/upload/videos/recording-blob-1726133379687.mp4', '/upload/videos/thumbnails/recording-blob-1726133379687.png', NULL, '3327842', '00:17', 0, 0, NULL, '2024-09-12 09:29:43', '2024-09-12 09:29:43', 1),
(317, 233, 'recording-Video-1726451455560.mp4', 'test', '', '', '/upload/videos/recording-Video-1726451455560.mp4', '/upload/videos/recording-Video-1726451455560.mp4', '/upload/videos/thumbnails/recording-Video-1726451455560.png', NULL, '689431', '00:13', 1, 0, NULL, '2024-09-16 01:50:56', '2024-09-16 01:50:56', 1),
(318, 75, 'recording-blob-1726663264275.mp4', '...', 'null', 'null', '/upload/videos/recording-blob-1726663264275.mp4', '/upload/videos/recording-blob-1726663264275.mp4', '/upload/videos/thumbnails/recording-blob-1726663264275.png', NULL, '47387336', '02:04', 0, 0, NULL, '2024-09-18 12:41:24', '2024-09-18 12:41:24', 1),
(319, 75, 'recording-blob-1726663621248.mp4', '......', 'null', 'null', '/upload/videos/recording-blob-1726663621248.mp4', '/upload/videos/recording-blob-1726663621248.mp4', '/upload/videos/thumbnails/recording-blob-1726663621248.png', NULL, '61692988', '02:43', 0, 0, NULL, '2024-09-18 12:47:25', '2024-09-18 12:47:25', 1),
(320, 75, 'recording-blob-1726667084372.mp4', '.....', 'null', 'null', '/upload/videos/recording-blob-1726667084372.mp4', '/upload/videos/recording-blob-1726667084372.mp4', '/upload/videos/thumbnails/recording-blob-1726667084372.png', NULL, '50701585', '01:39', 0, 0, NULL, '2024-09-18 13:44:58', '2024-09-18 13:44:58', 1),
(321, 240, 'recording-blob-1726723475049.mp4', 'Gitanjali Ludhiana Blog issue', 'null', 'null', '/upload/videos/recording-blob-1726723475049.mp4', '/upload/videos/recording-blob-1726723475049.mp4', '/upload/videos/thumbnails/recording-blob-1726723475049.png', NULL, '20109459', '01:02', 0, 0, NULL, '2024-09-19 05:24:50', '2024-09-19 05:24:50', 1);

-- --------------------------------------------------------

--
-- Table structure for table `watermark_settings`
--

CREATE TABLE IF NOT EXISTS `watermark_settings` (
  `id` int NOT NULL AUTO_INCREMENT,
  `user_id` int NOT NULL,
  `image_screenshot` varchar(255) DEFAULT NULL,
  `text_screenshot` varchar(255) DEFAULT NULL,
  `position_screenshot` varchar(255) DEFAULT NULL,
  `image_videos` varchar(255) DEFAULT NULL,
  `text_videos` varchar(255) DEFAULT NULL,
  `position_videos` varchar(255) DEFAULT NULL,
  `created_at` timestamp NOT NULL DEFAULT CURRENT_TIMESTAMP,
  `updated_at` timestamp NOT NULL DEFAULT CURRENT_TIMESTAMP,
  `screenshot_transparency` varchar(255) DEFAULT NULL,
  `videos_transparency` varchar(255) DEFAULT NULL,
  PRIMARY KEY (`id`)
) ENGINE=InnoDB AUTO_INCREMENT=13 DEFAULT CHARSET=utf8mb4 COLLATE=utf8mb4_0900_ai_ci;

--
-- Dumping data for table `watermark_settings`
--

INSERT INTO `watermark_settings` (`id`, `user_id`, `image_screenshot`, `text_screenshot`, `position_screenshot`, `image_videos`, `text_videos`, `position_videos`, `created_at`, `updated_at`, `screenshot_transparency`, `videos_transparency`) VALUES
(1, 1, '/upload/screenshots/waterMark/quix-reset-icon.png', '{\"fontSize\": \"36\",\"fontColor\":\"#000000\",\"text\":\"Capios\"}', '{\"position\":\"C\",\"x\":\"0\",\"y\":\"0\"}', '/upload/videos/waterMark/quix-ve-fast-backward-icon.png', '{\"fontSize\": \"36\",\"fontColor\":\"#000000\",\"text\":\"Capios Video\"}', '{\"position\":\"C\",\"x\":\"0\",\"y\":\"0\"}', '2024-07-12 13:51:32', '2024-07-12 13:51:32', '0.5', '0.5'),
(2, 3, '/upload/screenshots/waterMark/Play_Black (1).png', '{\"fontSize\": \"36\",\"fontColor\":\"#000000\",\"text\":\"\"}', '{\"position\":\"C\",\"x\":\"0\",\"y\":\"0\"}', '/upload/videos/waterMark/sg-popup-img.png', '{\"fontSize\": \"36\",\"fontColor\":\"#000000\",\"text\":\"\"}', '{\"position\":\"\",\"x\":\"0\",\"y\":\"0\"}', '2024-07-15 09:40:16', '2024-07-15 09:40:16', '0.5', '0.5'),
(3, 20, '/upload/screenshots/waterMark/free-photo-of-curved-mountain-road.jpeg', '{\"fontSize\": \"36\",\"fontColor\":\"#dd3131\",\"text\":\"asdf\"}', '{\"position\":\"LB\",\"x\":\"12\",\"y\":\"12\"}', '/upload/videos/waterMark/pexels-blaque-x-264516-863963.jpg', '{\"fontSize\": \"36\",\"fontColor\":\"#d06c6c\",\"text\":\"fasfd\"}', '{\"position\":\"\",\"x\":\"13\",\"y\":\"13\"}', '2024-08-01 08:05:02', '2024-08-01 08:05:02', '0.5', '0.5'),
(4, 23, '/upload/screenshots/waterMark/nature.png', '{\"fontSize\": \"36\",\"fontColor\":\"#000000\",\"text\":\"\"}', '{\"position\":\"\",\"x\":\"0\",\"y\":\"0\"}', '/upload/videos/waterMark/nature.png', '{\"fontSize\": \"36\",\"fontColor\":\"#000000\",\"text\":\"\"}', '{\"position\":\"\",\"x\":\"0\",\"y\":\"0\"}', '2024-08-02 03:47:01', '2024-08-02 03:47:01', '0.5', '0.5'),
(5, 28, '/upload/screenshots/waterMark/Cartoon2.jfif', '{\"fontSize\": \"36\",\"fontColor\":\"#000000\",\"text\":\"\"}', '{\"position\":\"C\",\"x\":\"0\",\"y\":\"0\"}', '/upload/videos/waterMark/Cartoon2.jfif', '{\"fontSize\": \"36\",\"fontColor\":\"#000000\",\"text\":\"\"}', '{\"position\":\"\",\"x\":\"0\",\"y\":\"0\"}', '2024-08-05 06:07:58', '2024-08-05 06:07:58', '0.8', '0.5'),
(6, 21, NULL, '{\"fontSize\": \"36\",\"fontColor\":\"#000000\",\"text\":\"\"}', '{\"position\":\"\",\"x\":\"0\",\"y\":\"0\"}', NULL, '{\"fontSize\": \"36\",\"fontColor\":\"#000000\",\"text\":\"\"}', '{\"position\":\"\",\"x\":\"0\",\"y\":\"0\"}', '2024-08-12 12:29:25', '2024-08-12 12:29:25', '0.5', '0.5'),
(7, 55, '/upload/screenshots/waterMark/cartoon4 (5)_43.jfif', '{\"fontSize\": \"36\",\"fontColor\":\"#000000\",\"text\":\"\"}', '{\"position\":\"\",\"x\":\"0\",\"y\":\"0\"}', NULL, '{\"fontSize\": \"36\",\"fontColor\":\"#000000\",\"text\":\"\"}', '{\"position\":\"\",\"x\":\"0\",\"y\":\"0\"}', '2024-08-14 05:26:46', '2024-08-14 05:26:46', '0.5', '0.5'),
(8, 111, '/upload/screenshots/waterMark/img1.jpeg', '{\"fontSize\": \"50\",\"fontColor\":\"#000000\",\"text\":\"\"}', '{\"position\":\"\",\"x\":\"0\",\"y\":\"0\"}', NULL, '{\"fontSize\": \"36\",\"fontColor\":\"#000000\",\"text\":\"\"}', '{\"position\":\"\",\"x\":\"0\",\"y\":\"0\"}', '2024-08-20 10:35:29', '2024-08-20 10:35:29', '0.8', '0.5'),
(9, 5, '/upload/screenshots/waterMark/_.png', '{\"fontSize\": \"50\",\"fontColor\":\"#f10909\",\"text\":\"Naveen Screenshot\"}', '{\"position\":\"RT\",\"x\":\"undefined\",\"y\":\"undefined\"}', NULL, '{\"fontSize\": \"36\",\"fontColor\":\"#000000\",\"text\":\"\"}', '{\"position\":\"\",\"x\":\"0\",\"y\":\"0\"}', '2024-08-23 05:49:09', '2024-08-23 05:49:09', '0.5', '0.5'),
(10, 7, '/upload/screenshots/waterMark/IMG_4290.jpg', '{\"fontSize\": \"36\",\"fontColor\":\"#b93c3c\",\"text\":\"Test\"}', '{\"position\":\"\",\"x\":\"0\",\"y\":\"0\"}', NULL, '{\"fontSize\": \"36\",\"fontColor\":\"#06cb7f\",\"text\":\"\"}', '{\"position\":\"\",\"x\":\"0\",\"y\":\"0\"}', '2024-08-23 05:56:08', '2024-08-23 05:56:08', '0.5', '0.5'),
(11, 131, '/upload/screenshots/waterMark/Applied in PMS.pdf', '{\"fontSize\": \"36\",\"fontColor\":\"#e50606\",\"text\":\"Naveen😀\"}', '{\"position\":\"C\",\"x\":\"0\",\"y\":\"0\"}', '/upload/videos/waterMark/Applied in PMS.pdf', '{\"fontSize\": \"36\",\"fontColor\":\"#f20707\",\"text\":\"Naveen😀\"}', '{\"position\":\"C\",\"x\":\"0\",\"y\":\"0\"}', '2024-08-26 06:32:09', '2024-08-26 06:32:09', '0.5', '0.5'),
(12, 192, NULL, '{\"fontSize\": \"36\",\"fontColor\":\"#000000\",\"text\":\"\"}', '{\"position\":\"\",\"x\":\"0\",\"y\":\"0\"}', NULL, '{\"fontSize\": \"36\",\"fontColor\":\"#000000\",\"text\":\"\"}', '{\"position\":\"\",\"x\":\"0\",\"y\":\"0\"}', '2024-09-09 12:08:00', '2024-09-09 12:08:00', '0.5', '0.5');
COMMIT;

